{"id":704850,"date":"2025-08-27T15:40:09","date_gmt":"2025-08-27T12:40:09","guid":{"rendered":"https:\/\/roveyayinevi.com.tr\/index.php\/urun\/ara-alem-1-tarlakozun-tuzagi\/"},"modified":"2026-04-16T02:13:52","modified_gmt":"2026-04-15T23:13:52","slug":"ara-alem-1-tarlakozun-tuzagi","status":"publish","type":"product","link":"https:\/\/roveyayinevi.com.tr\/index.php\/urun\/ara-alem-1-tarlakozun-tuzagi\/","title":{"rendered":"Ara Alem 1 \/ Tarlakoz&#8217;un Tuza\u011f\u0131"},"content":{"rendered":"<p>Ex\u2026 Yani \u00e7\u0131k\u0131\u015f, ama \u00f6lerek \u00e7\u0131k\u0131\u015f! \u0130\u015fte b\u00f6yle \u00e7\u0131kt\u0131m o diri hayattan. Yapmak istedi\u011fim o kadar \u015fey vard\u0131 ki\u2026 Gitmek istemiyordum, zaman\u0131m gelmemi\u015fti, \u00f6yle hissediyordum. \u0130\u015fte &#8216;bu\u00e7uk&#8217; b\u00f6yle d\u00fc\u015f\u00fcnd\u00fc\u011f\u00fcm an ba\u015flad\u0131. Ben art\u0131k yar\u0131 \u00f6l\u00fc, yar\u0131 diri gibiydim. <\/p>\n","protected":false},"excerpt":{"rendered":"<p>Ex\u2026 Yani \u00e7\u0131k\u0131\u015f, ama \u00f6lerek \u00e7\u0131k\u0131\u015f! \u0130\u015fte b\u00f6yle \u00e7\u0131kt\u0131m o diri hayattan. Yapmak istedi\u011fim o kadar \u015fey vard\u0131 ki\u2026 Gitmek istemiyordum, zaman\u0131m gelmemi\u015fti, \u00f6yle hissediyordum. \u0130\u015fte<span class=\"excerpt-hellip\"> [\u2026]<\/span><\/p>\n","protected":false},"featured_media":0,"template":"","meta":{"_monsterinsights_skip_tracking":false,"_monsterinsights_sitenote_active":false,"_monsterinsights_sitenote_note":"","_monsterinsights_sitenote_category":0},"product_brand":[],"product_cat":[12416,12291],"product_tag":[],"class_list":{"0":"post-704850","1":"product","2":"type-product","3":"status-publish","5":"product_cat-cizgi-roman","6":"product_cat-edebiyat","7":"pa_tur-kitap","8":"pa_yayinevi-tudem-yayinlari","9":"pa_yazar-miyase-sertbarut","11":"first","12":"instock","13":"sale","14":"shipping-taxable","15":"purchasable","16":"product-type-simple"},"_links":{"self":[{"href":"https:\/\/roveyayinevi.com.tr\/index.php\/wp-json\/wp\/v2\/product\/704850","targetHints":{"allow":["GET"]}}],"collection":[{"href":"https:\/\/roveyayinevi.com.tr\/index.php\/wp-json\/wp\/v2\/product"}],"about":[{"href":"https:\/\/roveyayinevi.com.tr\/index.php\/wp-json\/wp\/v2\/types\/product"}],"wp:attachment":[{"href":"https:\/\/roveyayinevi.com.tr\/index.php\/wp-json\/wp\/v2\/media?parent=704850"}],"wp:term":[{"taxonomy":"product_brand","embeddable":true,"href":"https:\/\/roveyayinevi.com.tr\/index.php\/wp-json\/wp\/v2\/product_brand?post=704850"},{"taxonomy":"product_cat","embeddable":true,"href":"https:\/\/roveyayinevi.com.tr\/index.php\/wp-json\/wp\/v2\/product_cat?post=704850"},{"taxonomy":"product_tag","embeddable":true,"href":"https:\/\/roveyayinevi.com.tr\/index.php\/wp-json\/wp\/v2\/product_tag?post=704850"}],"curies":[{"name":"wp","href":"https:\/\/api.w.org\/{rel}","templated":true}]}}