{"id":704838,"date":"2025-08-27T15:40:04","date_gmt":"2025-08-27T12:40:04","guid":{"rendered":"https:\/\/roveyayinevi.com.tr\/index.php\/urun\/flas-disk-operasyonu\/"},"modified":"2026-04-16T02:13:36","modified_gmt":"2026-04-15T23:13:36","slug":"flas-disk-operasyonu","status":"publish","type":"product","link":"https:\/\/roveyayinevi.com.tr\/index.php\/urun\/flas-disk-operasyonu\/","title":{"rendered":"Fla\u015f Disk Operasyonu"},"content":{"rendered":"<p>Can yaln\u0131z bir \u00e7ocukmu\u015f gibi g\u00f6r\u00fcnse de onun \u00e7ok \u00f6zel bir arkada\u015f\u0131 var. Oyunlar\u0131n eleba\u015f\u0131, kurnazl\u0131klar\u0131n ustas\u0131, e\u011flencenin di\u011fer ad\u0131: Zortan! <\/p>\n","protected":false},"excerpt":{"rendered":"<p>Can yaln\u0131z bir \u00e7ocukmu\u015f gibi g\u00f6r\u00fcnse de onun \u00e7ok \u00f6zel bir arkada\u015f\u0131 var. Oyunlar\u0131n eleba\u015f\u0131, kurnazl\u0131klar\u0131n ustas\u0131, e\u011flencenin di\u011fer ad\u0131: Zortan!<\/p>\n","protected":false},"featured_media":0,"template":"","meta":{"_monsterinsights_skip_tracking":false,"_monsterinsights_sitenote_active":false,"_monsterinsights_sitenote_note":"","_monsterinsights_sitenote_category":0},"product_brand":[],"product_cat":[12274,12284],"product_tag":[],"class_list":{"0":"post-704838","1":"product","2":"type-product","3":"status-publish","5":"product_cat-cocuk-ve-genclik-kitaplari","6":"product_cat-hikayeler","7":"pa_tur-kitap","8":"pa_yayinevi-tudem-yayinlari","9":"pa_yazar-yildiray-karakiya","11":"first","12":"instock","13":"sale","14":"shipping-taxable","15":"purchasable","16":"product-type-simple"},"_links":{"self":[{"href":"https:\/\/roveyayinevi.com.tr\/index.php\/wp-json\/wp\/v2\/product\/704838","targetHints":{"allow":["GET"]}}],"collection":[{"href":"https:\/\/roveyayinevi.com.tr\/index.php\/wp-json\/wp\/v2\/product"}],"about":[{"href":"https:\/\/roveyayinevi.com.tr\/index.php\/wp-json\/wp\/v2\/types\/product"}],"wp:attachment":[{"href":"https:\/\/roveyayinevi.com.tr\/index.php\/wp-json\/wp\/v2\/media?parent=704838"}],"wp:term":[{"taxonomy":"product_brand","embeddable":true,"href":"https:\/\/roveyayinevi.com.tr\/index.php\/wp-json\/wp\/v2\/product_brand?post=704838"},{"taxonomy":"product_cat","embeddable":true,"href":"https:\/\/roveyayinevi.com.tr\/index.php\/wp-json\/wp\/v2\/product_cat?post=704838"},{"taxonomy":"product_tag","embeddable":true,"href":"https:\/\/roveyayinevi.com.tr\/index.php\/wp-json\/wp\/v2\/product_tag?post=704838"}],"curies":[{"name":"wp","href":"https:\/\/api.w.org\/{rel}","templated":true}]}}