{"id":704834,"date":"2025-08-27T15:39:19","date_gmt":"2025-08-27T12:39:19","guid":{"rendered":"https:\/\/roveyayinevi.com.tr\/index.php\/urun\/4n1k\/"},"modified":"2026-04-16T02:13:36","modified_gmt":"2026-04-15T23:13:36","slug":"4n1k","status":"publish","type":"product","link":"https:\/\/roveyayinevi.com.tr\/index.php\/urun\/4n1k\/","title":{"rendered":"4N1K"},"content":{"rendered":"<p>Yaprak; k\u00fc\u00e7\u00fckken, markette annesinden s\u00fcrpriz yumurta istedi\u011fi i\u00e7in bulgur reyonuna s\u0131k\u0131\u015ft\u0131r\u0131l\u0131p \u00e7imdiklenenler, ilkokul \u00f6nl\u00fc\u011f\u00fcn\u00fcn alt\u0131na e\u015fofman giyip okula gidenler, ye\u015fil silgisini di\u015f izi yapanlar ve k\u0131rm\u0131z\u0131 kapakl\u0131 t\u00fcm dersler kitab\u0131n\u0131n saman sayfalar\u0131n\u0131 silerken y\u0131rtanlar kadar s\u0131radan bir k\u0131z \u00e7ocu\u011fuyken; birlikte b\u00fcy\u00fcd\u00fc\u011f\u00fc d\u00f6rt \u00e7\u0131lg\u0131n erkek arkada\u015f\u0131 y\u00fcz\u00fcnden akranlar\u0131ndan biraz farkl\u0131 bir k\u0131z haline gelmi\u015ftir. \ufffcTan\u0131t\u0131m Metni<\/p>\n","protected":false},"excerpt":{"rendered":"<p>Yaprak; k\u00fc\u00e7\u00fckken, markette annesinden s\u00fcrpriz yumurta istedi\u011fi i\u00e7in bulgur reyonuna s\u0131k\u0131\u015ft\u0131r\u0131l\u0131p \u00e7imdiklenenler, ilkokul \u00f6nl\u00fc\u011f\u00fcn\u00fcn alt\u0131na e\u015fofman giyip okula gidenler, ye\u015fil silgisini di\u015f izi yapanlar ve k\u0131rm\u0131z\u0131<span class=\"excerpt-hellip\"> [\u2026]<\/span><\/p>\n","protected":false},"featured_media":0,"template":"","meta":{"_monsterinsights_skip_tracking":false,"_monsterinsights_sitenote_active":false,"_monsterinsights_sitenote_note":"","_monsterinsights_sitenote_category":0},"product_brand":[],"product_cat":[12291,12711],"product_tag":[],"class_list":{"0":"post-704834","1":"product","2":"type-product","3":"status-publish","5":"product_cat-edebiyat","6":"product_cat-roman-oyku","7":"pa_cilt-ciltsiz","8":"pa_tur-kitap","9":"pa_yayinevi-epsilon-yayinlari","10":"pa_yazar-busra-yilmaz","12":"first","13":"instock","14":"sale","15":"shipping-taxable","16":"purchasable","17":"product-type-simple"},"_links":{"self":[{"href":"https:\/\/roveyayinevi.com.tr\/index.php\/wp-json\/wp\/v2\/product\/704834","targetHints":{"allow":["GET"]}}],"collection":[{"href":"https:\/\/roveyayinevi.com.tr\/index.php\/wp-json\/wp\/v2\/product"}],"about":[{"href":"https:\/\/roveyayinevi.com.tr\/index.php\/wp-json\/wp\/v2\/types\/product"}],"wp:attachment":[{"href":"https:\/\/roveyayinevi.com.tr\/index.php\/wp-json\/wp\/v2\/media?parent=704834"}],"wp:term":[{"taxonomy":"product_brand","embeddable":true,"href":"https:\/\/roveyayinevi.com.tr\/index.php\/wp-json\/wp\/v2\/product_brand?post=704834"},{"taxonomy":"product_cat","embeddable":true,"href":"https:\/\/roveyayinevi.com.tr\/index.php\/wp-json\/wp\/v2\/product_cat?post=704834"},{"taxonomy":"product_tag","embeddable":true,"href":"https:\/\/roveyayinevi.com.tr\/index.php\/wp-json\/wp\/v2\/product_tag?post=704834"}],"curies":[{"name":"wp","href":"https:\/\/api.w.org\/{rel}","templated":true}]}}