{"id":704795,"date":"2025-08-27T15:39:03","date_gmt":"2025-08-27T12:39:03","guid":{"rendered":"https:\/\/roveyayinevi.com.tr\/index.php\/urun\/tarih-savunusu-veya-tarihcilik-meslegi\/"},"modified":"2026-04-16T02:13:36","modified_gmt":"2026-04-15T23:13:36","slug":"tarih-savunusu-veya-tarihcilik-meslegi","status":"publish","type":"product","link":"https:\/\/roveyayinevi.com.tr\/index.php\/urun\/tarih-savunusu-veya-tarihcilik-meslegi\/","title":{"rendered":"Tarih Savunusu veya Tarih\u00e7ilik Mesle\u011fi"},"content":{"rendered":"<p>Marc Bloch&#8217;un \u00f6l\u00fcm\u00fcnden sonra ilk defa Lucien Febvre taraf\u0131ndan yay\u0131mlanan Tarih Savunusu veya Tarih\u00e7ilik Mesle\u011fi, tarih e\u011fitimi,   tarih\u00e7ilik mesle\u011fi   ya da sadece tarih merak\u0131n\u0131 gidermek a\u00e7\u0131s\u0131ndan okunmas\u0131 gereken bir ba\u015fyap\u0131t. Annales ekol\u00fcn\u00fcn kurucular\u0131ndan Marc Bloch&#8217;un   tarih\u00e7ilik  in mahiyetine dair kaleme ald\u0131\u011f\u0131 bu eser, tarihin   ne   oldu\u011fu \u00fczerine de 20. y\u00fczy\u0131lda yaz\u0131lm\u0131\u015f birka\u00e7 \u00f6nemli ba\u015fl\u0131ktan biri olma s\u0131fat\u0131n\u0131 hakk\u0131yla ta\u015f\u0131yor. El yazmas\u0131 n\u00fcshas\u0131ndan faydalan\u0131larak notlanan ve orijinaline sad\u0131k kal\u0131narak yay\u0131na haz\u0131rlanan bu kitap, Jacques Le Goff&#8217;un \u00f6ns\u00f6z\u00fcn\u00fcn rehberli\u011finde yolu tarihle kesi\u015fen herkes i\u00e7in e\u015fi bulunmaz bir kaynak olu\u015fturuyor. <\/p>\n","protected":false},"excerpt":{"rendered":"<p>Marc Bloch&#8217;un \u00f6l\u00fcm\u00fcnden sonra ilk defa Lucien Febvre taraf\u0131ndan yay\u0131mlanan Tarih Savunusu veya Tarih\u00e7ilik Mesle\u011fi, tarih e\u011fitimi, tarih\u00e7ilik mesle\u011fi ya da sadece tarih merak\u0131n\u0131 gidermek a\u00e7\u0131s\u0131ndan<span class=\"excerpt-hellip\"> [\u2026]<\/span><\/p>\n","protected":false},"featured_media":0,"template":"","meta":{"_monsterinsights_skip_tracking":false,"_monsterinsights_sitenote_active":false,"_monsterinsights_sitenote_note":"","_monsterinsights_sitenote_category":0},"product_brand":[],"product_cat":[13590,12337],"product_tag":[],"class_list":{"0":"post-704795","1":"product","2":"type-product","3":"status-publish","5":"product_cat-arastirma-inceleme-politika-siyaset","6":"product_cat-politika-siyaset","7":"pa_cilt-ciltsiz","8":"pa_tur-kitap","9":"pa_yayinevi-iletisim-yayinlari","10":"pa_yazar-marc-bloch","12":"first","13":"instock","14":"sale","15":"shipping-taxable","16":"purchasable","17":"product-type-simple"},"_links":{"self":[{"href":"https:\/\/roveyayinevi.com.tr\/index.php\/wp-json\/wp\/v2\/product\/704795","targetHints":{"allow":["GET"]}}],"collection":[{"href":"https:\/\/roveyayinevi.com.tr\/index.php\/wp-json\/wp\/v2\/product"}],"about":[{"href":"https:\/\/roveyayinevi.com.tr\/index.php\/wp-json\/wp\/v2\/types\/product"}],"wp:attachment":[{"href":"https:\/\/roveyayinevi.com.tr\/index.php\/wp-json\/wp\/v2\/media?parent=704795"}],"wp:term":[{"taxonomy":"product_brand","embeddable":true,"href":"https:\/\/roveyayinevi.com.tr\/index.php\/wp-json\/wp\/v2\/product_brand?post=704795"},{"taxonomy":"product_cat","embeddable":true,"href":"https:\/\/roveyayinevi.com.tr\/index.php\/wp-json\/wp\/v2\/product_cat?post=704795"},{"taxonomy":"product_tag","embeddable":true,"href":"https:\/\/roveyayinevi.com.tr\/index.php\/wp-json\/wp\/v2\/product_tag?post=704795"}],"curies":[{"name":"wp","href":"https:\/\/api.w.org\/{rel}","templated":true}]}}