{"id":704777,"date":"2025-08-27T15:38:56","date_gmt":"2025-08-27T12:38:56","guid":{"rendered":"https:\/\/roveyayinevi.com.tr\/index.php\/urun\/alopenin-odasi\/"},"modified":"2026-04-16T02:13:35","modified_gmt":"2026-04-15T23:13:35","slug":"alopenin-odasi","status":"publish","type":"product","link":"https:\/\/roveyayinevi.com.tr\/index.php\/urun\/alopenin-odasi\/","title":{"rendered":"Alope\u2019nin Odas\u0131"},"content":{"rendered":"<p>Alope&#8217;nin Odas\u0131, \u00e7ok zengin bir birikimin, dil zevkinin, zek\u00e2 ve duyarl\u0131k aras\u0131nda ustaca kurulmu\u015f bir dengenin \u00fcr\u00fcn\u00fc.Konur Ertop <\/p>\n","protected":false},"excerpt":{"rendered":"<p>Alope&#8217;nin Odas\u0131, \u00e7ok zengin bir birikimin, dil zevkinin, zek\u00e2 ve duyarl\u0131k aras\u0131nda ustaca kurulmu\u015f bir dengenin \u00fcr\u00fcn\u00fc.Konur Ertop<\/p>\n","protected":false},"featured_media":0,"template":"","meta":{"_monsterinsights_skip_tracking":false,"_monsterinsights_sitenote_active":false,"_monsterinsights_sitenote_note":"","_monsterinsights_sitenote_category":0},"product_brand":[],"product_cat":[12291,12292],"product_tag":[],"class_list":{"0":"post-704777","1":"product","2":"type-product","3":"status-publish","5":"product_cat-edebiyat","6":"product_cat-turk-edebiyati","7":"pa_tur-kitap","8":"pa_yayinevi-sel-yayincilik","9":"pa_yazar-mehmet-gureli","11":"first","12":"instock","13":"sale","14":"shipping-taxable","15":"purchasable","16":"product-type-simple"},"_links":{"self":[{"href":"https:\/\/roveyayinevi.com.tr\/index.php\/wp-json\/wp\/v2\/product\/704777","targetHints":{"allow":["GET"]}}],"collection":[{"href":"https:\/\/roveyayinevi.com.tr\/index.php\/wp-json\/wp\/v2\/product"}],"about":[{"href":"https:\/\/roveyayinevi.com.tr\/index.php\/wp-json\/wp\/v2\/types\/product"}],"wp:attachment":[{"href":"https:\/\/roveyayinevi.com.tr\/index.php\/wp-json\/wp\/v2\/media?parent=704777"}],"wp:term":[{"taxonomy":"product_brand","embeddable":true,"href":"https:\/\/roveyayinevi.com.tr\/index.php\/wp-json\/wp\/v2\/product_brand?post=704777"},{"taxonomy":"product_cat","embeddable":true,"href":"https:\/\/roveyayinevi.com.tr\/index.php\/wp-json\/wp\/v2\/product_cat?post=704777"},{"taxonomy":"product_tag","embeddable":true,"href":"https:\/\/roveyayinevi.com.tr\/index.php\/wp-json\/wp\/v2\/product_tag?post=704777"}],"curies":[{"name":"wp","href":"https:\/\/api.w.org\/{rel}","templated":true}]}}