{"id":704774,"date":"2025-08-27T15:38:55","date_gmt":"2025-08-27T12:38:55","guid":{"rendered":"https:\/\/roveyayinevi.com.tr\/index.php\/urun\/amok-kosucusu-2\/"},"modified":"2026-04-16T02:13:35","modified_gmt":"2026-04-15T23:13:35","slug":"amok-kosucusu-2","status":"publish","type":"product","link":"https:\/\/roveyayinevi.com.tr\/index.php\/urun\/amok-kosucusu-2\/","title":{"rendered":"Amok Ko\u015fucusu"},"content":{"rendered":"<p>\u0130ntihar, Stefan Zweig&#8217;\u0131n zihnini gen\u00e7lik y\u0131llar\u0131ndan beri me\u015fgul eden bir kavramd\u0131. Ya\u015faman\u0131n bir anlam\u0131 kalmad\u0131\u011f\u0131n\u0131 anlad\u0131\u011f\u0131 anda ya\u015fam\u0131na kendi eliyle son verebilece\u011fini daha \u00fcniversite y\u0131llar\u0131nda s\u00f6ylemi\u015fti. \u0130lk evlili\u011fi s\u0131ras\u0131nda kar\u0131s\u0131 Friederike&#8217;yi kendisiyle birlikte intihar etmesi i\u00e7in zorlayan, sonra bu d\u00fc\u015f\u00fcncesinden vazge\u00e7en Stefan Zweig, y\u0131llar sonra, \u0130kinci D\u00fcnya Sava\u015f\u0131 s\u0131ras\u0131nda, ikinci kar\u0131s\u0131yla birlikte ya\u015fam\u0131na son verdi. Yazar, \u00f6nceki intihar giri\u015fimlerinden vazge\u00e7mi\u015f olsa da korkular\u0131n\u0131, romanlar\u0131ndaki ve \u00f6yk\u00fclerindeki kahramanlara ya\u015fat\u0131yor. Amok Ko\u015fucusu&#8217;nda yer alan \u00f6yk\u00fclerin ortak izle\u011fi de intihar. Kendi ya\u015fam\u0131ndan ya ada tarihteki ger\u00e7ek ki\u015filerin ya\u015famlar\u0131ndan kesitler katarak yazd\u0131\u011f\u0131 bu \u00f6yk\u00fclerde Stefan Zweig&#8217;\u0131n duyarl\u0131 ki\u015fili\u011fini, ola\u011fan\u00fcst\u00fc g\u00f6zlem g\u00fcc\u00fcn\u00fc oldu\u011fu gibi sayfalara yans\u0131tt\u0131\u011f\u0131n\u0131 g\u00f6r\u00fcyoruz. Yazd\u0131\u011f\u0131 \u00f6yk\u00fclerin en ba\u015far\u0131l\u0131 \u00f6rneklerinin yer ald\u0131\u011f\u0131 bu kitapta, bir uzun \u00f6yk\u00fc olan Amok Ko\u015fucusu bir ba\u015f yap\u0131t. \u0130nsan\u0131 en g\u00fc\u00e7s\u00fcz, en savunmas\u0131z y\u00f6nleriyle ele al\u0131p, insan ruhunun en derin katmanlar\u0131na inmeyi bilen, b\u00fct\u00fcn bunlar\u0131 son derece canl\u0131, ayr\u0131nt\u0131l\u0131, \u00e7ok y\u00f6nl\u00fc bir anlat\u0131mla kaleme alabilen, okuru ger\u00e7ekten etkileyebilen bir yazar Stefan Zweig. Yazd\u0131klar\u0131n\u0131n \u00fczerinden bunca y\u0131l ge\u00e7mi\u015f olmas\u0131na kar\u015f\u0131n, \u00f6yk\u00fclerinin, romanlar\u0131n\u0131n bug\u00fcnk\u00fc ku\u015faklar taraf\u0131ndan da ayn\u0131 ilgiyle okunmas\u0131, onun kal\u0131c\u0131 bir yazar oldu\u011funun en b\u00fcy\u00fck kan\u0131t\u0131. Amok Ko\u015fucusu&#8217;nun bu yeni \u00e7evirisinde, daha \u00f6nceki bas\u0131mda yer almayan \u00f6yk\u00fcler de bulunuyor. \ufffc<\/p>\n","protected":false},"excerpt":{"rendered":"<p>\u0130ntihar, Stefan Zweig&#8217;\u0131n zihnini gen\u00e7lik y\u0131llar\u0131ndan beri me\u015fgul eden bir kavramd\u0131. Ya\u015faman\u0131n bir anlam\u0131 kalmad\u0131\u011f\u0131n\u0131 anlad\u0131\u011f\u0131 anda ya\u015fam\u0131na kendi eliyle son verebilece\u011fini daha \u00fcniversite y\u0131llar\u0131nda s\u00f6ylemi\u015fti.<span class=\"excerpt-hellip\"> [\u2026]<\/span><\/p>\n","protected":false},"featured_media":0,"template":"","meta":{"_monsterinsights_skip_tracking":false,"_monsterinsights_sitenote_active":false,"_monsterinsights_sitenote_note":"","_monsterinsights_sitenote_category":0},"product_brand":[],"product_cat":[12782,12291],"product_tag":[],"class_list":{"0":"post-704774","1":"product","2":"type-product","3":"status-publish","5":"product_cat-alman-edebiyati","6":"product_cat-edebiyat","7":"pa_cilt-ciltsiz","8":"pa_tur-kitap","9":"pa_yayinevi-can-yayinlari","10":"pa_yazar-stefan-zweig","12":"first","13":"instock","14":"sale","15":"shipping-taxable","16":"purchasable","17":"product-type-simple"},"_links":{"self":[{"href":"https:\/\/roveyayinevi.com.tr\/index.php\/wp-json\/wp\/v2\/product\/704774","targetHints":{"allow":["GET"]}}],"collection":[{"href":"https:\/\/roveyayinevi.com.tr\/index.php\/wp-json\/wp\/v2\/product"}],"about":[{"href":"https:\/\/roveyayinevi.com.tr\/index.php\/wp-json\/wp\/v2\/types\/product"}],"wp:attachment":[{"href":"https:\/\/roveyayinevi.com.tr\/index.php\/wp-json\/wp\/v2\/media?parent=704774"}],"wp:term":[{"taxonomy":"product_brand","embeddable":true,"href":"https:\/\/roveyayinevi.com.tr\/index.php\/wp-json\/wp\/v2\/product_brand?post=704774"},{"taxonomy":"product_cat","embeddable":true,"href":"https:\/\/roveyayinevi.com.tr\/index.php\/wp-json\/wp\/v2\/product_cat?post=704774"},{"taxonomy":"product_tag","embeddable":true,"href":"https:\/\/roveyayinevi.com.tr\/index.php\/wp-json\/wp\/v2\/product_tag?post=704774"}],"curies":[{"name":"wp","href":"https:\/\/api.w.org\/{rel}","templated":true}]}}