{"id":704772,"date":"2025-08-27T15:38:54","date_gmt":"2025-08-27T12:38:54","guid":{"rendered":"https:\/\/roveyayinevi.com.tr\/index.php\/urun\/selahaddin-sarkin-en-sevgili-sultani\/"},"modified":"2026-04-16T02:13:35","modified_gmt":"2026-04-15T23:13:35","slug":"selahaddin-sarkin-en-sevgili-sultani","status":"publish","type":"product","link":"https:\/\/roveyayinevi.com.tr\/index.php\/urun\/selahaddin-sarkin-en-sevgili-sultani\/","title":{"rendered":"Selahaddin : \u015eark&#8217;\u0131n En Sevgili Sultan\u0131"},"content":{"rendered":"<p>10. as\u0131rda g\u00f6rkemini kaybeden \u0130slam medeniyeti, Sel\u00e7uklu restorasyonu ile yeni bir d\u00f6neme kap\u0131 aralam\u0131\u015ft\u0131. 12. as\u0131r M\u00fcsl\u00fcmanlar\u0131n beklenmedik misafirleri Ha\u00e7l\u0131lar ile y\u00fczle\u015fme \u00e7a\u011f\u0131d\u0131r. Bu y\u00fczle\u015fmenin kahramanlar\u0131ndan biri de Selahaddin\u2019dir. <\/p>\n","protected":false},"excerpt":{"rendered":"<p>10. as\u0131rda g\u00f6rkemini kaybeden \u0130slam medeniyeti, Sel\u00e7uklu restorasyonu ile yeni bir d\u00f6neme kap\u0131 aralam\u0131\u015ft\u0131. 12. as\u0131r M\u00fcsl\u00fcmanlar\u0131n beklenmedik misafirleri Ha\u00e7l\u0131lar ile y\u00fczle\u015fme \u00e7a\u011f\u0131d\u0131r. Bu y\u00fczle\u015fmenin kahramanlar\u0131ndan<span class=\"excerpt-hellip\"> [\u2026]<\/span><\/p>\n","protected":false},"featured_media":0,"template":"","meta":{"_monsterinsights_skip_tracking":false,"_monsterinsights_sitenote_active":false,"_monsterinsights_sitenote_note":"","_monsterinsights_sitenote_category":0},"product_brand":[],"product_cat":[13517,12304],"product_tag":[],"class_list":{"0":"post-704772","1":"product","2":"type-product","3":"status-publish","5":"product_cat-osmanli-tarihi","6":"product_cat-tarih","7":"pa_tur-kitap","8":"pa_yayinevi-bilge-kultur-sanat","9":"pa_yazar-muammer-gul","11":"first","12":"instock","13":"sale","14":"shipping-taxable","15":"purchasable","16":"product-type-simple"},"_links":{"self":[{"href":"https:\/\/roveyayinevi.com.tr\/index.php\/wp-json\/wp\/v2\/product\/704772","targetHints":{"allow":["GET"]}}],"collection":[{"href":"https:\/\/roveyayinevi.com.tr\/index.php\/wp-json\/wp\/v2\/product"}],"about":[{"href":"https:\/\/roveyayinevi.com.tr\/index.php\/wp-json\/wp\/v2\/types\/product"}],"wp:attachment":[{"href":"https:\/\/roveyayinevi.com.tr\/index.php\/wp-json\/wp\/v2\/media?parent=704772"}],"wp:term":[{"taxonomy":"product_brand","embeddable":true,"href":"https:\/\/roveyayinevi.com.tr\/index.php\/wp-json\/wp\/v2\/product_brand?post=704772"},{"taxonomy":"product_cat","embeddable":true,"href":"https:\/\/roveyayinevi.com.tr\/index.php\/wp-json\/wp\/v2\/product_cat?post=704772"},{"taxonomy":"product_tag","embeddable":true,"href":"https:\/\/roveyayinevi.com.tr\/index.php\/wp-json\/wp\/v2\/product_tag?post=704772"}],"curies":[{"name":"wp","href":"https:\/\/api.w.org\/{rel}","templated":true}]}}