{"id":704763,"date":"2025-08-27T15:38:50","date_gmt":"2025-08-27T12:38:50","guid":{"rendered":"https:\/\/roveyayinevi.com.tr\/index.php\/urun\/kucuk-kara-balik-7\/"},"modified":"2026-04-16T02:13:35","modified_gmt":"2026-04-15T23:13:35","slug":"kucuk-kara-balik-7","status":"publish","type":"product","link":"https:\/\/roveyayinevi.com.tr\/index.php\/urun\/kucuk-kara-balik-7\/","title":{"rendered":"K\u00fc\u00e7\u00fck Kara Bal\u0131k"},"content":{"rendered":"<p>Bir varm\u0131\u015f bir yokmu\u015f, bir K\u00fc\u00e7\u00fck Kara Bal\u0131k varm\u0131\u015f; bu K\u00fc\u00e7\u00fck Kara Bal\u0131k annesiyle birlikte bir derede ya\u015farm\u0131\u015f. K\u00fc\u00e7\u00fck Kara Bal\u0131k\u2019\u0131n en sevdi\u011fi \u015fey, ay \u0131\u015f\u0131\u011f\u0131n\u0131n evlerinin \u00fcst\u00fcne vurmas\u0131ym\u0131\u015f. Her g\u00fcn, sabahtan ak\u015fama kadar, K\u00fc\u00e7\u00fck Kara Bal\u0131k, annesinin pe\u015fine tak\u0131l\u0131r, oraya buraya y\u00fczermi\u015f. \u201cAnneci\u011fim, burada daha fazla kalamam ben, gitmeliyim!\u201d demi\u015f bir g\u00fcn K\u00fc\u00e7\u00fck Kara Bal\u0131k. \u201cGitmek istedi\u011fine emin misin?\u201d diye sormu\u015f annesi. \u201cEvet,\u201d demi\u015f K\u00fc\u00e7\u00fck Kara Bal\u0131k. \u201cBu derenin ucunun nereye \u00e7\u0131kt\u0131\u011f\u0131n\u0131 gidip g\u00f6rmek istiyorum,\u201d demi\u015f. Ba\u015fka yerlerde neler olup bitti\u011fini ger\u00e7ekten bilmek istiyorum&#8230; B\u00f6yle ama\u00e7s\u0131zca y\u00fczmekten b\u0131kt\u0131m usand\u0131m.\u201d K\u00fc\u00e7\u00fck Kara Bal\u0131k, b\u00fct\u00fcn \u00e7ocuklar i\u00e7in unutulmaz bir \u00f6yk\u00fc, bir ba\u015fucu kitab\u0131. <\/p>\n","protected":false},"excerpt":{"rendered":"<p>Bir varm\u0131\u015f bir yokmu\u015f, bir K\u00fc\u00e7\u00fck Kara Bal\u0131k varm\u0131\u015f; bu K\u00fc\u00e7\u00fck Kara Bal\u0131k annesiyle birlikte bir derede ya\u015farm\u0131\u015f. K\u00fc\u00e7\u00fck Kara Bal\u0131k\u2019\u0131n en sevdi\u011fi \u015fey, ay \u0131\u015f\u0131\u011f\u0131n\u0131n<span class=\"excerpt-hellip\"> [\u2026]<\/span><\/p>\n","protected":false},"featured_media":0,"template":"","meta":{"_monsterinsights_skip_tracking":false,"_monsterinsights_sitenote_active":false,"_monsterinsights_sitenote_note":"","_monsterinsights_sitenote_category":0},"product_brand":[],"product_cat":[12275,12274],"product_tag":[],"class_list":{"0":"post-704763","1":"product","2":"type-product","3":"status-publish","5":"product_cat-6-12-yas-kitaplari","6":"product_cat-cocuk-ve-genclik-kitaplari","7":"pa_cilt-ciltsiz","8":"pa_tur-kitap","9":"pa_yayinevi-kirmizi-kedi-yayinevi","10":"pa_yazar-samed-behrengi","12":"first","13":"instock","14":"sale","15":"shipping-taxable","16":"purchasable","17":"product-type-simple"},"_links":{"self":[{"href":"https:\/\/roveyayinevi.com.tr\/index.php\/wp-json\/wp\/v2\/product\/704763","targetHints":{"allow":["GET"]}}],"collection":[{"href":"https:\/\/roveyayinevi.com.tr\/index.php\/wp-json\/wp\/v2\/product"}],"about":[{"href":"https:\/\/roveyayinevi.com.tr\/index.php\/wp-json\/wp\/v2\/types\/product"}],"wp:attachment":[{"href":"https:\/\/roveyayinevi.com.tr\/index.php\/wp-json\/wp\/v2\/media?parent=704763"}],"wp:term":[{"taxonomy":"product_brand","embeddable":true,"href":"https:\/\/roveyayinevi.com.tr\/index.php\/wp-json\/wp\/v2\/product_brand?post=704763"},{"taxonomy":"product_cat","embeddable":true,"href":"https:\/\/roveyayinevi.com.tr\/index.php\/wp-json\/wp\/v2\/product_cat?post=704763"},{"taxonomy":"product_tag","embeddable":true,"href":"https:\/\/roveyayinevi.com.tr\/index.php\/wp-json\/wp\/v2\/product_tag?post=704763"}],"curies":[{"name":"wp","href":"https:\/\/api.w.org\/{rel}","templated":true}]}}