{"id":704755,"date":"2025-08-27T15:38:47","date_gmt":"2025-08-27T12:38:47","guid":{"rendered":"https:\/\/roveyayinevi.com.tr\/index.php\/urun\/unutulan-beyin\/"},"modified":"2026-04-16T02:13:35","modified_gmt":"2026-04-15T23:13:35","slug":"unutulan-beyin","status":"publish","type":"product","link":"https:\/\/roveyayinevi.com.tr\/index.php\/urun\/unutulan-beyin\/","title":{"rendered":"Unutulan Beyin"},"content":{"rendered":"<p>Doktor Turan \u0130til, ilklere imza atan ve bir\u00e7ok ilac\u0131 ke\u015ffeden d\u00fcnyaca \u00fcnl\u00fc T\u00fcrk bilim insan\u0131d\u0131r. Bu kitapta beyin hakk\u0131nda hi\u00e7 bilmedi\u011finiz ve okuyunca \u015fa\u015f\u0131raca\u011f\u0131n\u0131z hayati bilgiler sizlerle payla\u015f\u0131l\u0131yor. En \u00f6nemli organ\u0131m\u0131z olan beynin gizemini ele alan bu kitaptan baz\u0131 konu ba\u015fl\u0131klar\u0131: <\/p>\n","protected":false},"excerpt":{"rendered":"<p>Doktor Turan \u0130til, ilklere imza atan ve bir\u00e7ok ilac\u0131 ke\u015ffeden d\u00fcnyaca \u00fcnl\u00fc T\u00fcrk bilim insan\u0131d\u0131r. Bu kitapta beyin hakk\u0131nda hi\u00e7 bilmedi\u011finiz ve okuyunca \u015fa\u015f\u0131raca\u011f\u0131n\u0131z hayati bilgiler<span class=\"excerpt-hellip\"> [\u2026]<\/span><\/p>\n","protected":false},"featured_media":0,"template":"","meta":{"_monsterinsights_skip_tracking":false,"_monsterinsights_sitenote_active":false,"_monsterinsights_sitenote_note":"","_monsterinsights_sitenote_category":0},"product_brand":[],"product_cat":[13005,13006],"product_tag":[],"class_list":{"0":"post-704755","1":"product","2":"type-product","3":"status-publish","5":"product_cat-bilim-muhendislik","6":"product_cat-populer-bilim","7":"pa_tur-kitap","8":"pa_yayinevi-kaynak-yayinlari","9":"pa_yazar-turan-itil","11":"first","12":"instock","13":"sale","14":"shipping-taxable","15":"purchasable","16":"product-type-simple"},"_links":{"self":[{"href":"https:\/\/roveyayinevi.com.tr\/index.php\/wp-json\/wp\/v2\/product\/704755","targetHints":{"allow":["GET"]}}],"collection":[{"href":"https:\/\/roveyayinevi.com.tr\/index.php\/wp-json\/wp\/v2\/product"}],"about":[{"href":"https:\/\/roveyayinevi.com.tr\/index.php\/wp-json\/wp\/v2\/types\/product"}],"wp:attachment":[{"href":"https:\/\/roveyayinevi.com.tr\/index.php\/wp-json\/wp\/v2\/media?parent=704755"}],"wp:term":[{"taxonomy":"product_brand","embeddable":true,"href":"https:\/\/roveyayinevi.com.tr\/index.php\/wp-json\/wp\/v2\/product_brand?post=704755"},{"taxonomy":"product_cat","embeddable":true,"href":"https:\/\/roveyayinevi.com.tr\/index.php\/wp-json\/wp\/v2\/product_cat?post=704755"},{"taxonomy":"product_tag","embeddable":true,"href":"https:\/\/roveyayinevi.com.tr\/index.php\/wp-json\/wp\/v2\/product_tag?post=704755"}],"curies":[{"name":"wp","href":"https:\/\/api.w.org\/{rel}","templated":true}]}}