{"id":704745,"date":"2025-08-27T15:38:43","date_gmt":"2025-08-27T12:38:43","guid":{"rendered":"https:\/\/roveyayinevi.com.tr\/index.php\/urun\/medeniyet-kultur-sanat-ucmakdere-yazilari-3\/"},"modified":"2026-04-16T02:13:34","modified_gmt":"2026-04-15T23:13:34","slug":"medeniyet-kultur-sanat-ucmakdere-yazilari-3","status":"publish","type":"product","link":"https:\/\/roveyayinevi.com.tr\/index.php\/urun\/medeniyet-kultur-sanat-ucmakdere-yazilari-3\/","title":{"rendered":"Medeniyet, K\u00fclt\u00fcr, Sanat: U\u00e7makdere Yaz\u0131lar\u0131 3"},"content":{"rendered":"<p>\u201cDo\u011faya, ba\u015fka canl\u0131lara duyarl\u0131, modernizmin h\u0131z\u0131ndan, t\u00fcketimin h\u0131rs\u0131ndan haz duymayan, hiyerar\u015fiyi reddeden, yeni bir k\u00fcresel k\u00fclt\u00fcr g\u00f6z\u00fcm\u00fcz\u00fcn \u00f6n\u00fcnde do\u011fmakta. Ard\u0131ndan t\u00fcr\u00fcm\u00fcz uygarl\u0131\u011f\u0131nda yeni bir d\u00f6neme girilecek. Teknolojideki h\u0131zl\u0131 d\u00f6n\u00fc\u015f\u00fcmler gibi, i\u00e7inde ya\u015fad\u0131\u011f\u0131m\u0131z tarih de eskisine g\u00f6re h\u0131zl\u0131 de\u011fi\u015fiyor. Yeter ki, d\u00fczenin kal\u0131c\u0131l\u0131\u011f\u0131na ko\u015fullanmam\u0131zdan silkinebilelim.\u201d Sadece ihtiyac\u0131m\u0131z\u0131 gidermekle yetindi\u011fimiz \u201cavc\u0131-toplay\u0131c\u0131\u201d g\u00fcnlerimizden, \u201ckullan-at\u201d toplumlar\u0131na geldik. Bilim ve teknikteki ilerleme s\u0131n\u0131r tan\u0131m\u0131yor. \u0130nsanl\u0131k s\u00fcrekli \u201cilerleme\u201d iddias\u0131nda. \u201cK\u00fclt\u00fcr\u201dler aras\u0131nda yarat\u0131lan hiyerar\u015fi pek dikkat \u00e7ekmiyor, zira egemen d\u00fczen \u201ck\u00fclt\u00fcr\u201d kavram\u0131n\u0131 da tekeline alm\u0131\u015f durumda. Estetik kayg\u0131dan yoksun, haz vermekten uzak, anla\u015f\u0131lmas\u0131 g\u00fc\u00e7 kavramlar\u0131n birlikteli\u011finden meydana gelen bir sanat anlay\u0131\u015f\u0131 kar\u015f\u0131s\u0131nda, anlamad\u0131\u011f\u0131 her \u015feye \u201cBu, sanat de\u011fildir\u201d pe\u015fin h\u00fckm\u00fcn\u00fc yap\u0131\u015ft\u0131ran bir ortam s\u00f6z konusu. G\u00fcn\u00fcm\u00fczde kravat takmay\u0131 bile uygarla\u015fmak sanan insanlar var\u2026 G\u00fcnd\u00fcz Vassaf, \u201cU\u00e7makdere Yaz\u0131lar\u0131\u201dn\u0131 bir araya getirdi\u011fi T\u00fcrkiye Sen Kimsin? ve Kimli\u011fimi Kaybettim, H\u00fck\u00fcms\u00fczd\u00fcr!\u2019den sonra Medeniyet, K\u00fclt\u00fcr ve Sanat\u2019ta da insanl\u0131\u011f\u0131n evrensel soru ve sorunlar\u0131ndan yola \u00e7\u0131karak yeni sorular soruyor, al\u0131\u015f\u0131lagelmi\u015f cevaplarla yetinmiyor. Medeniyet, k\u00fclt\u00fcr ve sanat kavramlar\u0131na de\u011fi\u015fik a\u00e7\u0131lardan yakla\u015farak farkl\u0131 bi\u00e7imde d\u00fc\u015f\u00fcnme ihtimallerinin kap\u0131lar\u0131n\u0131 a\u00e7an Vassaf, okurunu bir kez daha sorgulamadan, d\u00fc\u015f\u00fcnmeden inanmamaya \u00e7a\u011f\u0131r\u0131yor\u2026<\/p>\n","protected":false},"excerpt":{"rendered":"<p>\u201cDo\u011faya, ba\u015fka canl\u0131lara duyarl\u0131, modernizmin h\u0131z\u0131ndan, t\u00fcketimin h\u0131rs\u0131ndan haz duymayan, hiyerar\u015fiyi reddeden, yeni bir k\u00fcresel k\u00fclt\u00fcr g\u00f6z\u00fcm\u00fcz\u00fcn \u00f6n\u00fcnde do\u011fmakta. Ard\u0131ndan t\u00fcr\u00fcm\u00fcz uygarl\u0131\u011f\u0131nda yeni bir d\u00f6neme girilecek.<span class=\"excerpt-hellip\"> [\u2026]<\/span><\/p>\n","protected":false},"featured_media":0,"template":"","meta":{"_monsterinsights_skip_tracking":false,"_monsterinsights_sitenote_active":false,"_monsterinsights_sitenote_note":"","_monsterinsights_sitenote_category":0},"product_brand":[],"product_cat":[12777,12291],"product_tag":[],"class_list":{"0":"post-704745","1":"product","2":"type-product","3":"status-publish","5":"product_cat-deneme","6":"product_cat-edebiyat","7":"pa_cilt-ciltsiz","8":"pa_tur-kitap","9":"pa_yayinevi-iletisim-yayinlari","10":"pa_yazar-gunduz-vassaf","12":"first","13":"instock","14":"sale","15":"shipping-taxable","16":"purchasable","17":"product-type-simple"},"_links":{"self":[{"href":"https:\/\/roveyayinevi.com.tr\/index.php\/wp-json\/wp\/v2\/product\/704745","targetHints":{"allow":["GET"]}}],"collection":[{"href":"https:\/\/roveyayinevi.com.tr\/index.php\/wp-json\/wp\/v2\/product"}],"about":[{"href":"https:\/\/roveyayinevi.com.tr\/index.php\/wp-json\/wp\/v2\/types\/product"}],"wp:attachment":[{"href":"https:\/\/roveyayinevi.com.tr\/index.php\/wp-json\/wp\/v2\/media?parent=704745"}],"wp:term":[{"taxonomy":"product_brand","embeddable":true,"href":"https:\/\/roveyayinevi.com.tr\/index.php\/wp-json\/wp\/v2\/product_brand?post=704745"},{"taxonomy":"product_cat","embeddable":true,"href":"https:\/\/roveyayinevi.com.tr\/index.php\/wp-json\/wp\/v2\/product_cat?post=704745"},{"taxonomy":"product_tag","embeddable":true,"href":"https:\/\/roveyayinevi.com.tr\/index.php\/wp-json\/wp\/v2\/product_tag?post=704745"}],"curies":[{"name":"wp","href":"https:\/\/api.w.org\/{rel}","templated":true}]}}