{"id":704743,"date":"2025-08-27T15:38:42","date_gmt":"2025-08-27T12:38:42","guid":{"rendered":"https:\/\/roveyayinevi.com.tr\/index.php\/urun\/prof-dr-bekir-onura-armagan-cocuklar-gencler-ve-muze-egitimi\/"},"modified":"2026-04-16T02:13:34","modified_gmt":"2026-04-15T23:13:34","slug":"prof-dr-bekir-onura-armagan-cocuklar-gencler-ve-muze-egitimi","status":"publish","type":"product","link":"https:\/\/roveyayinevi.com.tr\/index.php\/urun\/prof-dr-bekir-onura-armagan-cocuklar-gencler-ve-muze-egitimi\/","title":{"rendered":"Prof.Dr.Bekir Onur&#8217;a Arma\u011fan \u00c7ocuklar, Gen\u00e7ler Ve M\u00fcze E\u011fitimi"},"content":{"rendered":"<p>Eser, pek \u00e7ok ki\u015finin, \u00f6\u011frencilerinin, hatta arkada\u015flar\u0131n\u0131n bile akademik yeti\u015fme ve k\u00fclt\u00fcrlenme s\u00fcrecine katk\u0131da bulunmu\u015f, birlikte \u00e7al\u0131\u015ft\u0131\u011f\u0131 ki\u015filer i\u00e7in okutan, d\u00fc\u015f\u00fcnd\u00fcren, yazd\u0131ran Prof. Dr. Bekir Onur\u2019a arma\u011fan olarak haz\u0131rland\u0131. Her b\u00f6l\u00fcm, farkl\u0131 i\u00e7erik ve \u00fcsluplarla kendisini tan\u0131mayanlara tan\u0131tmaya, tan\u0131yanlara ise an\u0131msatma d\u00fc\u015f\u00fcncesi ile d\u00fczenlendi. Geli\u015fim psikolojisi, \u00e7ocuk k\u00fclt\u00fcr\u00fc, \u00e7ocuklu\u011fun tarihi ve m\u00fcze e\u011fitimi konular\u0131nda \u00e7ok say\u0131da kitap, kitap b\u00f6l\u00fcm\u00fc, makale, de\u011ferlendirme, rapor ve pop\u00fcler bilim yaz\u0131s\u0131 bulunan Bekir Onur, T\u00fcrkiye&#8217;deki ilk Oyuncak M\u00fczesi&#8217;nin de kurucusudur. <\/p>\n","protected":false},"excerpt":{"rendered":"<p>Eser, pek \u00e7ok ki\u015finin, \u00f6\u011frencilerinin, hatta arkada\u015flar\u0131n\u0131n bile akademik yeti\u015fme ve k\u00fclt\u00fcrlenme s\u00fcrecine katk\u0131da bulunmu\u015f, birlikte \u00e7al\u0131\u015ft\u0131\u011f\u0131 ki\u015filer i\u00e7in okutan, d\u00fc\u015f\u00fcnd\u00fcren, yazd\u0131ran Prof. Dr. Bekir Onur\u2019a<span class=\"excerpt-hellip\"> [\u2026]<\/span><\/p>\n","protected":false},"featured_media":0,"template":"","meta":{"_monsterinsights_skip_tracking":false,"_monsterinsights_sitenote_active":false,"_monsterinsights_sitenote_note":"","_monsterinsights_sitenote_category":0},"product_brand":[],"product_cat":[12777,12291],"product_tag":[],"class_list":{"0":"post-704743","1":"product","2":"type-product","3":"status-publish","5":"product_cat-deneme","6":"product_cat-edebiyat","7":"pa_cilt-ciltsiz","8":"pa_tur-kitap","9":"pa_yayinevi-ani-yayincilik","10":"pa_yazar-figen-cok","12":"first","13":"instock","14":"sale","15":"shipping-taxable","16":"purchasable","17":"product-type-simple"},"_links":{"self":[{"href":"https:\/\/roveyayinevi.com.tr\/index.php\/wp-json\/wp\/v2\/product\/704743","targetHints":{"allow":["GET"]}}],"collection":[{"href":"https:\/\/roveyayinevi.com.tr\/index.php\/wp-json\/wp\/v2\/product"}],"about":[{"href":"https:\/\/roveyayinevi.com.tr\/index.php\/wp-json\/wp\/v2\/types\/product"}],"wp:attachment":[{"href":"https:\/\/roveyayinevi.com.tr\/index.php\/wp-json\/wp\/v2\/media?parent=704743"}],"wp:term":[{"taxonomy":"product_brand","embeddable":true,"href":"https:\/\/roveyayinevi.com.tr\/index.php\/wp-json\/wp\/v2\/product_brand?post=704743"},{"taxonomy":"product_cat","embeddable":true,"href":"https:\/\/roveyayinevi.com.tr\/index.php\/wp-json\/wp\/v2\/product_cat?post=704743"},{"taxonomy":"product_tag","embeddable":true,"href":"https:\/\/roveyayinevi.com.tr\/index.php\/wp-json\/wp\/v2\/product_tag?post=704743"}],"curies":[{"name":"wp","href":"https:\/\/api.w.org\/{rel}","templated":true}]}}