{"id":704735,"date":"2025-08-27T15:38:38","date_gmt":"2025-08-27T12:38:38","guid":{"rendered":"https:\/\/roveyayinevi.com.tr\/index.php\/urun\/bes-ahlak-yazisi\/"},"modified":"2026-04-16T02:13:34","modified_gmt":"2026-04-15T23:13:34","slug":"bes-ahlak-yazisi","status":"publish","type":"product","link":"https:\/\/roveyayinevi.com.tr\/index.php\/urun\/bes-ahlak-yazisi\/","title":{"rendered":"Be\u015f Ahlak Yaz\u0131s\u0131"},"content":{"rendered":"<p>Umberto Eco, bu kitapta, \u00e7a\u011f\u0131m\u0131z\u0131n temel sorunlar\u0131na ili\u015fkin ahlaksal bir hesapla\u015fmaya giri\u015fiyor. K\u00f6rfez Sava\u015f\u0131 g\u00fcnlerinde kaleme ald\u0131\u011f\u0131 \u201cSava\u015f\u0131 D\u00fc\u015f\u00fcnmek\u201dte, \u201csava\u015f\u201d kavram\u0131 kar\u015f\u0131s\u0131nda ayd\u0131nca bir duru\u015f sergiliyor. \u201cEbedi Fa\u015fizm\u201d, Eco\u2019nun fa\u015fizmin de\u011fi\u015fmez nitelikleri konusundaki d\u00fc\u015f\u00fcncelerini ortaya koyuyor. \u201cBas\u0131n Hakk\u0131nda\u201d, \u00e7a\u011fda\u015f medyan\u0131n etik sorunlar\u0131n\u0131 irdeliyor. \u201c\u00d6teki Sahneye Girdi\u011finde\u201d ba\u015fl\u0131kl\u0131 yaz\u0131, bir insan\u0131n herhangi bir dinsel inan\u00e7 sistemine ba\u011flanmaks\u0131z\u0131n nas\u0131l bir ahlak yaratabilece\u011fini ara\u015ft\u0131r\u0131rken, laik ahlak\u0131 temellendirmeye y\u00f6neliyor. Son yaz\u0131 \u201cG\u00f6\u00e7ler, Ho\u015fg\u00f6r\u00fc ve Ho\u015fg\u00f6r\u00fclemezlik\u201d ise, g\u00f6\u00e7 olgusunu, Do\u011fu ve Bat\u0131 toplumlar\u0131 aras\u0131ndaki ili\u015fkiler a\u00e7\u0131s\u0131ndan masaya yat\u0131r\u0131yor. Be\u015f Ahlak Yaz\u0131s\u0131, bizi de \u00e7ok yak\u0131ndan ilgilendiren sorunlarla d\u00fc\u015f\u00fcnsel bir hesapla\u015fma. <\/p>\n","protected":false},"excerpt":{"rendered":"<p>Umberto Eco, bu kitapta, \u00e7a\u011f\u0131m\u0131z\u0131n temel sorunlar\u0131na ili\u015fkin ahlaksal bir hesapla\u015fmaya giri\u015fiyor. K\u00f6rfez Sava\u015f\u0131 g\u00fcnlerinde kaleme ald\u0131\u011f\u0131 \u201cSava\u015f\u0131 D\u00fc\u015f\u00fcnmek\u201dte, \u201csava\u015f\u201d kavram\u0131 kar\u015f\u0131s\u0131nda ayd\u0131nca bir duru\u015f sergiliyor.<span class=\"excerpt-hellip\"> [\u2026]<\/span><\/p>\n","protected":false},"featured_media":0,"template":"","meta":{"_monsterinsights_skip_tracking":false,"_monsterinsights_sitenote_active":false,"_monsterinsights_sitenote_note":"","_monsterinsights_sitenote_category":0},"product_brand":[],"product_cat":[12777,12291],"product_tag":[],"class_list":{"0":"post-704735","1":"product","2":"type-product","3":"status-publish","5":"product_cat-deneme","6":"product_cat-edebiyat","7":"pa_cilt-ciltsiz","8":"pa_tur-kitap","9":"pa_yayinevi-can-yayinlari","10":"pa_yazar-umberto-eco","12":"first","13":"instock","14":"sale","15":"shipping-taxable","16":"purchasable","17":"product-type-simple"},"_links":{"self":[{"href":"https:\/\/roveyayinevi.com.tr\/index.php\/wp-json\/wp\/v2\/product\/704735","targetHints":{"allow":["GET"]}}],"collection":[{"href":"https:\/\/roveyayinevi.com.tr\/index.php\/wp-json\/wp\/v2\/product"}],"about":[{"href":"https:\/\/roveyayinevi.com.tr\/index.php\/wp-json\/wp\/v2\/types\/product"}],"wp:attachment":[{"href":"https:\/\/roveyayinevi.com.tr\/index.php\/wp-json\/wp\/v2\/media?parent=704735"}],"wp:term":[{"taxonomy":"product_brand","embeddable":true,"href":"https:\/\/roveyayinevi.com.tr\/index.php\/wp-json\/wp\/v2\/product_brand?post=704735"},{"taxonomy":"product_cat","embeddable":true,"href":"https:\/\/roveyayinevi.com.tr\/index.php\/wp-json\/wp\/v2\/product_cat?post=704735"},{"taxonomy":"product_tag","embeddable":true,"href":"https:\/\/roveyayinevi.com.tr\/index.php\/wp-json\/wp\/v2\/product_tag?post=704735"}],"curies":[{"name":"wp","href":"https:\/\/api.w.org\/{rel}","templated":true}]}}