{"id":704734,"date":"2025-08-27T15:38:38","date_gmt":"2025-08-27T12:38:38","guid":{"rendered":"https:\/\/roveyayinevi.com.tr\/index.php\/urun\/yarinin-tarihi\/"},"modified":"2026-04-16T02:13:34","modified_gmt":"2026-04-15T23:13:34","slug":"yarinin-tarihi","status":"publish","type":"product","link":"https:\/\/roveyayinevi.com.tr\/index.php\/urun\/yarinin-tarihi\/","title":{"rendered":"Yar\u0131n\u0131n Tarihi"},"content":{"rendered":"<p>Stefan Zweig, ya\u015fam\u0131 boyunca yap\u0131tlar\u0131yla hep insan\u0131 y\u00fccelten, bireyin kutsall\u0131\u011f\u0131n\u0131 ve dokunulmazl\u0131\u011f\u0131n\u0131 en b\u00fcy\u00fck de\u011fer sayan bir h\u00fcmanizmin \u00f6nc\u00fcl\u00fc\u011f\u00fcn\u00fc yapt\u0131. Onun h\u00fcmanizmi, s\u0131n\u0131rlar\u0131n, uluslar\u0131n, \u0131rklar\u0131n \u00fczerinde kal\u0131yordu. Yar\u0131n\u0131n Tarihive Rotterdaml\u0131 Erasmus&#8217;ta yer alan denemelerinde, Stefan Zweig, bu g\u00f6r\u00fc\u015f ve inan\u0131\u015flar\u0131n\u0131 payla\u015fan, ya\u015fad\u0131klar\u0131 d\u00f6neme damgas\u0131n\u0131 vurmu\u015f, insani ve toplumsal de\u011ferler a\u00e7\u0131s\u0131ndan yak\u0131n oldu\u011fu, \u00f6zde\u015fle\u015fti\u011fi ki\u015fileri irdelemektedir. \u00d6l\u00fcm\u00fcnden \u00f6nce kaleme ald\u0131\u011f\u0131 son denemesi `Montaigne&#8217; ve \u00fcn\u00fcn\u00fcn doru\u011fundayken yazd\u0131\u011f\u0131 deneme alan\u0131ndaki ba\u015fyap\u0131t\u0131 say\u0131lan, ba\u011fnazl\u0131\u011f\u0131n her t\u00fcrl\u00fcs\u00fcne kar\u015f\u0131 sava\u015f ilan\u0131 anlam\u0131n\u0131 ta\u015f\u0131yan `Rotterdaml\u0131 Erasmus&#8217;, bu kitapta yer alan son iki se\u00e7kidir. Stefan Zweig, Almanya&#8217;da Nazi egemenli\u011finin ba\u015flad\u0131\u011f\u0131, \u00f6zg\u00fcr d\u00fc\u015f\u00fcncenin, mant\u0131\u011f\u0131n sesinin kin ve ate\u015fle susturuldu\u011fu bir d\u00f6nemde zorbal\u0131\u011f\u0131n kar\u015f\u0131s\u0131na d\u00fc\u015f\u00fcnceyi, kitle \u00e7\u0131lg\u0131nl\u0131klar\u0131n\u0131n kar\u015f\u0131s\u0131na bireyin insan olarak kutsall\u0131\u011f\u0131n\u0131 \u00e7\u0131kar\u0131p savunmak istemi\u015ftir. \ufffcTan\u0131t\u0131m Metni<\/p>\n","protected":false},"excerpt":{"rendered":"<p>Stefan Zweig, ya\u015fam\u0131 boyunca yap\u0131tlar\u0131yla hep insan\u0131 y\u00fccelten, bireyin kutsall\u0131\u011f\u0131n\u0131 ve dokunulmazl\u0131\u011f\u0131n\u0131 en b\u00fcy\u00fck de\u011fer sayan bir h\u00fcmanizmin \u00f6nc\u00fcl\u00fc\u011f\u00fcn\u00fc yapt\u0131. Onun h\u00fcmanizmi, s\u0131n\u0131rlar\u0131n, uluslar\u0131n, \u0131rklar\u0131n \u00fczerinde<span class=\"excerpt-hellip\"> [\u2026]<\/span><\/p>\n","protected":false},"featured_media":0,"template":"","meta":{"_monsterinsights_skip_tracking":false,"_monsterinsights_sitenote_active":false,"_monsterinsights_sitenote_note":"","_monsterinsights_sitenote_category":0},"product_brand":[],"product_cat":[12777,12291],"product_tag":[],"class_list":{"0":"post-704734","1":"product","2":"type-product","3":"status-publish","5":"product_cat-deneme","6":"product_cat-edebiyat","7":"pa_cilt-ciltsiz","8":"pa_tur-kitap","9":"pa_yayinevi-can-yayinlari","10":"pa_yazar-stefan-zweig","12":"first","13":"instock","14":"sale","15":"shipping-taxable","16":"purchasable","17":"product-type-simple"},"_links":{"self":[{"href":"https:\/\/roveyayinevi.com.tr\/index.php\/wp-json\/wp\/v2\/product\/704734","targetHints":{"allow":["GET"]}}],"collection":[{"href":"https:\/\/roveyayinevi.com.tr\/index.php\/wp-json\/wp\/v2\/product"}],"about":[{"href":"https:\/\/roveyayinevi.com.tr\/index.php\/wp-json\/wp\/v2\/types\/product"}],"wp:attachment":[{"href":"https:\/\/roveyayinevi.com.tr\/index.php\/wp-json\/wp\/v2\/media?parent=704734"}],"wp:term":[{"taxonomy":"product_brand","embeddable":true,"href":"https:\/\/roveyayinevi.com.tr\/index.php\/wp-json\/wp\/v2\/product_brand?post=704734"},{"taxonomy":"product_cat","embeddable":true,"href":"https:\/\/roveyayinevi.com.tr\/index.php\/wp-json\/wp\/v2\/product_cat?post=704734"},{"taxonomy":"product_tag","embeddable":true,"href":"https:\/\/roveyayinevi.com.tr\/index.php\/wp-json\/wp\/v2\/product_tag?post=704734"}],"curies":[{"name":"wp","href":"https:\/\/api.w.org\/{rel}","templated":true}]}}