{"id":704706,"date":"2025-08-27T15:38:26","date_gmt":"2025-08-27T12:38:26","guid":{"rendered":"https:\/\/roveyayinevi.com.tr\/index.php\/urun\/haydi-boya\/"},"modified":"2026-04-16T02:13:33","modified_gmt":"2026-04-15T23:13:33","slug":"haydi-boya","status":"publish","type":"product","link":"https:\/\/roveyayinevi.com.tr\/index.php\/urun\/haydi-boya\/","title":{"rendered":"Haydi Boya"},"content":{"rendered":"<p>\u0130ster boya ve f\u0131r\u00e7ay\u0131 seven profosyonel bir sanat\u00e7\u0131, isterseniz de bir amat\u00f6r olun, bu kitab\u0131n s\u0131ra d\u0131\u015f\u0131 yakla\u015f\u0131mlar\u0131ndan etkileneceksiniz. Yazarlar, resim derslerini, yarat\u0131c\u0131 \u00f6zg\u00fcrl\u00fc\u011f\u00fcn de\u011ferlerini vurgulayarak kendinize olan g\u00fcveninizi art\u0131racak e\u011flenceli yollar olarak sunuyorlar. E\u011fitim ve beceri d\u00fczeyiniz ne olursa olsun bu kitapta bulunan her al\u0131\u015ft\u0131rmay\u0131 tamamlayabilece\u011finizi ke\u015ffedeceksiniz. <\/p>\n","protected":false},"excerpt":{"rendered":"<p>\u0130ster boya ve f\u0131r\u00e7ay\u0131 seven profosyonel bir sanat\u00e7\u0131, isterseniz de bir amat\u00f6r olun, bu kitab\u0131n s\u0131ra d\u0131\u015f\u0131 yakla\u015f\u0131mlar\u0131ndan etkileneceksiniz. Yazarlar, resim derslerini, yarat\u0131c\u0131 \u00f6zg\u00fcrl\u00fc\u011f\u00fcn de\u011ferlerini vurgulayarak<span class=\"excerpt-hellip\"> [\u2026]<\/span><\/p>\n","protected":false},"featured_media":0,"template":"","meta":{"_monsterinsights_skip_tracking":false,"_monsterinsights_sitenote_active":false,"_monsterinsights_sitenote_note":"","_monsterinsights_sitenote_category":0},"product_brand":[],"product_cat":[15733,12408],"product_tag":[],"class_list":{"0":"post-704706","1":"product","2":"type-product","3":"status-publish","5":"product_cat-resim","6":"product_cat-sanat","7":"pa_tur-kitap","8":"pa_yayinevi-beta-kitap","9":"pa_yazar-sam-piyasena","11":"first","12":"instock","13":"sale","14":"shipping-taxable","15":"purchasable","16":"product-type-simple"},"_links":{"self":[{"href":"https:\/\/roveyayinevi.com.tr\/index.php\/wp-json\/wp\/v2\/product\/704706","targetHints":{"allow":["GET"]}}],"collection":[{"href":"https:\/\/roveyayinevi.com.tr\/index.php\/wp-json\/wp\/v2\/product"}],"about":[{"href":"https:\/\/roveyayinevi.com.tr\/index.php\/wp-json\/wp\/v2\/types\/product"}],"wp:attachment":[{"href":"https:\/\/roveyayinevi.com.tr\/index.php\/wp-json\/wp\/v2\/media?parent=704706"}],"wp:term":[{"taxonomy":"product_brand","embeddable":true,"href":"https:\/\/roveyayinevi.com.tr\/index.php\/wp-json\/wp\/v2\/product_brand?post=704706"},{"taxonomy":"product_cat","embeddable":true,"href":"https:\/\/roveyayinevi.com.tr\/index.php\/wp-json\/wp\/v2\/product_cat?post=704706"},{"taxonomy":"product_tag","embeddable":true,"href":"https:\/\/roveyayinevi.com.tr\/index.php\/wp-json\/wp\/v2\/product_tag?post=704706"}],"curies":[{"name":"wp","href":"https:\/\/api.w.org\/{rel}","templated":true}]}}