{"id":704684,"date":"2025-08-27T15:38:18","date_gmt":"2025-08-27T12:38:18","guid":{"rendered":"https:\/\/roveyayinevi.com.tr\/index.php\/urun\/osmanlidan-cumhuriyete-turkiye-ekonomisi\/"},"modified":"2026-04-16T02:13:33","modified_gmt":"2026-04-15T23:13:33","slug":"osmanlidan-cumhuriyete-turkiye-ekonomisi","status":"publish","type":"product","link":"https:\/\/roveyayinevi.com.tr\/index.php\/urun\/osmanlidan-cumhuriyete-turkiye-ekonomisi\/","title":{"rendered":"Osmanl\u0131&#8217;dan Cumhuriyet&#8217;e T\u00fcrkiye Ekonomisi"},"content":{"rendered":"<p>Epey bir zamand\u0131r, kayda de\u011fer bir dikkatle iktisat bilgisinin do\u011fas\u0131n\u0131 ara\u015ft\u0131ran \u00d6zg\u00fcn Burak Kaymak\u00e7\u0131, ilk esasl\u0131 e\u015fik olan iktisat metodolojisinin s\u0131n\u0131rlar\u0131n\u0131 tayin ettikten sonra, ka\u00e7\u0131n\u0131lmaz bir hedef aray\u0131\u015f\u0131 i\u00e7inde y\u00fcz\u00fcn\u00fc tarihe \u00e7evirdi. \u0130lk e\u015fi\u011fi ba\u015far\u0131yla atlam\u0131\u015f ve verdi\u011fi eserle \u00e7al\u0131\u015fmas\u0131n\u0131 ta\u00e7land\u0131rm\u0131\u015f, ve bir mecelle h\u00fckm\u00fc olan \u201cUsul esastan mukaddemdir.\u201d ilkesini hakk\u0131yla yerine getirmi\u015fti. \u015eimdi de, bu \u00e7al\u0131\u015fmas\u0131yla Osmanl\u0131n\u0131n Klasik d\u00f6neminden Cumhuriyet\u2019in planl\u0131 d\u00f6nemine uzanan uzun soluklu zaman kesitini ele al\u0131yor. \u00d6. B. Kaymak\u00e7\u0131\u2019ya \u00e7al\u0131\u015fmalar\u0131 ve \u00fcretkenli\u011fi ile ileriye d\u00f6n\u00fck bir \u00f6rnek olarak akademisyen iktisat\u00e7\u0131lar\u0131n \u00fczerindeki \u00f6l\u00fc topra\u011f\u0131na birka\u00e7 k\u00fcrek darbesi sallad\u0131\u011f\u0131 i\u00e7in m\u00fcte\u015fekkiriz. <\/p>\n","protected":false},"excerpt":{"rendered":"<p>Epey bir zamand\u0131r, kayda de\u011fer bir dikkatle iktisat bilgisinin do\u011fas\u0131n\u0131 ara\u015ft\u0131ran \u00d6zg\u00fcn Burak Kaymak\u00e7\u0131, ilk esasl\u0131 e\u015fik olan iktisat metodolojisinin s\u0131n\u0131rlar\u0131n\u0131 tayin ettikten sonra, ka\u00e7\u0131n\u0131lmaz bir<span class=\"excerpt-hellip\"> [\u2026]<\/span><\/p>\n","protected":false},"featured_media":0,"template":"","meta":{"_monsterinsights_skip_tracking":false,"_monsterinsights_sitenote_active":false,"_monsterinsights_sitenote_note":"","_monsterinsights_sitenote_category":0},"product_brand":[],"product_cat":[12312,12304],"product_tag":[],"class_list":{"0":"post-704684","1":"product","2":"type-product","3":"status-publish","5":"product_cat-diger","6":"product_cat-tarih","7":"pa_tur-kitap","8":"pa_yayinevi-otuken-nesriyat","9":"pa_yazar-ozgun-burak-kaymakci","11":"first","12":"instock","13":"sale","14":"shipping-taxable","15":"purchasable","16":"product-type-simple"},"_links":{"self":[{"href":"https:\/\/roveyayinevi.com.tr\/index.php\/wp-json\/wp\/v2\/product\/704684","targetHints":{"allow":["GET"]}}],"collection":[{"href":"https:\/\/roveyayinevi.com.tr\/index.php\/wp-json\/wp\/v2\/product"}],"about":[{"href":"https:\/\/roveyayinevi.com.tr\/index.php\/wp-json\/wp\/v2\/types\/product"}],"wp:attachment":[{"href":"https:\/\/roveyayinevi.com.tr\/index.php\/wp-json\/wp\/v2\/media?parent=704684"}],"wp:term":[{"taxonomy":"product_brand","embeddable":true,"href":"https:\/\/roveyayinevi.com.tr\/index.php\/wp-json\/wp\/v2\/product_brand?post=704684"},{"taxonomy":"product_cat","embeddable":true,"href":"https:\/\/roveyayinevi.com.tr\/index.php\/wp-json\/wp\/v2\/product_cat?post=704684"},{"taxonomy":"product_tag","embeddable":true,"href":"https:\/\/roveyayinevi.com.tr\/index.php\/wp-json\/wp\/v2\/product_tag?post=704684"}],"curies":[{"name":"wp","href":"https:\/\/api.w.org\/{rel}","templated":true}]}}