{"id":704655,"date":"2025-08-27T15:38:08","date_gmt":"2025-08-27T12:38:08","guid":{"rendered":"https:\/\/roveyayinevi.com.tr\/index.php\/urun\/turkistandan-anadoluya-insan-ve-toplum-hayati\/"},"modified":"2026-04-16T02:13:32","modified_gmt":"2026-04-15T23:13:32","slug":"turkistandan-anadoluya-insan-ve-toplum-hayati","status":"publish","type":"product","link":"https:\/\/roveyayinevi.com.tr\/index.php\/urun\/turkistandan-anadoluya-insan-ve-toplum-hayati\/","title":{"rendered":"T\u00fcrkistan\u2019dan Anadolu\u2019ya \u0130nsan ve Toplum Hayat\u0131"},"content":{"rendered":"<p>Atalar\u0131m\u0131z T\u00fcrkistan bozk\u0131rlar\u0131ndan Anadolu\u2019ya y\u00fczy\u0131llar boyunca ak\u0131n ak\u0131n geldiler; yeni medeniyetler, yepyeni co\u011frafyalar ve \u00e7e\u015fit \u00e7e\u015fit kavimler, dinler ve dillerle kar\u015f\u0131la\u015ft\u0131lar; bunlarla zaman zaman \u00e7arp\u0131\u015f\u0131p zaman zaman da uzla\u015ft\u0131lar; birlikte ya\u015fayacaklar\u0131 ortamlar haz\u0131rlay\u0131p atarl\u0131n\u0131n t\u00f6relerine uygun devletler kurdular. Yeni co\u011frafyalarda eski ve k\u00f6kl\u00fc medeniyetler aras\u0131nda yeni medeniyetler olu\u015fturdular ve as\u0131rlara h\u00fckmeden eserler ortaya koydular&#8230; Ama her \u015feyden \u00f6nemlisi, insan\u0131m\u0131z\u0131n temel de\u011ferlerini Orta Asya\u2019dan Anadolu\u2019ya b\u00fct\u00fcn ruh incelikleriyle ta\u015f\u0131y\u0131p dokudurlar ve bug\u00fcnlere gelen k\u00fclt\u00fcr\u00fcm\u00fcz\u00fcn hassas motiflerini meydana getirdiler&#8230; Elinizdeki bu eser, Ka\u015fgarl\u0131 Mahmud\u2019dan, Hoca Ahmed Yesevi\u2019den Ynus Emre\u2019ye, Edib Ahmed Y\u00fckneki\u2019den Hacu Bekta\u015f Veli\u2019ye bu tesirlerin ana \u00e7izgilerini g\u00f6zler \u00f6n\u00fcne sermeye \u00e7al\u0131\u015fmaktad\u0131r&#8230; K\u0131sacas\u0131 kimli\u011fimizin dokusunu te\u015fkil eden lifleri ar\u0131yorsan\u0131z, bu kitaptan i\u015fe ba\u015flamal\u0131s\u0131n\u0131z&#8230; <\/p>\n","protected":false},"excerpt":{"rendered":"<p>Atalar\u0131m\u0131z T\u00fcrkistan bozk\u0131rlar\u0131ndan Anadolu\u2019ya y\u00fczy\u0131llar boyunca ak\u0131n ak\u0131n geldiler; yeni medeniyetler, yepyeni co\u011frafyalar ve \u00e7e\u015fit \u00e7e\u015fit kavimler, dinler ve dillerle kar\u015f\u0131la\u015ft\u0131lar; bunlarla zaman zaman \u00e7arp\u0131\u015f\u0131p zaman<span class=\"excerpt-hellip\"> [\u2026]<\/span><\/p>\n","protected":false},"featured_media":0,"template":"","meta":{"_monsterinsights_skip_tracking":false,"_monsterinsights_sitenote_active":false,"_monsterinsights_sitenote_note":"","_monsterinsights_sitenote_category":0},"product_brand":[],"product_cat":[13633,12324],"product_tag":[],"class_list":{"0":"post-704655","1":"product","2":"type-product","3":"status-publish","5":"product_cat-kultur-ve-bilim","6":"product_cat-sosyoloji","7":"pa_tur-kitap","8":"pa_yayinevi-otuken-nesriyat","9":"pa_yazar-mehmet-seker","11":"first","12":"instock","13":"sale","14":"shipping-taxable","15":"purchasable","16":"product-type-simple"},"_links":{"self":[{"href":"https:\/\/roveyayinevi.com.tr\/index.php\/wp-json\/wp\/v2\/product\/704655","targetHints":{"allow":["GET"]}}],"collection":[{"href":"https:\/\/roveyayinevi.com.tr\/index.php\/wp-json\/wp\/v2\/product"}],"about":[{"href":"https:\/\/roveyayinevi.com.tr\/index.php\/wp-json\/wp\/v2\/types\/product"}],"wp:attachment":[{"href":"https:\/\/roveyayinevi.com.tr\/index.php\/wp-json\/wp\/v2\/media?parent=704655"}],"wp:term":[{"taxonomy":"product_brand","embeddable":true,"href":"https:\/\/roveyayinevi.com.tr\/index.php\/wp-json\/wp\/v2\/product_brand?post=704655"},{"taxonomy":"product_cat","embeddable":true,"href":"https:\/\/roveyayinevi.com.tr\/index.php\/wp-json\/wp\/v2\/product_cat?post=704655"},{"taxonomy":"product_tag","embeddable":true,"href":"https:\/\/roveyayinevi.com.tr\/index.php\/wp-json\/wp\/v2\/product_tag?post=704655"}],"curies":[{"name":"wp","href":"https:\/\/api.w.org\/{rel}","templated":true}]}}