{"id":704642,"date":"2025-08-27T15:38:03","date_gmt":"2025-08-27T12:38:03","guid":{"rendered":"https:\/\/roveyayinevi.com.tr\/index.php\/urun\/harry-potter-ve-felsefe-tasi-1-resimli-ozel-baski-ciltli\/"},"modified":"2026-04-16T02:13:32","modified_gmt":"2026-04-15T23:13:32","slug":"harry-potter-ve-felsefe-tasi-1-resimli-ozel-baski-ciltli","status":"publish","type":"product","link":"https:\/\/roveyayinevi.com.tr\/index.php\/urun\/harry-potter-ve-felsefe-tasi-1-resimli-ozel-baski-ciltli\/","title":{"rendered":"Harry Potter ve Felsefe Ta\u015f\u0131 &#8211; 1 Resimli \u00d6zel Bask\u0131 (Ciltli)"},"content":{"rendered":"<p>\u201cJim Kay\u2019in resimleri beni derinden etkiledi. Harry Potter\u2019\u0131n d\u00fcnyas\u0131n\u0131 yorumlama tarz\u0131n\u0131 \u00e7ok be\u011fendim, yetene\u011fini payla\u015ft\u0131\u011f\u0131 i\u00e7in onur ve minnet duyuyorum.\u201d \ufffcTan\u0131t\u0131m Metni<\/p>\n","protected":false},"excerpt":{"rendered":"<p>\u201cJim Kay\u2019in resimleri beni derinden etkiledi. Harry Potter\u2019\u0131n d\u00fcnyas\u0131n\u0131 yorumlama tarz\u0131n\u0131 \u00e7ok be\u011fendim, yetene\u011fini payla\u015ft\u0131\u011f\u0131 i\u00e7in onur ve minnet duyuyorum.\u201d \ufffcTan\u0131t\u0131m Metni<\/p>\n","protected":false},"featured_media":0,"template":"","meta":{"_monsterinsights_skip_tracking":false,"_monsterinsights_sitenote_active":false,"_monsterinsights_sitenote_note":"","_monsterinsights_sitenote_category":0},"product_brand":[],"product_cat":[12291,14777],"product_tag":[],"class_list":{"0":"post-704642","1":"product","2":"type-product","3":"status-publish","5":"product_cat-edebiyat","6":"product_cat-fantastik","7":"pa_cilt-ciltli","8":"pa_tur-kitap","9":"pa_yayinevi-yapi-kredi-yayinlari-kultur","10":"pa_yazar-j-k-rowling","12":"first","13":"instock","14":"sale","15":"shipping-taxable","16":"purchasable","17":"product-type-simple"},"_links":{"self":[{"href":"https:\/\/roveyayinevi.com.tr\/index.php\/wp-json\/wp\/v2\/product\/704642","targetHints":{"allow":["GET"]}}],"collection":[{"href":"https:\/\/roveyayinevi.com.tr\/index.php\/wp-json\/wp\/v2\/product"}],"about":[{"href":"https:\/\/roveyayinevi.com.tr\/index.php\/wp-json\/wp\/v2\/types\/product"}],"wp:attachment":[{"href":"https:\/\/roveyayinevi.com.tr\/index.php\/wp-json\/wp\/v2\/media?parent=704642"}],"wp:term":[{"taxonomy":"product_brand","embeddable":true,"href":"https:\/\/roveyayinevi.com.tr\/index.php\/wp-json\/wp\/v2\/product_brand?post=704642"},{"taxonomy":"product_cat","embeddable":true,"href":"https:\/\/roveyayinevi.com.tr\/index.php\/wp-json\/wp\/v2\/product_cat?post=704642"},{"taxonomy":"product_tag","embeddable":true,"href":"https:\/\/roveyayinevi.com.tr\/index.php\/wp-json\/wp\/v2\/product_tag?post=704642"}],"curies":[{"name":"wp","href":"https:\/\/api.w.org\/{rel}","templated":true}]}}