{"id":704636,"date":"2025-08-27T15:37:12","date_gmt":"2025-08-27T12:37:12","guid":{"rendered":"https:\/\/roveyayinevi.com.tr\/index.php\/urun\/deniz-feneri-2\/"},"modified":"2026-04-16T02:13:32","modified_gmt":"2026-04-15T23:13:32","slug":"deniz-feneri-2","status":"publish","type":"product","link":"https:\/\/roveyayinevi.com.tr\/index.php\/urun\/deniz-feneri-2\/","title":{"rendered":"Deniz Feneri"},"content":{"rendered":"<p>\u0130ngiliz edebiyat\u0131n\u0131n ba\u015fyap\u0131tlar\u0131ndan biri olan Deniz Feneri, son derece basit olay \u00f6rg\u00fcs\u00fcn\u00fcn ard\u0131nda yarat\u0131c\u0131s\u0131n\u0131n \u00f6zya\u015fam\u0131n\u0131n ayr\u0131nt\u0131lar\u0131n\u0131, toplumsal meselelere ili\u015fkin sorgulamalar\u0131n\u0131, i\u00e7g\u00f6zlemlerini ve derin felsefi gizemleri bar\u0131nd\u0131r\u0131r.Deniz Feneri \u2019nin merkezinde 1. D\u00fcnya Sava\u015f\u0131\u2019n\u0131n \u00f6ncesinde ve sonras\u0131nda \u0130sko\u00e7ya\u2019n\u0131n Skye Adas\u0131\u2019ndaki evlerinde kalan Ramsay ailesi ve konuklar\u0131 vard\u0131r. \u00c7ocuklar oynarken, yeti\u015fkinler sohbet eder, d\u00fc\u015f\u00fcncelere dalar ve ke\u015fiflerde bulunur. Yap\u0131t\u0131n roman t\u00fcr\u00fcnde al\u0131\u015f\u0131k oldu\u011fumuz anlat\u0131 s\u00fcreklili\u011fini kesintiye u\u011fratan yap\u0131s\u0131 ve her bir anlat\u0131c\u0131n\u0131n kendi bilin\u00e7 ak\u0131\u015f\u0131n\u0131n perspektifiyle \u00e7\u00f6z\u00fclen olay \u00f6rg\u00fcs\u00fc, bir deniz fenerinin kendi ekseni etraf\u0131nda d\u00f6nen \u0131\u015f\u0131\u011f\u0131n\u0131 and\u0131r\u0131r.B\u00f6ylece Ramsay ailesinin s\u0131radan g\u00fcndelik ya\u015fam\u0131 zaman, \u00f6l\u00fcm, toplumsal cinsiyet ve ahlak \u00fczerine derin d\u00fc\u015f\u00fcncelere g\u00f6m\u00fcl\u00fcr. <\/p>\n","protected":false},"excerpt":{"rendered":"<p>\u0130ngiliz edebiyat\u0131n\u0131n ba\u015fyap\u0131tlar\u0131ndan biri olan Deniz Feneri, son derece basit olay \u00f6rg\u00fcs\u00fcn\u00fcn ard\u0131nda yarat\u0131c\u0131s\u0131n\u0131n \u00f6zya\u015fam\u0131n\u0131n ayr\u0131nt\u0131lar\u0131n\u0131, toplumsal meselelere ili\u015fkin sorgulamalar\u0131n\u0131, i\u00e7g\u00f6zlemlerini ve derin felsefi gizemleri bar\u0131nd\u0131r\u0131r.Deniz<span class=\"excerpt-hellip\"> [\u2026]<\/span><\/p>\n","protected":false},"featured_media":0,"template":"","meta":{"_monsterinsights_skip_tracking":false,"_monsterinsights_sitenote_active":false,"_monsterinsights_sitenote_note":"","_monsterinsights_sitenote_category":0},"product_brand":[],"product_cat":[12291,12866],"product_tag":[],"class_list":{"0":"post-704636","1":"product","2":"type-product","3":"status-publish","5":"product_cat-edebiyat","6":"product_cat-ingiliz-edebiyati","7":"pa_cilt-ciltsiz","8":"pa_tur-kitap","9":"pa_yayinevi-is-bankasi-kultur-yayinlari","10":"pa_yazar-virginia-woolf","12":"first","13":"instock","14":"sale","15":"shipping-taxable","16":"purchasable","17":"product-type-simple"},"_links":{"self":[{"href":"https:\/\/roveyayinevi.com.tr\/index.php\/wp-json\/wp\/v2\/product\/704636","targetHints":{"allow":["GET"]}}],"collection":[{"href":"https:\/\/roveyayinevi.com.tr\/index.php\/wp-json\/wp\/v2\/product"}],"about":[{"href":"https:\/\/roveyayinevi.com.tr\/index.php\/wp-json\/wp\/v2\/types\/product"}],"wp:attachment":[{"href":"https:\/\/roveyayinevi.com.tr\/index.php\/wp-json\/wp\/v2\/media?parent=704636"}],"wp:term":[{"taxonomy":"product_brand","embeddable":true,"href":"https:\/\/roveyayinevi.com.tr\/index.php\/wp-json\/wp\/v2\/product_brand?post=704636"},{"taxonomy":"product_cat","embeddable":true,"href":"https:\/\/roveyayinevi.com.tr\/index.php\/wp-json\/wp\/v2\/product_cat?post=704636"},{"taxonomy":"product_tag","embeddable":true,"href":"https:\/\/roveyayinevi.com.tr\/index.php\/wp-json\/wp\/v2\/product_tag?post=704636"}],"curies":[{"name":"wp","href":"https:\/\/api.w.org\/{rel}","templated":true}]}}