{"id":704628,"date":"2025-08-27T15:37:09","date_gmt":"2025-08-27T12:37:09","guid":{"rendered":"https:\/\/roveyayinevi.com.tr\/index.php\/urun\/ben-bir-garip-donguyum\/"},"modified":"2026-04-16T02:13:31","modified_gmt":"2026-04-15T23:13:31","slug":"ben-bir-garip-donguyum","status":"publish","type":"product","link":"https:\/\/roveyayinevi.com.tr\/index.php\/urun\/ben-bir-garip-donguyum\/","title":{"rendered":"Ben Bir Garip D\u00f6ng\u00fcy\u00fcm"},"content":{"rendered":"<p>Neden kendi bedenimdeyim de bir ba\u015fka bedende de\u011filim? Hofstadter\u2019a g\u00f6re, bu insanl\u0131\u011f\u0131n sormaktan ka\u00e7\u0131namad\u0131\u011f\u0131 en b\u00fcy\u00fcleyici sorulardan biri. Ben Bir Garip D\u00f6ng\u00fcy\u00fcm ortaya daha zorlu bir\u00e7ok soru at\u0131yor: D\u00fc\u015f\u00fcncelerimiz molek\u00fcllerden mi yap\u0131lm\u0131\u015ft\u0131r? Bir makinenin kafas\u0131 kar\u0131\u015fabilir mi? Bir makine kafas\u0131n\u0131n kar\u0131\u015ft\u0131\u011f\u0131n\u0131 bilebilir mi? Ve bunu bilebiliyorsa sizi de d\u00f6ng\u00fclerin i\u00e7ine hapsedebilir mi? Beyninizi zorlay\u0131c\u0131 sorulardan ho\u015flan\u0131yorsan\u0131z ve bunu yaparken derin baz\u0131 matematiksel fikirlerle u\u011fra\u015fmaya istekliyseniz, bu kitaptan ho\u015flanaca\u011f\u0131n\u0131z kesin.   \u201cHofstadter\u2019\u0131n \u00f6ncekiler kadar parlak ve k\u0131\u015fk\u0131rt\u0131c\u0131 nitelikteki yeni kitab\u0131, otobiyografik b\u00f6l\u00fcmleri de kapsayan renkli bir kar\u0131\u015f\u0131m sunuyor.\u201d  \u2013Martin Gardner   \u201cB\u00fcy\u00fcleyici . . . \u00f6zg\u00fcn ve d\u00fc\u015f\u00fcnd\u00fcr\u00fcc\u00fc.  Ben Bir Garip D\u00f6ng\u00fcy\u00fcm bir\u00e7ok a\u00e7\u0131dan haz veriyor.\u201d \u2013Wall Street Journal   \u201cBen Bir Garip D\u00f6ng\u00fcy\u00fcm biz kimiz sorusuna bir\u00e7ok a\u00e7\u0131dan derin ve benzersiz bir \u0131\u015f\u0131k tutuyor. Ayr\u0131ca \u00e7ok ho\u015flanaca\u011f\u0131n\u0131z kesin.\u201d   \u2013Physics Today   \u201cEn \u00e7ok satanlar listesine giren G\u00f6del, Escher, Bach\u2019\u0131n \u00fczerinden neredeyse otuz y\u0131l ge\u00e7tikten sonra bu sefer Hofstadter \u00e7ok y\u00f6nl\u00fc bilgeli\u011fiyle ola\u011fan\u00fcst\u00fc kendilik teorisine geri d\u00f6n\u00fcyor.\u201d \u2013New Scientist  <\/p>\n","protected":false},"excerpt":{"rendered":"<p>Neden kendi bedenimdeyim de bir ba\u015fka bedende de\u011filim? Hofstadter\u2019a g\u00f6re, bu insanl\u0131\u011f\u0131n sormaktan ka\u00e7\u0131namad\u0131\u011f\u0131 en b\u00fcy\u00fcleyici sorulardan biri. Ben Bir Garip D\u00f6ng\u00fcy\u00fcm ortaya daha zorlu bir\u00e7ok<span class=\"excerpt-hellip\"> [\u2026]<\/span><\/p>\n","protected":false},"featured_media":0,"template":"","meta":{"_monsterinsights_skip_tracking":false,"_monsterinsights_sitenote_active":false,"_monsterinsights_sitenote_note":"","_monsterinsights_sitenote_category":0},"product_brand":[],"product_cat":[13005,13006],"product_tag":[],"class_list":{"0":"post-704628","1":"product","2":"type-product","3":"status-publish","5":"product_cat-bilim-muhendislik","6":"product_cat-populer-bilim","7":"pa_tur-kitap","8":"pa_yayinevi-alfa-yayinlari","9":"pa_yazar-douglas-r-hofstadter","11":"first","12":"instock","13":"sale","14":"shipping-taxable","15":"purchasable","16":"product-type-simple"},"_links":{"self":[{"href":"https:\/\/roveyayinevi.com.tr\/index.php\/wp-json\/wp\/v2\/product\/704628","targetHints":{"allow":["GET"]}}],"collection":[{"href":"https:\/\/roveyayinevi.com.tr\/index.php\/wp-json\/wp\/v2\/product"}],"about":[{"href":"https:\/\/roveyayinevi.com.tr\/index.php\/wp-json\/wp\/v2\/types\/product"}],"wp:attachment":[{"href":"https:\/\/roveyayinevi.com.tr\/index.php\/wp-json\/wp\/v2\/media?parent=704628"}],"wp:term":[{"taxonomy":"product_brand","embeddable":true,"href":"https:\/\/roveyayinevi.com.tr\/index.php\/wp-json\/wp\/v2\/product_brand?post=704628"},{"taxonomy":"product_cat","embeddable":true,"href":"https:\/\/roveyayinevi.com.tr\/index.php\/wp-json\/wp\/v2\/product_cat?post=704628"},{"taxonomy":"product_tag","embeddable":true,"href":"https:\/\/roveyayinevi.com.tr\/index.php\/wp-json\/wp\/v2\/product_tag?post=704628"}],"curies":[{"name":"wp","href":"https:\/\/api.w.org\/{rel}","templated":true}]}}