{"id":704617,"date":"2025-08-27T15:37:05","date_gmt":"2025-08-27T12:37:05","guid":{"rendered":"https:\/\/roveyayinevi.com.tr\/index.php\/urun\/cocuk-sevgisi\/"},"modified":"2026-04-16T02:13:31","modified_gmt":"2026-04-15T23:13:31","slug":"cocuk-sevgisi","status":"publish","type":"product","link":"https:\/\/roveyayinevi.com.tr\/index.php\/urun\/cocuk-sevgisi\/","title":{"rendered":"\u00c7ocuk Sevgisi"},"content":{"rendered":"<p>Bug\u00fcn\u00fcn d\u00fcnyas\u0131nda \u00e7ocuk yeti\u015ftirmek kolay de\u011fildir. Anne ve babalar i\u015f ve di\u011fer sorumluluklar\u0131n \u00f6yle bir bask\u0131s\u0131 alt\u0131ndad\u0131r ki su\u00e7luluk duygusundan bunal\u0131r ve bunu telafi etmek i\u00e7in, \u00e7ocuklar\u0131na duyduklar\u0131 derin ve sonsuz sevgiyi g\u00f6sterme \u00e7abas\u0131nda a\u015f\u0131r\u0131ya ka\u00e7arlar. Sonu\u00e7 olarak, \u00e7ocuklar\u0131 hep daha fazlas\u0131n\u0131 ister ve daha az sayg\u0131 duyar. Bu durum size bir \u015feyler \u00e7a\u011fr\u0131\u015ft\u0131r\u0131yor mu? Jane Nelsen ve Cheryl Erwin, \u00e7ocu\u011funuzla ili\u015fkinizi, su\u00e7luluk ve y\u00f6nlendirme yerine d\u00fcr\u00fcstl\u00fck ve i\u015fbirli\u011fiyle de\u011fi\u015ftirme yollar\u0131n\u0131 g\u00f6steriyor. \u0130lk bak\u0131\u015fta bunu yapmak g\u00fc\u00e7 g\u00f6r\u00fcnebilir ama nas\u0131l yap\u0131laca\u011f\u0131n\u0131 bilince hi\u00e7 de \u00f6yle de\u011fildir. <\/p>\n","protected":false},"excerpt":{"rendered":"<p>Bug\u00fcn\u00fcn d\u00fcnyas\u0131nda \u00e7ocuk yeti\u015ftirmek kolay de\u011fildir. Anne ve babalar i\u015f ve di\u011fer sorumluluklar\u0131n \u00f6yle bir bask\u0131s\u0131 alt\u0131ndad\u0131r ki su\u00e7luluk duygusundan bunal\u0131r ve bunu telafi etmek i\u00e7in,<span class=\"excerpt-hellip\"> [\u2026]<\/span><\/p>\n","protected":false},"featured_media":0,"template":"","meta":{"_monsterinsights_skip_tracking":false,"_monsterinsights_sitenote_active":false,"_monsterinsights_sitenote_note":"","_monsterinsights_sitenote_category":0},"product_brand":[],"product_cat":[26509,13365],"product_tag":[],"class_list":{"0":"post-704617","1":"product","2":"type-product","3":"status-publish","5":"product_cat-cocuk-gelisimi","6":"product_cat-saglik","7":"pa_tur-kitap","8":"pa_yayinevi-arkadas-yayinlari","9":"pa_yazar-cheryl-erwin","11":"first","12":"instock","13":"sale","14":"shipping-taxable","15":"purchasable","16":"product-type-simple"},"_links":{"self":[{"href":"https:\/\/roveyayinevi.com.tr\/index.php\/wp-json\/wp\/v2\/product\/704617","targetHints":{"allow":["GET"]}}],"collection":[{"href":"https:\/\/roveyayinevi.com.tr\/index.php\/wp-json\/wp\/v2\/product"}],"about":[{"href":"https:\/\/roveyayinevi.com.tr\/index.php\/wp-json\/wp\/v2\/types\/product"}],"wp:attachment":[{"href":"https:\/\/roveyayinevi.com.tr\/index.php\/wp-json\/wp\/v2\/media?parent=704617"}],"wp:term":[{"taxonomy":"product_brand","embeddable":true,"href":"https:\/\/roveyayinevi.com.tr\/index.php\/wp-json\/wp\/v2\/product_brand?post=704617"},{"taxonomy":"product_cat","embeddable":true,"href":"https:\/\/roveyayinevi.com.tr\/index.php\/wp-json\/wp\/v2\/product_cat?post=704617"},{"taxonomy":"product_tag","embeddable":true,"href":"https:\/\/roveyayinevi.com.tr\/index.php\/wp-json\/wp\/v2\/product_tag?post=704617"}],"curies":[{"name":"wp","href":"https:\/\/api.w.org\/{rel}","templated":true}]}}