{"id":704598,"date":"2025-08-27T15:36:58","date_gmt":"2025-08-27T12:36:58","guid":{"rendered":"https:\/\/roveyayinevi.com.tr\/index.php\/urun\/ermis-3\/"},"modified":"2026-04-16T02:13:31","modified_gmt":"2026-04-15T23:13:31","slug":"ermis-3","status":"publish","type":"product","link":"https:\/\/roveyayinevi.com.tr\/index.php\/urun\/ermis-3\/","title":{"rendered":"Ermi\u015f"},"content":{"rendered":"<p>\u0130nsan i\u00e7in t\u00fcm ama\u00e7lar\u0131n\u0131 susuzluktan \u00e7atlam\u0131\u015f dudaklara ve t\u00fcm ya\u015fam\u0131 bir \u00e7e\u015fmeye d\u00f6n\u00fc\u015ft\u00fcren bir arma\u011fandan daha b\u00fcy\u00fc\u011f\u00fc yoktur ku\u015fkusuz. Benim \u015ferefim ve \u00f6d\u00fcl\u00fcm i\u015fte bu arma\u011fanda yat\u0131yor. Ne zaman i\u00e7mek i\u00e7in \u00e7e\u015fmeye gelsem, diri suyun kendisini susam\u0131\u015f bulmamda&#8230;\ufffcTan\u0131t\u0131m Metni<\/p>\n","protected":false},"excerpt":{"rendered":"<p>\u0130nsan i\u00e7in t\u00fcm ama\u00e7lar\u0131n\u0131 susuzluktan \u00e7atlam\u0131\u015f dudaklara ve t\u00fcm ya\u015fam\u0131 bir \u00e7e\u015fmeye d\u00f6n\u00fc\u015ft\u00fcren bir arma\u011fandan daha b\u00fcy\u00fc\u011f\u00fc yoktur ku\u015fkusuz. Benim \u015ferefim ve \u00f6d\u00fcl\u00fcm i\u015fte bu arma\u011fanda<span class=\"excerpt-hellip\"> [\u2026]<\/span><\/p>\n","protected":false},"featured_media":0,"template":"","meta":{"_monsterinsights_skip_tracking":false,"_monsterinsights_sitenote_active":false,"_monsterinsights_sitenote_note":"","_monsterinsights_sitenote_category":0},"product_brand":[],"product_cat":[13835],"product_tag":[],"class_list":{"0":"post-704598","1":"product","2":"type-product","3":"status-publish","5":"product_cat-cok-satanlar","6":"pa_cilt-ciltsiz","7":"pa_tur-kitap","8":"pa_yayinevi-is-bankasi-kultur-yayinlari","9":"pa_yazar-halil-cibran","11":"first","12":"instock","13":"sale","14":"shipping-taxable","15":"purchasable","16":"product-type-simple"},"_links":{"self":[{"href":"https:\/\/roveyayinevi.com.tr\/index.php\/wp-json\/wp\/v2\/product\/704598","targetHints":{"allow":["GET"]}}],"collection":[{"href":"https:\/\/roveyayinevi.com.tr\/index.php\/wp-json\/wp\/v2\/product"}],"about":[{"href":"https:\/\/roveyayinevi.com.tr\/index.php\/wp-json\/wp\/v2\/types\/product"}],"wp:attachment":[{"href":"https:\/\/roveyayinevi.com.tr\/index.php\/wp-json\/wp\/v2\/media?parent=704598"}],"wp:term":[{"taxonomy":"product_brand","embeddable":true,"href":"https:\/\/roveyayinevi.com.tr\/index.php\/wp-json\/wp\/v2\/product_brand?post=704598"},{"taxonomy":"product_cat","embeddable":true,"href":"https:\/\/roveyayinevi.com.tr\/index.php\/wp-json\/wp\/v2\/product_cat?post=704598"},{"taxonomy":"product_tag","embeddable":true,"href":"https:\/\/roveyayinevi.com.tr\/index.php\/wp-json\/wp\/v2\/product_tag?post=704598"}],"curies":[{"name":"wp","href":"https:\/\/api.w.org\/{rel}","templated":true}]}}