{"id":704575,"date":"2025-08-27T15:36:49","date_gmt":"2025-08-27T12:36:49","guid":{"rendered":"https:\/\/roveyayinevi.com.tr\/index.php\/urun\/divan-3\/"},"modified":"2026-04-16T02:13:30","modified_gmt":"2026-04-15T23:13:30","slug":"divan-3","status":"publish","type":"product","link":"https:\/\/roveyayinevi.com.tr\/index.php\/urun\/divan-3\/","title":{"rendered":"Divan"},"content":{"rendered":"<p>Baki (1526-1600): \u015eiirlerinde Baki mahlas\u0131n\u0131 kullanan \u015fairin as\u0131l ad\u0131 Mahmud Abd\u00fclbaki\u2019dir, \u201c\u015fairler sultan\u0131\u201d olarak an\u0131l\u0131r. Osmanl\u0131 \u0130mparatorlu\u011fu b\u00fcrokrat ve \u015fairlerinin 16. y\u00fczy\u0131lda en \u00f6nde gelenidir. Kanuni\u2019yi saltanat\u0131 s\u00fcresince en \u00e7ok memnun eden i\u015flerden biri Baki gibi bir kabiliyeti ke\u015ffetmi\u015f olmas\u0131yd\u0131. Baki, Ziya Pa\u015fa\u2019n\u0131n Harabat\u2019\u0131nda ilk yenilik\u00e7i olarak nitelendirilir, Muallim Naci\u2019ye g\u00f6re milletin lisan muallimi, Recaizade\u2019nin \u015fiir terazisinde Osmanl\u0131 \u015fuaras\u0131n\u0131n Haf\u0131z-\u0131 \u015eirazi\u2019si, Tanp\u0131nar\u2019\u0131n g\u00f6z\u00fcnde ise mahir bir \u015fiir i\u015f\u00e7isidir. Lirik s\u00f6z dizimi, kusursuz bi\u00e7imi, sa\u011flam s\u00f6z ve anlam \u00f6rg\u00fcs\u00fc, temiz ve ahenkli s\u00f6yleyi\u015fi ile Osmanl\u0131 \u015fiirinin en \u00f6nemli \u015fairlerinden biri olan Baki, Divan\u2019\u0131n\u0131n yan\u0131 s\u0131ra Mealim\u00fc\u2019l-Yakin fi Sireti Seyyidi\u2019l-M\u00fcrsel\u00een, Fezail\u00fc\u2019l-Cihat, Fezail-i Mekke ve Hadis-i Erbain Terc\u00fcmesi adl\u0131 se\u00e7kin nesir eserlerin de yazar\u0131d\u0131r. \ufffc<\/p>\n","protected":false},"excerpt":{"rendered":"<p>Baki (1526-1600): \u015eiirlerinde Baki mahlas\u0131n\u0131 kullanan \u015fairin as\u0131l ad\u0131 Mahmud Abd\u00fclbaki\u2019dir, \u201c\u015fairler sultan\u0131\u201d olarak an\u0131l\u0131r. Osmanl\u0131 \u0130mparatorlu\u011fu b\u00fcrokrat ve \u015fairlerinin 16. y\u00fczy\u0131lda en \u00f6nde gelenidir. Kanuni\u2019yi<span class=\"excerpt-hellip\"> [\u2026]<\/span><\/p>\n","protected":false},"featured_media":0,"template":"","meta":{"_monsterinsights_skip_tracking":false,"_monsterinsights_sitenote_active":false,"_monsterinsights_sitenote_note":"","_monsterinsights_sitenote_category":0},"product_brand":[],"product_cat":[20234,12291],"product_tag":[],"class_list":{"0":"post-704575","1":"product","2":"type-product","3":"status-publish","5":"product_cat-divan-edebiyati-halk-edebiyati","6":"product_cat-edebiyat","7":"pa_cilt-ciltsiz","8":"pa_tur-kitap","9":"pa_yayinevi-is-bankasi-kultur-yayinlari","10":"pa_yazar-mahmud-abdulbaki","12":"first","13":"instock","14":"sale","15":"shipping-taxable","16":"purchasable","17":"product-type-simple"},"_links":{"self":[{"href":"https:\/\/roveyayinevi.com.tr\/index.php\/wp-json\/wp\/v2\/product\/704575","targetHints":{"allow":["GET"]}}],"collection":[{"href":"https:\/\/roveyayinevi.com.tr\/index.php\/wp-json\/wp\/v2\/product"}],"about":[{"href":"https:\/\/roveyayinevi.com.tr\/index.php\/wp-json\/wp\/v2\/types\/product"}],"wp:attachment":[{"href":"https:\/\/roveyayinevi.com.tr\/index.php\/wp-json\/wp\/v2\/media?parent=704575"}],"wp:term":[{"taxonomy":"product_brand","embeddable":true,"href":"https:\/\/roveyayinevi.com.tr\/index.php\/wp-json\/wp\/v2\/product_brand?post=704575"},{"taxonomy":"product_cat","embeddable":true,"href":"https:\/\/roveyayinevi.com.tr\/index.php\/wp-json\/wp\/v2\/product_cat?post=704575"},{"taxonomy":"product_tag","embeddable":true,"href":"https:\/\/roveyayinevi.com.tr\/index.php\/wp-json\/wp\/v2\/product_tag?post=704575"}],"curies":[{"name":"wp","href":"https:\/\/api.w.org\/{rel}","templated":true}]}}