{"id":704519,"date":"2025-08-27T15:36:27","date_gmt":"2025-08-27T12:36:27","guid":{"rendered":"https:\/\/roveyayinevi.com.tr\/index.php\/urun\/kurbaga-guncesi\/"},"modified":"2026-04-16T02:13:29","modified_gmt":"2026-04-15T23:13:29","slug":"kurbaga-guncesi","status":"publish","type":"product","link":"https:\/\/roveyayinevi.com.tr\/index.php\/urun\/kurbaga-guncesi\/","title":{"rendered":"Kurba\u011fa G\u00fcncesi"},"content":{"rendered":"<p>\u201cG\u00fcnter Grass, ressaml\u0131\u011f\u0131ndan dolay\u0131 g\u00f6rsel bir yazard\u0131. Hik\u00e2ye ne kadar ac\u0131mas\u0131z, sert vesiyasi olursa olsun, hik\u00e2yeyi yazar\u0131n yarat\u0131c\u0131l\u0131\u011f\u0131na dayand\u0131rmay\u0131 \u00f6\u011fretti bize. Rabelais ve Celine\u2019den \u00e7ok \u015fey \u00f6\u011frenen Grass, b\u00fcy\u00fcl\u00fc ger\u00e7ek\u00e7ili\u011fin ve Mdrquez\u2019in geli\u015fmesinde etkili olmu\u015f bir yazard\u0131. Ya\u015fayan en b\u00fcy\u00fck Alman yazar\u0131yd\u0131&#8230;\u201dORHAN PAMUKNobel \u00f6d\u00fcll\u00fc Alman romanc\u0131 G\u00fcnter Grass, 1989 sonras\u0131 Avrupa\u2019s\u0131nda, iki Almanya\u2019n\u0131n birle\u015fmesi, K\u00f6rfez Sava\u015f\u0131 gibi olaylar\u0131n ortas\u0131nda ge\u00e7en son derece ilgin\u00e7 bir a\u015fk hik\u00e2yesi anlat\u0131yor.Ola\u011fan\u00fcst\u00fc bir d\u00fc\u015fg\u00fcc\u00fcyle yaz\u0131lm\u0131\u015f bu ironi ba\u015fyap\u0131t\u0131, Polonyal\u0131 dul gotik melek uzman\u0131 bayan Piatkowska ile Alman dul sanat tarih\u00e7isi Bay Reschke\u2019nin tuhaf kar\u015f\u0131la\u015fmalar\u0131yla ortaya \u00e7\u0131k\u0131veren \u201cAlman-Polonya Mezarl\u0131k \u015eirketi\u201d fikri etraf\u0131nda d\u00f6n\u00fcyor. Polonya\u2019dan g\u00f6\u00e7m\u00fc\u015f Almanlar\u0131n \u201cyurtlar\u0131nda\u201d g\u00f6m\u00fclmesinin bar\u0131\u015fa katk\u0131 sa\u011flayaca\u011f\u0131n\u0131 d\u00fc\u015f\u00fcnen iki ge\u00e7kin \u00e2\u015f\u0131\u011f\u0131n projeyi hayata ge\u00e7irmeleriyle birlikte \u201ctekerr\u00fcr eden tarih\u201d adeta zincirlerinden bo\u015fal\u0131veriyor. \u0130yi niyetle hayata ge\u00e7irilen \u2018mezarl\u0131k\u2019 fikri, liberal kapitalizmin \u00e7arklar\u0131 aras\u0131nda bir felakete do\u011fru yol al\u0131yor. Postmodern tabut tasar\u0131mlar\u0131na, toplu mezar fasilitelerine, arsa talan\u0131na, hatta golf turizmine varan \u00e7\u0131lg\u0131n bir projeye d\u00f6n\u00fc\u015f\u00fcyor.\u201cTabii ki onu yazd\u0131klar\u0131ndan \u00f6t\u00fcr\u00fc seviyorum &#8211; modern bir k\u0131l\u0131k giydirdi\u011fi Grimm masallar\u0131na olan sevgisinden, tarih incelemesine getirdi\u011fi kara komediden, oyunculu\u011fundaki ciddiyetten, \u00e7a\u011f\u0131n\u0131n k\u00f6t\u00fcl\u00fcklerine g\u00f6z\u00fcn\u00fc k\u0131rpmadan bakabilme cesaretinden ve s\u00f6ze d\u00f6k\u00fclemeyecek olandan b\u00fcy\u00fck bir sanat eseri yaratmas\u0131ndan \u00f6t\u00fcr\u00fc&#8230;\u201dSALMAN RUSHDIE <\/p>\n","protected":false},"excerpt":{"rendered":"<p>\u201cG\u00fcnter Grass, ressaml\u0131\u011f\u0131ndan dolay\u0131 g\u00f6rsel bir yazard\u0131. Hik\u00e2ye ne kadar ac\u0131mas\u0131z, sert vesiyasi olursa olsun, hik\u00e2yeyi yazar\u0131n yarat\u0131c\u0131l\u0131\u011f\u0131na dayand\u0131rmay\u0131 \u00f6\u011fretti bize. Rabelais ve Celine\u2019den \u00e7ok \u015fey<span class=\"excerpt-hellip\"> [\u2026]<\/span><\/p>\n","protected":false},"featured_media":0,"template":"","meta":{"_monsterinsights_skip_tracking":false,"_monsterinsights_sitenote_active":false,"_monsterinsights_sitenote_note":"","_monsterinsights_sitenote_category":0},"product_brand":[],"product_cat":[12291,26797],"product_tag":[],"class_list":{"0":"post-704519","1":"product","2":"type-product","3":"status-publish","5":"product_cat-edebiyat","6":"product_cat-modern-klasikler","7":"pa_cilt-ciltsiz","8":"pa_tur-kitap","9":"pa_yayinevi-everest-yayinlari","10":"pa_yazar-gunter-grass","12":"first","13":"instock","14":"sale","15":"shipping-taxable","16":"purchasable","17":"product-type-simple"},"_links":{"self":[{"href":"https:\/\/roveyayinevi.com.tr\/index.php\/wp-json\/wp\/v2\/product\/704519","targetHints":{"allow":["GET"]}}],"collection":[{"href":"https:\/\/roveyayinevi.com.tr\/index.php\/wp-json\/wp\/v2\/product"}],"about":[{"href":"https:\/\/roveyayinevi.com.tr\/index.php\/wp-json\/wp\/v2\/types\/product"}],"wp:attachment":[{"href":"https:\/\/roveyayinevi.com.tr\/index.php\/wp-json\/wp\/v2\/media?parent=704519"}],"wp:term":[{"taxonomy":"product_brand","embeddable":true,"href":"https:\/\/roveyayinevi.com.tr\/index.php\/wp-json\/wp\/v2\/product_brand?post=704519"},{"taxonomy":"product_cat","embeddable":true,"href":"https:\/\/roveyayinevi.com.tr\/index.php\/wp-json\/wp\/v2\/product_cat?post=704519"},{"taxonomy":"product_tag","embeddable":true,"href":"https:\/\/roveyayinevi.com.tr\/index.php\/wp-json\/wp\/v2\/product_tag?post=704519"}],"curies":[{"name":"wp","href":"https:\/\/api.w.org\/{rel}","templated":true}]}}