{"id":704496,"date":"2025-08-27T15:36:18","date_gmt":"2025-08-27T12:36:18","guid":{"rendered":"https:\/\/roveyayinevi.com.tr\/index.php\/urun\/aciyi-bal-eylemek\/"},"modified":"2026-04-16T02:13:28","modified_gmt":"2026-04-15T23:13:28","slug":"aciyi-bal-eylemek","status":"publish","type":"product","link":"https:\/\/roveyayinevi.com.tr\/index.php\/urun\/aciyi-bal-eylemek\/","title":{"rendered":"Ac\u0131y\u0131 Bal Eylemek"},"content":{"rendered":"<p>Balkanlar\u2019da kurulan milli devletler, homojen toplumlar olu\u015fturmak i\u00e7in kendi milletleri d\u0131\u015f\u0131nda kalan topluluklar\u0131 g\u00f6\u00e7e zorlad\u0131lar. Osmanl\u0131 Devleti\u2019nin \u00e7ekildi\u011fi Balkanlar\u2019dan g\u00f6\u00e7 eden T\u00fcrklerin s\u0131\u011f\u0131na\u011f\u0131 Anadolu topraklar\u0131 oldu. Ac\u0131n\u0131n, kederin ve g\u00f6zya\u015f\u0131n\u0131n yo\u011furdu\u011fu bu insanlar, yeni bir hayat kurma m\u00fccadelesi verdiler. Bu m\u00fccadeleyi verenler aras\u0131nda, d\u00fcnyaca tan\u0131nm\u0131\u015f tarih\u00e7imiz Kemal H. Karpat ve ailesi de bulunuyor. Kemal ve Cemal Karpat karde\u015fler, Ac\u0131y\u0131 Bal Eylemek adl\u0131 bu hat\u0131ratlar\u0131nda; Romanya\u2019n\u0131n Babada\u011f b\u00f6lgesinde ge\u00e7en \u00e7ocukluklar\u0131n\u0131, ailelerini, orada ya\u015fayan M\u00fcsl\u00fcman T\u00fcrk halk\u0131n ya\u015fam\u0131n\u0131, T\u00fcrkiye\u2019ye bin bir zorlukla yapt\u0131klar\u0131 g\u00f6\u00e7\u00fc ve akabinde yepyeni bir vatanda var olma \u00e7abalar\u0131n\u0131 hik\u00e2ye tad\u0131nda anlat\u0131yorlar. Hayat\u0131n \u00f6nlerine getirdi\u011fi zorluklar\u0131, g\u00fc\u00e7l\u00fckleri, ac\u0131lar\u0131, ayr\u0131l\u0131klar\u0131, hayal k\u0131r\u0131kl\u0131klar\u0131n\u0131 birlikte g\u00f6\u011f\u00fcsleyen Karpat karde\u015fler, nezaketleriyle, dik duru\u015flar\u0131yla bu zorluklar\u0131n \u00fcstesinden gelmi\u015f, sayg\u0131n ki\u015filikleriyle ba\u015far\u0131y\u0131 yakalam\u0131\u015f, yani ac\u0131y\u0131 bal eylemi\u015flerdir\u2026 <\/p>\n","protected":false},"excerpt":{"rendered":"<p>Balkanlar\u2019da kurulan milli devletler, homojen toplumlar olu\u015fturmak i\u00e7in kendi milletleri d\u0131\u015f\u0131nda kalan topluluklar\u0131 g\u00f6\u00e7e zorlad\u0131lar. Osmanl\u0131 Devleti\u2019nin \u00e7ekildi\u011fi Balkanlar\u2019dan g\u00f6\u00e7 eden T\u00fcrklerin s\u0131\u011f\u0131na\u011f\u0131 Anadolu topraklar\u0131 oldu.<span class=\"excerpt-hellip\"> [\u2026]<\/span><\/p>\n","protected":false},"featured_media":0,"template":"","meta":{"_monsterinsights_skip_tracking":false,"_monsterinsights_sitenote_active":false,"_monsterinsights_sitenote_note":"","_monsterinsights_sitenote_category":0},"product_brand":[],"product_cat":[13701,12291],"product_tag":[],"class_list":{"0":"post-704496","1":"product","2":"type-product","3":"status-publish","5":"product_cat-ani-mektup-gunluk","6":"product_cat-edebiyat","7":"pa_cilt-ciltsiz","8":"pa_tur-kitap","9":"pa_yayinevi-timas-yayinlari","10":"pa_yazar-kemal-karpat","12":"first","13":"instock","14":"sale","15":"shipping-taxable","16":"purchasable","17":"product-type-simple"},"_links":{"self":[{"href":"https:\/\/roveyayinevi.com.tr\/index.php\/wp-json\/wp\/v2\/product\/704496","targetHints":{"allow":["GET"]}}],"collection":[{"href":"https:\/\/roveyayinevi.com.tr\/index.php\/wp-json\/wp\/v2\/product"}],"about":[{"href":"https:\/\/roveyayinevi.com.tr\/index.php\/wp-json\/wp\/v2\/types\/product"}],"wp:attachment":[{"href":"https:\/\/roveyayinevi.com.tr\/index.php\/wp-json\/wp\/v2\/media?parent=704496"}],"wp:term":[{"taxonomy":"product_brand","embeddable":true,"href":"https:\/\/roveyayinevi.com.tr\/index.php\/wp-json\/wp\/v2\/product_brand?post=704496"},{"taxonomy":"product_cat","embeddable":true,"href":"https:\/\/roveyayinevi.com.tr\/index.php\/wp-json\/wp\/v2\/product_cat?post=704496"},{"taxonomy":"product_tag","embeddable":true,"href":"https:\/\/roveyayinevi.com.tr\/index.php\/wp-json\/wp\/v2\/product_tag?post=704496"}],"curies":[{"name":"wp","href":"https:\/\/api.w.org\/{rel}","templated":true}]}}