{"id":704490,"date":"2025-08-27T15:36:16","date_gmt":"2025-08-27T12:36:16","guid":{"rendered":"https:\/\/roveyayinevi.com.tr\/index.php\/urun\/sihirli-semboller\/"},"modified":"2026-04-16T02:13:28","modified_gmt":"2026-04-15T23:13:28","slug":"sihirli-semboller","status":"publish","type":"product","link":"https:\/\/roveyayinevi.com.tr\/index.php\/urun\/sihirli-semboller\/","title":{"rendered":"Sihirli Semboller"},"content":{"rendered":"<p>Birbirinden g\u00fczel mandalalar\u0131 boyayarak hem stresten kurtulun hem de ruhunuzu dinlendirin. \u0130\u00e7 d\u00fcnyan\u0131z\u0131 yarat\u0131c\u0131 enerjiyle doldurun. Sihirli Semboller hem \u00e7ocuklar\u0131n hem de yeti\u015fkinlerin hayal d\u00fcnyas\u0131n\u0131 zenginle\u015ftiriyor, onlar\u0131n sorunlar\u0131na farkl\u0131 bir a\u00e7\u0131dan bakabilmelerine yard\u0131mc\u0131 oluyor. \ufffcTan\u0131t\u0131m Metni<\/p>\n","protected":false},"excerpt":{"rendered":"<p>Birbirinden g\u00fczel mandalalar\u0131 boyayarak hem stresten kurtulun hem de ruhunuzu dinlendirin. \u0130\u00e7 d\u00fcnyan\u0131z\u0131 yarat\u0131c\u0131 enerjiyle doldurun. Sihirli Semboller hem \u00e7ocuklar\u0131n hem de yeti\u015fkinlerin hayal d\u00fcnyas\u0131n\u0131 zenginle\u015ftiriyor,<span class=\"excerpt-hellip\"> [\u2026]<\/span><\/p>\n","protected":false},"featured_media":0,"template":"","meta":{"_monsterinsights_skip_tracking":false,"_monsterinsights_sitenote_active":false,"_monsterinsights_sitenote_note":"","_monsterinsights_sitenote_category":0},"product_brand":[],"product_cat":[38511,15563],"product_tag":[],"class_list":{"0":"post-704490","1":"product","2":"type-product","3":"status-publish","5":"product_cat-buyukler-icin-boyama-mandala","6":"product_cat-hobi","7":"pa_cilt-ciltsiz","8":"pa_tur-kitap","9":"pa_yayinevi-pia-yayinlari","10":"pa_yazar-gulizar-cilliyuz-cetinkaya","12":"first","13":"instock","14":"sale","15":"shipping-taxable","16":"purchasable","17":"product-type-simple"},"_links":{"self":[{"href":"https:\/\/roveyayinevi.com.tr\/index.php\/wp-json\/wp\/v2\/product\/704490","targetHints":{"allow":["GET"]}}],"collection":[{"href":"https:\/\/roveyayinevi.com.tr\/index.php\/wp-json\/wp\/v2\/product"}],"about":[{"href":"https:\/\/roveyayinevi.com.tr\/index.php\/wp-json\/wp\/v2\/types\/product"}],"wp:attachment":[{"href":"https:\/\/roveyayinevi.com.tr\/index.php\/wp-json\/wp\/v2\/media?parent=704490"}],"wp:term":[{"taxonomy":"product_brand","embeddable":true,"href":"https:\/\/roveyayinevi.com.tr\/index.php\/wp-json\/wp\/v2\/product_brand?post=704490"},{"taxonomy":"product_cat","embeddable":true,"href":"https:\/\/roveyayinevi.com.tr\/index.php\/wp-json\/wp\/v2\/product_cat?post=704490"},{"taxonomy":"product_tag","embeddable":true,"href":"https:\/\/roveyayinevi.com.tr\/index.php\/wp-json\/wp\/v2\/product_tag?post=704490"}],"curies":[{"name":"wp","href":"https:\/\/api.w.org\/{rel}","templated":true}]}}