{"id":704488,"date":"2025-08-27T15:36:16","date_gmt":"2025-08-27T12:36:16","guid":{"rendered":"https:\/\/roveyayinevi.com.tr\/index.php\/urun\/aydinlanma-sosyolojisi\/"},"modified":"2026-04-16T02:13:28","modified_gmt":"2026-04-15T23:13:28","slug":"aydinlanma-sosyolojisi","status":"publish","type":"product","link":"https:\/\/roveyayinevi.com.tr\/index.php\/urun\/aydinlanma-sosyolojisi\/","title":{"rendered":"Ayd\u0131nlanma Sosyolojisi"},"content":{"rendered":"<p>Ayd\u0131nlanma d\u00fc\u015f\u00fcncesinin \u00fczerinde durmam\u0131z\u0131n nedeni, tarihsel ve sosyolojik zorunluluklard\u0131r. 21. y\u00fczy\u0131lda insanl\u0131k tarihinin geldi\u011fi d\u00f6nem, Ayd\u0131nlanma ilkelerini \u00f6zellikle Asya ve Do\u011fu toplumlar\u0131 i\u00e7in adeta bir &#8220;savunma kalesi&#8221; durumuna getirmi\u015ftir. Ayd\u0131nlanma Sosyolojisi kitab\u0131nda bu g\u00f6r\u00fc\u015flerimizin temel dayanaklar\u0131 belirtilmi\u015f, ayd\u0131nlanma ilkelerinin hangi toplumsal i\u015flevleri g\u00f6rd\u00fc\u011f\u00fc incelenmi\u015ftir. \ufffc<\/p>\n","protected":false},"excerpt":{"rendered":"<p>Ayd\u0131nlanma d\u00fc\u015f\u00fcncesinin \u00fczerinde durmam\u0131z\u0131n nedeni, tarihsel ve sosyolojik zorunluluklard\u0131r. 21. y\u00fczy\u0131lda insanl\u0131k tarihinin geldi\u011fi d\u00f6nem, Ayd\u0131nlanma ilkelerini \u00f6zellikle Asya ve Do\u011fu toplumlar\u0131 i\u00e7in adeta bir &#8220;savunma<span class=\"excerpt-hellip\"> [\u2026]<\/span><\/p>\n","protected":false},"featured_media":0,"template":"","meta":{"_monsterinsights_skip_tracking":false,"_monsterinsights_sitenote_active":false,"_monsterinsights_sitenote_note":"","_monsterinsights_sitenote_category":0},"product_brand":[],"product_cat":[12835,12324],"product_tag":[],"class_list":{"0":"post-704488","1":"product","2":"type-product","3":"status-publish","5":"product_cat-genel-sosyoloji","6":"product_cat-sosyoloji","7":"pa_cilt-ciltsiz","8":"pa_tur-kitap","9":"pa_yayinevi-ani-yayincilik","10":"pa_yazar-mehmet-devrim-topses","12":"first","13":"instock","14":"sale","15":"shipping-taxable","16":"purchasable","17":"product-type-simple"},"_links":{"self":[{"href":"https:\/\/roveyayinevi.com.tr\/index.php\/wp-json\/wp\/v2\/product\/704488","targetHints":{"allow":["GET"]}}],"collection":[{"href":"https:\/\/roveyayinevi.com.tr\/index.php\/wp-json\/wp\/v2\/product"}],"about":[{"href":"https:\/\/roveyayinevi.com.tr\/index.php\/wp-json\/wp\/v2\/types\/product"}],"wp:attachment":[{"href":"https:\/\/roveyayinevi.com.tr\/index.php\/wp-json\/wp\/v2\/media?parent=704488"}],"wp:term":[{"taxonomy":"product_brand","embeddable":true,"href":"https:\/\/roveyayinevi.com.tr\/index.php\/wp-json\/wp\/v2\/product_brand?post=704488"},{"taxonomy":"product_cat","embeddable":true,"href":"https:\/\/roveyayinevi.com.tr\/index.php\/wp-json\/wp\/v2\/product_cat?post=704488"},{"taxonomy":"product_tag","embeddable":true,"href":"https:\/\/roveyayinevi.com.tr\/index.php\/wp-json\/wp\/v2\/product_tag?post=704488"}],"curies":[{"name":"wp","href":"https:\/\/api.w.org\/{rel}","templated":true}]}}