{"id":704486,"date":"2025-08-27T15:36:15","date_gmt":"2025-08-27T12:36:15","guid":{"rendered":"https:\/\/roveyayinevi.com.tr\/index.php\/urun\/uzanma-sanati\/"},"modified":"2025-11-22T03:38:52","modified_gmt":"2025-11-22T00:38:52","slug":"uzanma-sanati","status":"publish","type":"product","link":"https:\/\/roveyayinevi.com.tr\/index.php\/urun\/uzanma-sanati\/","title":{"rendered":"Uzanma Sanat\u0131"},"content":{"rendered":"<p>\u015eu anda uzan\u0131yorsan\u0131z, o zaman do\u011fru pozisyondas\u0131n\u0131z; zira hepimiz belli aral\u0131klarla ve de b\u00fcy\u00fck bir zevkle uzan\u0131r\u0131z. Uzan\u0131rken dinleniriz; v\u00fccudun en \u00e7ok gev\u015fedi\u011fi, en az g\u00fc\u00e7 harcad\u0131\u011f\u0131 pozisyondur yat\u0131p uzanmak. Uzan\u0131rken bir s\u00fcr\u00fc \u015fey yapar\u0131z: Uyuruz, d\u00fc\u015f g\u00f6r\u00fcr\u00fcz, sevi\u015firiz, d\u00fc\u015f\u00fcn\u00fcr\u00fcz, kendimizi melankolik bir ruh haline b\u0131rak\u0131r\u0131z, hayal kurar\u0131z ve ac\u0131 \u00e7ekeriz. <\/p>\n","protected":false},"excerpt":{"rendered":"<p>\u015eu anda uzan\u0131yorsan\u0131z, o zaman do\u011fru pozisyondas\u0131n\u0131z; zira hepimiz belli aral\u0131klarla ve de b\u00fcy\u00fck bir zevkle uzan\u0131r\u0131z. Uzan\u0131rken dinleniriz; v\u00fccudun en \u00e7ok gev\u015fedi\u011fi, en az g\u00fc\u00e7<span class=\"excerpt-hellip\"> [\u2026]<\/span><\/p>\n","protected":false},"featured_media":0,"template":"","meta":{"_monsterinsights_skip_tracking":false,"_monsterinsights_sitenote_active":false,"_monsterinsights_sitenote_note":"","_monsterinsights_sitenote_category":0},"product_brand":[],"product_cat":[13590,12337],"product_tag":[],"class_list":{"0":"post-704486","1":"product","2":"type-product","3":"status-publish","5":"product_cat-arastirma-inceleme-politika-siyaset","6":"product_cat-politika-siyaset","7":"pa_cilt-ciltsiz","8":"pa_tur-kitap","9":"pa_yayinevi-can-yayinlari","10":"pa_yazar-bernd-brunner","12":"first","13":"instock","14":"sale","15":"shipping-taxable","16":"purchasable","17":"product-type-simple"},"_links":{"self":[{"href":"https:\/\/roveyayinevi.com.tr\/index.php\/wp-json\/wp\/v2\/product\/704486","targetHints":{"allow":["GET"]}}],"collection":[{"href":"https:\/\/roveyayinevi.com.tr\/index.php\/wp-json\/wp\/v2\/product"}],"about":[{"href":"https:\/\/roveyayinevi.com.tr\/index.php\/wp-json\/wp\/v2\/types\/product"}],"wp:attachment":[{"href":"https:\/\/roveyayinevi.com.tr\/index.php\/wp-json\/wp\/v2\/media?parent=704486"}],"wp:term":[{"taxonomy":"product_brand","embeddable":true,"href":"https:\/\/roveyayinevi.com.tr\/index.php\/wp-json\/wp\/v2\/product_brand?post=704486"},{"taxonomy":"product_cat","embeddable":true,"href":"https:\/\/roveyayinevi.com.tr\/index.php\/wp-json\/wp\/v2\/product_cat?post=704486"},{"taxonomy":"product_tag","embeddable":true,"href":"https:\/\/roveyayinevi.com.tr\/index.php\/wp-json\/wp\/v2\/product_tag?post=704486"}],"curies":[{"name":"wp","href":"https:\/\/api.w.org\/{rel}","templated":true}]}}