{"id":704479,"date":"2025-08-27T15:36:13","date_gmt":"2025-08-27T12:36:13","guid":{"rendered":"https:\/\/roveyayinevi.com.tr\/index.php\/urun\/izmir-hikayeleri\/"},"modified":"2026-04-16T02:13:28","modified_gmt":"2026-04-15T23:13:28","slug":"izmir-hikayeleri","status":"publish","type":"product","link":"https:\/\/roveyayinevi.com.tr\/index.php\/urun\/izmir-hikayeleri\/","title":{"rendered":"\u0130zmir Hikayeleri"},"content":{"rendered":"<p>Halid Ziya U\u015fakl\u0131gil\u2019in \u00f6l\u00fcm\u00fcnden sonra 1955\u2019te yay\u0131mlanan \u0130zmir Hikayeleri, yazar\u0131n ilk gen\u00e7lik y\u0131llar\u0131n\u0131 anlatt\u0131\u011f\u0131 \u00f6yk\u00fclerden olu\u015fmaktad\u0131r. \u0130zmirlilere ithaf etti\u011fi bu kitapta yazar yal\u0131n bir dille \u0130zmir\u2019in kenar k\u00f6\u015fe semtlerini, gelenek ve g\u00f6reneklerini zengin bir \u0130zmir folkloru ve insan manzaras\u0131 e\u015fli\u011finde anlatmaktad\u0131r. \ufffcTan\u0131t\u0131m Metni<\/p>\n","protected":false},"excerpt":{"rendered":"<p>Halid Ziya U\u015fakl\u0131gil\u2019in \u00f6l\u00fcm\u00fcnden sonra 1955\u2019te yay\u0131mlanan \u0130zmir Hikayeleri, yazar\u0131n ilk gen\u00e7lik y\u0131llar\u0131n\u0131 anlatt\u0131\u011f\u0131 \u00f6yk\u00fclerden olu\u015fmaktad\u0131r. \u0130zmirlilere ithaf etti\u011fi bu kitapta yazar yal\u0131n bir dille \u0130zmir\u2019in<span class=\"excerpt-hellip\"> [\u2026]<\/span><\/p>\n","protected":false},"featured_media":0,"template":"","meta":{"_monsterinsights_skip_tracking":false,"_monsterinsights_sitenote_active":false,"_monsterinsights_sitenote_note":"","_monsterinsights_sitenote_category":0},"product_brand":[],"product_cat":[12291,12711],"product_tag":[],"class_list":{"0":"post-704479","1":"product","2":"type-product","3":"status-publish","5":"product_cat-edebiyat","6":"product_cat-roman-oyku","7":"pa_cilt-ciltsiz","8":"pa_tur-kitap","9":"pa_yayinevi-inkilap-kitabevi","10":"pa_yazar-halid-ziya-usakligil","12":"first","13":"instock","14":"sale","15":"shipping-taxable","16":"purchasable","17":"product-type-simple"},"_links":{"self":[{"href":"https:\/\/roveyayinevi.com.tr\/index.php\/wp-json\/wp\/v2\/product\/704479","targetHints":{"allow":["GET"]}}],"collection":[{"href":"https:\/\/roveyayinevi.com.tr\/index.php\/wp-json\/wp\/v2\/product"}],"about":[{"href":"https:\/\/roveyayinevi.com.tr\/index.php\/wp-json\/wp\/v2\/types\/product"}],"wp:attachment":[{"href":"https:\/\/roveyayinevi.com.tr\/index.php\/wp-json\/wp\/v2\/media?parent=704479"}],"wp:term":[{"taxonomy":"product_brand","embeddable":true,"href":"https:\/\/roveyayinevi.com.tr\/index.php\/wp-json\/wp\/v2\/product_brand?post=704479"},{"taxonomy":"product_cat","embeddable":true,"href":"https:\/\/roveyayinevi.com.tr\/index.php\/wp-json\/wp\/v2\/product_cat?post=704479"},{"taxonomy":"product_tag","embeddable":true,"href":"https:\/\/roveyayinevi.com.tr\/index.php\/wp-json\/wp\/v2\/product_tag?post=704479"}],"curies":[{"name":"wp","href":"https:\/\/api.w.org\/{rel}","templated":true}]}}