{"id":704476,"date":"2025-08-27T15:36:11","date_gmt":"2025-08-27T12:36:11","guid":{"rendered":"https:\/\/roveyayinevi.com.tr\/index.php\/urun\/dedektif-kurukafa-armageddon\/"},"modified":"2025-11-22T03:38:48","modified_gmt":"2025-11-22T00:38:48","slug":"dedektif-kurukafa-armageddon","status":"publish","type":"product","link":"https:\/\/roveyayinevi.com.tr\/index.php\/urun\/dedektif-kurukafa-armageddon\/","title":{"rendered":"Dedektif Kurukafa &#8211; Armageddon"},"content":{"rendered":"<p>Gelmi\u015f ge\u00e7mi\u015f en ba\u015f d\u00f6nd\u00fcr\u00fcc\u00fc dedektifin bildi\u011finiz kitaplar aras\u0131nda ya\u015fad\u0131\u011f\u0131 hi\u00e7 bilmedi\u011finiz maceralar\u0131 g\u00fcn y\u00fcz\u00fcne \u00e7\u0131k\u0131yor. \u00c7imlere bas&#8230; Pencereye t\u0131rman ve bu hikaye koleksiyonuyla Dedektif Kurukafa\u2019n\u0131n d\u00fcnyas\u0131na gir. Ne de olsa kap\u0131lar, hayal g\u00fcc\u00fc olmayan insanlar i\u00e7indir. \ufffcTan\u0131t\u0131m Metni<\/p>\n","protected":false},"excerpt":{"rendered":"<p>Gelmi\u015f ge\u00e7mi\u015f en ba\u015f d\u00f6nd\u00fcr\u00fcc\u00fc dedektifin bildi\u011finiz kitaplar aras\u0131nda ya\u015fad\u0131\u011f\u0131 hi\u00e7 bilmedi\u011finiz maceralar\u0131 g\u00fcn y\u00fcz\u00fcne \u00e7\u0131k\u0131yor. \u00c7imlere bas&#8230; Pencereye t\u0131rman ve bu hikaye koleksiyonuyla Dedektif Kurukafa\u2019n\u0131n<span class=\"excerpt-hellip\"> [\u2026]<\/span><\/p>\n","protected":false},"featured_media":0,"template":"","meta":{"_monsterinsights_skip_tracking":false,"_monsterinsights_sitenote_active":false,"_monsterinsights_sitenote_note":"","_monsterinsights_sitenote_category":0},"product_brand":[],"product_cat":[12274,12284],"product_tag":[],"class_list":{"0":"post-704476","1":"product","2":"type-product","3":"status-publish","5":"product_cat-cocuk-ve-genclik-kitaplari","6":"product_cat-hikayeler","7":"pa_cilt-ciltli","8":"pa_tur-kitap","9":"pa_yayinevi-artemis-yayinlari","10":"pa_yazar-derek-landy","12":"first","13":"instock","14":"sale","15":"shipping-taxable","16":"purchasable","17":"product-type-simple"},"_links":{"self":[{"href":"https:\/\/roveyayinevi.com.tr\/index.php\/wp-json\/wp\/v2\/product\/704476","targetHints":{"allow":["GET"]}}],"collection":[{"href":"https:\/\/roveyayinevi.com.tr\/index.php\/wp-json\/wp\/v2\/product"}],"about":[{"href":"https:\/\/roveyayinevi.com.tr\/index.php\/wp-json\/wp\/v2\/types\/product"}],"wp:attachment":[{"href":"https:\/\/roveyayinevi.com.tr\/index.php\/wp-json\/wp\/v2\/media?parent=704476"}],"wp:term":[{"taxonomy":"product_brand","embeddable":true,"href":"https:\/\/roveyayinevi.com.tr\/index.php\/wp-json\/wp\/v2\/product_brand?post=704476"},{"taxonomy":"product_cat","embeddable":true,"href":"https:\/\/roveyayinevi.com.tr\/index.php\/wp-json\/wp\/v2\/product_cat?post=704476"},{"taxonomy":"product_tag","embeddable":true,"href":"https:\/\/roveyayinevi.com.tr\/index.php\/wp-json\/wp\/v2\/product_tag?post=704476"}],"curies":[{"name":"wp","href":"https:\/\/api.w.org\/{rel}","templated":true}]}}