{"id":704470,"date":"2025-08-27T15:36:10","date_gmt":"2025-08-27T12:36:10","guid":{"rendered":"https:\/\/roveyayinevi.com.tr\/index.php\/urun\/karasevda-kitabi\/"},"modified":"2026-04-16T02:13:28","modified_gmt":"2026-04-15T23:13:28","slug":"karasevda-kitabi","status":"publish","type":"product","link":"https:\/\/roveyayinevi.com.tr\/index.php\/urun\/karasevda-kitabi\/","title":{"rendered":"Karasevda Kitab\u0131"},"content":{"rendered":"<p>Sevdi\u011finiz birini kaybetmi\u015f kadar yaln\u0131z m\u0131 hissediyorsunuz, d\u00fcnyada kalan son insanm\u0131\u015fs\u0131n\u0131z gibi? Meraklanmay\u0131n. Melankoliye kap\u0131ld\u0131n\u0131z. Hastal\u0131k de\u011fil. Ola\u011fan insanl\u0131k hali. Karasevdaya tutuldunuz. \u0130lle \u00e2\u015f\u0131k olman\u0131z gerekmiyor, do\u011fu\u015ftan \u00e2\u015f\u0131ks\u0131n\u0131z, Mecnun gibi \u00e7\u00f6llerde buldunuz kendinizi, de\u011fil mi? Bazen de ak\u0131l almaz bir co\u015fkuyla k\u00f6p\u00fcr\u00fcp kanatlan\u0131yor mu ruhunuz? Bilinmeyen bir \u0131\u015f\u0131kla m\u0131 ayd\u0131nlan\u0131yorsunuz? H\u00fcz\u00fcnden zevk almaya m\u0131 ba\u015flad\u0131n\u0131z? Korkmay\u0131n. Delirmediniz. Depresyonda de\u011filsiniz. Melankoliyle tan\u0131\u015ft\u0131n\u0131z. Tek \u00e7aresi, daha iyi tan\u0131mak. Akl\u0131n\u0131zdaki b\u00fct\u00fcn sorular, bu kitapta. <\/p>\n","protected":false},"excerpt":{"rendered":"<p>Sevdi\u011finiz birini kaybetmi\u015f kadar yaln\u0131z m\u0131 hissediyorsunuz, d\u00fcnyada kalan son insanm\u0131\u015fs\u0131n\u0131z gibi? Meraklanmay\u0131n. Melankoliye kap\u0131ld\u0131n\u0131z. Hastal\u0131k de\u011fil. Ola\u011fan insanl\u0131k hali. Karasevdaya tutuldunuz. \u0130lle \u00e2\u015f\u0131k olman\u0131z gerekmiyor,<span class=\"excerpt-hellip\"> [\u2026]<\/span><\/p>\n","protected":false},"featured_media":0,"template":"","meta":{"_monsterinsights_skip_tracking":false,"_monsterinsights_sitenote_active":false,"_monsterinsights_sitenote_note":"","_monsterinsights_sitenote_category":0},"product_brand":[],"product_cat":[12291,12711],"product_tag":[],"class_list":{"0":"post-704470","1":"product","2":"type-product","3":"status-publish","5":"product_cat-edebiyat","6":"product_cat-roman-oyku","7":"pa_cilt-ciltsiz","8":"pa_tur-kitap","9":"pa_yayinevi-can-yayinlari","10":"pa_yazar-nilufer-kuyas","12":"first","13":"instock","14":"sale","15":"shipping-taxable","16":"purchasable","17":"product-type-simple"},"_links":{"self":[{"href":"https:\/\/roveyayinevi.com.tr\/index.php\/wp-json\/wp\/v2\/product\/704470","targetHints":{"allow":["GET"]}}],"collection":[{"href":"https:\/\/roveyayinevi.com.tr\/index.php\/wp-json\/wp\/v2\/product"}],"about":[{"href":"https:\/\/roveyayinevi.com.tr\/index.php\/wp-json\/wp\/v2\/types\/product"}],"wp:attachment":[{"href":"https:\/\/roveyayinevi.com.tr\/index.php\/wp-json\/wp\/v2\/media?parent=704470"}],"wp:term":[{"taxonomy":"product_brand","embeddable":true,"href":"https:\/\/roveyayinevi.com.tr\/index.php\/wp-json\/wp\/v2\/product_brand?post=704470"},{"taxonomy":"product_cat","embeddable":true,"href":"https:\/\/roveyayinevi.com.tr\/index.php\/wp-json\/wp\/v2\/product_cat?post=704470"},{"taxonomy":"product_tag","embeddable":true,"href":"https:\/\/roveyayinevi.com.tr\/index.php\/wp-json\/wp\/v2\/product_tag?post=704470"}],"curies":[{"name":"wp","href":"https:\/\/api.w.org\/{rel}","templated":true}]}}