{"id":704469,"date":"2025-08-27T15:36:09","date_gmt":"2025-08-27T12:36:09","guid":{"rendered":"https:\/\/roveyayinevi.com.tr\/index.php\/urun\/hinzir-kiz\/"},"modified":"2026-04-16T02:13:28","modified_gmt":"2026-04-15T23:13:28","slug":"hinzir-kiz","status":"publish","type":"product","link":"https:\/\/roveyayinevi.com.tr\/index.php\/urun\/hinzir-kiz\/","title":{"rendered":"H\u0131nz\u0131r K\u0131z"},"content":{"rendered":"<p>Sadece ahmaklar\u0131n mutlu oldu\u011funu s\u00f6yleseler de, itiraf ediyorum ki kendimi mutlu hissediyordum. G\u00fcnlerimi ve gecelerimi H\u0131nz\u0131r K\u0131z&#8217;la payla\u015fmak hayat\u0131m\u0131 dolduruyordu. Ge\u00e7mi\u015fteki buz gibi so\u011fuk tav\u0131rlar\u0131na k\u0131yasla, bana kar\u015f\u0131 sevecen davranmas\u0131na ra\u011fmen, g\u00fcn\u00fcn birinde, hi\u00e7 beklenmedik bir bi\u00e7imde maceralar\u0131na geri d\u00f6nece\u011fi ve ho\u015f\u00e7a kal bile demeden \u00e7ekip gidece\u011fi korkusuyla, beni daima huzursuz bir \u015fekilde ya\u015fatmay\u0131 ger\u00e7ekten ba\u015farm\u0131\u015ft\u0131.<\/p>\n","protected":false},"excerpt":{"rendered":"<p>Sadece ahmaklar\u0131n mutlu oldu\u011funu s\u00f6yleseler de, itiraf ediyorum ki kendimi mutlu hissediyordum. G\u00fcnlerimi ve gecelerimi H\u0131nz\u0131r K\u0131z&#8217;la payla\u015fmak hayat\u0131m\u0131 dolduruyordu. Ge\u00e7mi\u015fteki buz gibi so\u011fuk tav\u0131rlar\u0131na k\u0131yasla,<span class=\"excerpt-hellip\"> [\u2026]<\/span><\/p>\n","protected":false},"featured_media":0,"template":"","meta":{"_monsterinsights_skip_tracking":false,"_monsterinsights_sitenote_active":false,"_monsterinsights_sitenote_note":"","_monsterinsights_sitenote_category":0},"product_brand":[],"product_cat":[12291,12711],"product_tag":[],"class_list":{"0":"post-704469","1":"product","2":"type-product","3":"status-publish","5":"product_cat-edebiyat","6":"product_cat-roman-oyku","7":"pa_cilt-ciltsiz","8":"pa_tur-kitap","9":"pa_yayinevi-can-yayinlari","10":"pa_yazar-mario-vargas-llosa","12":"first","13":"instock","14":"sale","15":"shipping-taxable","16":"purchasable","17":"product-type-simple"},"_links":{"self":[{"href":"https:\/\/roveyayinevi.com.tr\/index.php\/wp-json\/wp\/v2\/product\/704469","targetHints":{"allow":["GET"]}}],"collection":[{"href":"https:\/\/roveyayinevi.com.tr\/index.php\/wp-json\/wp\/v2\/product"}],"about":[{"href":"https:\/\/roveyayinevi.com.tr\/index.php\/wp-json\/wp\/v2\/types\/product"}],"wp:attachment":[{"href":"https:\/\/roveyayinevi.com.tr\/index.php\/wp-json\/wp\/v2\/media?parent=704469"}],"wp:term":[{"taxonomy":"product_brand","embeddable":true,"href":"https:\/\/roveyayinevi.com.tr\/index.php\/wp-json\/wp\/v2\/product_brand?post=704469"},{"taxonomy":"product_cat","embeddable":true,"href":"https:\/\/roveyayinevi.com.tr\/index.php\/wp-json\/wp\/v2\/product_cat?post=704469"},{"taxonomy":"product_tag","embeddable":true,"href":"https:\/\/roveyayinevi.com.tr\/index.php\/wp-json\/wp\/v2\/product_tag?post=704469"}],"curies":[{"name":"wp","href":"https:\/\/api.w.org\/{rel}","templated":true}]}}