{"id":704468,"date":"2025-08-27T15:36:09","date_gmt":"2025-08-27T12:36:09","guid":{"rendered":"https:\/\/roveyayinevi.com.tr\/index.php\/urun\/firtina-bacasi\/"},"modified":"2026-04-16T02:13:28","modified_gmt":"2026-04-15T23:13:28","slug":"firtina-bacasi","status":"publish","type":"product","link":"https:\/\/roveyayinevi.com.tr\/index.php\/urun\/firtina-bacasi\/","title":{"rendered":"F\u0131rt\u0131na Bacas\u0131"},"content":{"rendered":"<p>Timo bir \u00f6r\u00fcmcek&#8230; Evinde ara s\u0131ra \u00e7\u0131kan f\u0131rt\u0131nalarla mutlu mesut ya\u015f\u0131yor. Ama bir g\u00fcn, garip bir sars\u0131nt\u0131yla her \u015fey de\u011fi\u015fiyor. \u0130ranl\u0131 sanat\u00e7\u0131 Vaghar Aghaei\u2019nin, i\u00e7inde beklenmedik bir s\u00fcrpriz bar\u0131ndan bu \u00f6yk\u00fcs\u00fcn\u00fc hem k\u00fc\u00e7\u00fck hem b\u00fcy\u00fck okurlar \u00e7ok sevecek&#8230; <\/p>\n","protected":false},"excerpt":{"rendered":"<p>Timo bir \u00f6r\u00fcmcek&#8230; Evinde ara s\u0131ra \u00e7\u0131kan f\u0131rt\u0131nalarla mutlu mesut ya\u015f\u0131yor. Ama bir g\u00fcn, garip bir sars\u0131nt\u0131yla her \u015fey de\u011fi\u015fiyor. \u0130ranl\u0131 sanat\u00e7\u0131 Vaghar Aghaei\u2019nin, i\u00e7inde beklenmedik<span class=\"excerpt-hellip\"> [\u2026]<\/span><\/p>\n","protected":false},"featured_media":0,"template":"","meta":{"_monsterinsights_skip_tracking":false,"_monsterinsights_sitenote_active":false,"_monsterinsights_sitenote_note":"","_monsterinsights_sitenote_category":0},"product_brand":[],"product_cat":[12274,12284],"product_tag":[],"class_list":{"0":"post-704468","1":"product","2":"type-product","3":"status-publish","5":"product_cat-cocuk-ve-genclik-kitaplari","6":"product_cat-hikayeler","7":"pa_cilt-ciltsiz","8":"pa_tur-kitap","9":"pa_yayinevi-can-cocuk-yayinlari","10":"pa_yazar-vaghar-aghaei","12":"first","13":"instock","14":"sale","15":"shipping-taxable","16":"purchasable","17":"product-type-simple"},"_links":{"self":[{"href":"https:\/\/roveyayinevi.com.tr\/index.php\/wp-json\/wp\/v2\/product\/704468","targetHints":{"allow":["GET"]}}],"collection":[{"href":"https:\/\/roveyayinevi.com.tr\/index.php\/wp-json\/wp\/v2\/product"}],"about":[{"href":"https:\/\/roveyayinevi.com.tr\/index.php\/wp-json\/wp\/v2\/types\/product"}],"wp:attachment":[{"href":"https:\/\/roveyayinevi.com.tr\/index.php\/wp-json\/wp\/v2\/media?parent=704468"}],"wp:term":[{"taxonomy":"product_brand","embeddable":true,"href":"https:\/\/roveyayinevi.com.tr\/index.php\/wp-json\/wp\/v2\/product_brand?post=704468"},{"taxonomy":"product_cat","embeddable":true,"href":"https:\/\/roveyayinevi.com.tr\/index.php\/wp-json\/wp\/v2\/product_cat?post=704468"},{"taxonomy":"product_tag","embeddable":true,"href":"https:\/\/roveyayinevi.com.tr\/index.php\/wp-json\/wp\/v2\/product_tag?post=704468"}],"curies":[{"name":"wp","href":"https:\/\/api.w.org\/{rel}","templated":true}]}}