{"id":704453,"date":"2025-08-27T15:36:04","date_gmt":"2025-08-27T12:36:04","guid":{"rendered":"https:\/\/roveyayinevi.com.tr\/index.php\/urun\/osmanli-imparatorlugunda-yabancilarin-mulk-edinmel\/"},"modified":"2026-04-16T02:13:27","modified_gmt":"2026-04-15T23:13:27","slug":"osmanli-imparatorlugunda-yabancilarin-mulk-edinmel","status":"publish","type":"product","link":"https:\/\/roveyayinevi.com.tr\/index.php\/urun\/osmanli-imparatorlugunda-yabancilarin-mulk-edinmel\/","title":{"rendered":"Osmanl\u0131 \u0130mparatorlu\u011funda Yabanc\u0131lar\u0131n M\u00fclk Edinmel"},"content":{"rendered":"<p>Elinizdeki \u00e7al\u0131\u015fma g\u00fcn\u00fcm\u00fczde olduk\u00e7a pop\u00fcler olan bir konuda sizleri adeta zaman \u015feridinde de\u011fi\u015fik mekansal duraklar\u0131 bulunan bir yolculu\u011fa davet etmektedir. Zamansal olarak ilk \u00c7a\u011fdan ba\u015flayarak Yak\u0131n \u00c7a\u011f\u00b4a kadar devam ede; mekansal olarak ise Uzak Do\u011fu Amerika, Bat\u0131 VAvrupa ve orta Avrupa gibi de\u011fi\u015fik d\u00f6nem ve duraklar\u0131 bulunan bu yolculu\u011fun ana temas\u0131 m\u00fclkiyet ve \u00f6zellikle de toprak m\u00fclkiyeti \u00fczerine kuruludur.Kar\u015f\u0131la\u015f\u0131lan d\u00f6nem ve mekanlardaki farkl\u0131l\u0131klar 19. y\u00fczy\u0131l d\u00fcnyas\u0131na gelindi\u011finde zihinlerde cevab\u0131 merakla aranan baz\u0131 sorular\u0131 ortaya \u00e7\u0131karacakt\u0131r. D\u00f6nem d\u00fcnyas\u0131n\u0131n gerekleri \u00e7er\u00e7evesinde yabanc\u0131 kavram\u0131 ve m\u00fclk edinebilmeleri sorunsal\u0131na Osmanl\u0131 \u0130mparatorlu\u011fu \u00f6zelinde yakla\u015f\u0131lacakt\u0131r. \u0130mparatorluk co\u011frafyas\u0131nda g\u00f6rkemli y\u0131llara \u015fahitlik edildikten sonra, toprak idaresindeki de\u011fi\u015fikliklerin de etkisiyle ortaya \u00e7\u0131kan baz\u0131 s\u0131k\u0131nt\u0131larla y\u00fcz y\u00fcze gelinecektir. Bir k\u0131sm\u0131 i\u00e7, bir k\u0131sm\u0131 da d\u0131\u015f temelli geli\u015fmelerden kaynakl\u0131 bu s\u0131k\u0131nt\u0131lar\u0131n, \u0130mparatorlu\u011fun toprak idaresindeki de\u011fi\u015fim ba\u015fta olmak \u00fczere ticari, mali ve sosyo &#8211; k\u00fclt\u00fcrel hayat\u0131nda yaratm\u0131\u015f oldu\u011fu derin k\u0131r\u0131lmalara \u015fahitlik edilecektir.Gelinen noktada \u0130mparatorlukta yabanc\u0131lar\u0131n m\u00fclk edinmeleri meselesinin bu k\u0131r\u0131lmalardan biri oldu\u011fu kanaatine var\u0131lacakt\u0131r. Evet, \u00f6zellike 19. y\u00fczy\u0131l ortalar\u0131ndan itibaren giderek a\u011f\u0131rl\u0131k kazanan baz\u0131 taleplerinde etkisiyle \u0130mparatorluk idaresi yabanc\u0131lar\u0131n m\u00fclk edinmesine serbesti getirmi\u015ftir. Bu serbesti elbette ki kendi i\u00e7inde baz\u0131 k\u0131s\u0131tlamalar\u0131 da bar\u0131nd\u0131rmaktayd\u0131. Bir yandan \u00e7aresi ve di\u011fer yandan var g\u00fcc\u00fcyle \u00f6nlem almyaa \u00e7al\u0131\u015fan bir idareyle kar\u015f\u0131 kar\u015f\u0131ya kal\u0131nacakt\u0131r.\u00c7al\u0131\u015fmada demir yolu, maden veya liman i\u015fletmeleri bulunan \u0130mparatorluk vilayetlerinde bu idari kadronun u\u011fra\u015f\u0131n\u0131n yan\u0131nda yabanc\u0131lar\u0131n arazi ve m\u00fcsakkkafat al\u0131m &#8211; sat\u0131m i\u015flemlerine \u015fahitlik edilmesi f\u0131rsat\u0131 sunulmaktad\u0131r. Bu sayede ka\u00e7 yabanc\u0131n\u0131n , neyi, nas\u0131l ve ne kadar bir \u00fccret kar\u015f\u0131l\u0131\u011f\u0131nda ald\u0131\u011f\u0131na dair hayli geni\u015f bilgilere ula\u015f\u0131lacakt\u0131r. T\u00fcm bunlar\u0131n yan\u0131nda \u0130mparatorlukta yabanc\u0131lar\u0131n m\u00fclk edinmesi s\u00fcrecinin, de\u011fi\u015fen \u015fartlar\u0131n, gerek g\u00f6rd\u00fc\u011f\u00fc farkl\u0131 uygulamalara ra\u011fmen zaman ve mekan g\u00f6steren insan faaliyetlerinden ba\u015fka bir \u015fey olmad\u0131\u011f\u0131 anla\u015f\u0131lacakt\u0131r&#8230;<\/p>\n","protected":false},"excerpt":{"rendered":"<p>Elinizdeki \u00e7al\u0131\u015fma g\u00fcn\u00fcm\u00fczde olduk\u00e7a pop\u00fcler olan bir konuda sizleri adeta zaman \u015feridinde de\u011fi\u015fik mekansal duraklar\u0131 bulunan bir yolculu\u011fa davet etmektedir. Zamansal olarak ilk \u00c7a\u011fdan ba\u015flayarak Yak\u0131n<span class=\"excerpt-hellip\"> [\u2026]<\/span><\/p>\n","protected":false},"featured_media":0,"template":"","meta":{"_monsterinsights_skip_tracking":false,"_monsterinsights_sitenote_active":false,"_monsterinsights_sitenote_note":"","_monsterinsights_sitenote_category":0},"product_brand":[],"product_cat":[13517,12304],"product_tag":[],"class_list":{"0":"post-704453","1":"product","2":"type-product","3":"status-publish","5":"product_cat-osmanli-tarihi","6":"product_cat-tarih","7":"pa_cilt-ciltsiz","8":"pa_tur-kitap","9":"pa_yayinevi-helke-yayinlari","10":"pa_yazar-murat-alandagli","12":"first","13":"instock","14":"sale","15":"shipping-taxable","16":"purchasable","17":"product-type-simple"},"_links":{"self":[{"href":"https:\/\/roveyayinevi.com.tr\/index.php\/wp-json\/wp\/v2\/product\/704453","targetHints":{"allow":["GET"]}}],"collection":[{"href":"https:\/\/roveyayinevi.com.tr\/index.php\/wp-json\/wp\/v2\/product"}],"about":[{"href":"https:\/\/roveyayinevi.com.tr\/index.php\/wp-json\/wp\/v2\/types\/product"}],"wp:attachment":[{"href":"https:\/\/roveyayinevi.com.tr\/index.php\/wp-json\/wp\/v2\/media?parent=704453"}],"wp:term":[{"taxonomy":"product_brand","embeddable":true,"href":"https:\/\/roveyayinevi.com.tr\/index.php\/wp-json\/wp\/v2\/product_brand?post=704453"},{"taxonomy":"product_cat","embeddable":true,"href":"https:\/\/roveyayinevi.com.tr\/index.php\/wp-json\/wp\/v2\/product_cat?post=704453"},{"taxonomy":"product_tag","embeddable":true,"href":"https:\/\/roveyayinevi.com.tr\/index.php\/wp-json\/wp\/v2\/product_tag?post=704453"}],"curies":[{"name":"wp","href":"https:\/\/api.w.org\/{rel}","templated":true}]}}