{"id":704437,"date":"2025-08-27T15:35:58","date_gmt":"2025-08-27T12:35:58","guid":{"rendered":"https:\/\/roveyayinevi.com.tr\/index.php\/urun\/seksten-superbilince\/"},"modified":"2026-04-16T02:13:27","modified_gmt":"2026-04-15T23:13:27","slug":"seksten-superbilince","status":"publish","type":"product","link":"https:\/\/roveyayinevi.com.tr\/index.php\/urun\/seksten-superbilince\/","title":{"rendered":"Seksten S\u00fcperbilince"},"content":{"rendered":"<p>Osho\u2019nun d\u00fcnyada en \u00e7ok tart\u0131\u015f\u0131lan ve merak uyand\u0131ran kitab\u0131 \u201cSeksten S\u00fcperbilince\u201d art\u0131k T\u00fcrk\u00e7ede!Bu seks enerjisi nedir? Neden hayatlar\u0131m\u0131z \u00fczerinde bu kadar b\u00fcy\u00fck bir kontrol g\u00fcc\u00fcne sahip? Neden hayatlar\u0131m\u0131z\u0131 bu kadar etkiliyor? Neden ya\u015fant\u0131m\u0131z, hayat\u0131m\u0131z\u0131n sonuna kadar onun \u00e7evresinde d\u00f6n\u00fcyor?\u00c7a\u011flard\u0131r bilgeler ve peygamberler seksten uzakla\u015fmam\u0131z gerekti\u011fini, onunla ilgili t\u00fcm d\u00fc\u015f\u00fcnce ve arzular\u0131 yasaklamam\u0131z gerekti\u011fini, o r\u00fcyalardan kurtulmam\u0131z gerekti\u011fini s\u00f6yleyip duruyor. Fakat o r\u00fcyalar insanlar\u0131 b\u0131rakm\u0131yor; bu \u015fekilde de b\u0131rakamaz.\u201cSana seksin ilahi bir \u015fey oldu\u011funu s\u00f6ylemek istiyorum. Seks enerjisi ilahi enerjidir, kutsal enerjidir. \u0130\u015fte bu y\u00fczden bu enerji yeni ya\u015fam\u0131 yarat\u0131r. O gelmi\u015f ge\u00e7mi\u015f en y\u00fcce, en gizemli g\u00fc\u00e7t\u00fcr.\u201d\u201cSekse kar\u015f\u0131 d\u00fc\u015fmanl\u0131k beslemekten vazge\u00e7. E\u011fer hayat\u0131na a\u015fk ya\u011fmurlar\u0131n\u0131n ya\u011fmas\u0131n\u0131 istiyorsan seksle \u00e7at\u0131\u015fmay\u0131 b\u0131rak. Seksi mutlu bir \u015fekilde kabul et. Onun kutsall\u0131\u011f\u0131n\u0131 kabul et.\u201d\u201cSana s\u00f6ylemek istedi\u011fim ilk prensip \u015fu, e\u011fer a\u015fk denilen olguyu tan\u0131mak istiyorsan ilk anahtar seksin kutsall\u0131\u011f\u0131n\u0131, ilahili\u011fini, y\u00fcceli\u011fini tamamen, t\u00fcm kalbinle kabul etmen. Seksi ne kadar b\u00fct\u00fcn\u00fcyle, ne kadar t\u00fcm kalbinle kabul edersen ondan o kadar \u00f6zg\u00fcrle\u015fece\u011fini g\u00f6receksin.\u201cA\u015fk ve Meditasyon seksten uzakla\u015fman\u0131n anahtar\u0131d\u0131r.\u201d <\/p>\n","protected":false},"excerpt":{"rendered":"<p>Osho\u2019nun d\u00fcnyada en \u00e7ok tart\u0131\u015f\u0131lan ve merak uyand\u0131ran kitab\u0131 \u201cSeksten S\u00fcperbilince\u201d art\u0131k T\u00fcrk\u00e7ede!Bu seks enerjisi nedir? Neden hayatlar\u0131m\u0131z \u00fczerinde bu kadar b\u00fcy\u00fck bir kontrol g\u00fcc\u00fcne sahip?<span class=\"excerpt-hellip\"> [\u2026]<\/span><\/p>\n","protected":false},"featured_media":0,"template":"","meta":{"_monsterinsights_skip_tracking":false,"_monsterinsights_sitenote_active":false,"_monsterinsights_sitenote_note":"","_monsterinsights_sitenote_category":0},"product_brand":[],"product_cat":[12364,12376],"product_tag":[],"class_list":{"0":"post-704437","1":"product","2":"type-product","3":"status-publish","5":"product_cat-genel-konular","6":"product_cat-kisisel-gelisim","7":"pa_cilt-ciltsiz","8":"pa_tur-kitap","9":"pa_yayinevi-ganj-yayinevi","10":"pa_yazar-osho","12":"first","13":"instock","14":"sale","15":"shipping-taxable","16":"purchasable","17":"product-type-simple"},"_links":{"self":[{"href":"https:\/\/roveyayinevi.com.tr\/index.php\/wp-json\/wp\/v2\/product\/704437","targetHints":{"allow":["GET"]}}],"collection":[{"href":"https:\/\/roveyayinevi.com.tr\/index.php\/wp-json\/wp\/v2\/product"}],"about":[{"href":"https:\/\/roveyayinevi.com.tr\/index.php\/wp-json\/wp\/v2\/types\/product"}],"wp:attachment":[{"href":"https:\/\/roveyayinevi.com.tr\/index.php\/wp-json\/wp\/v2\/media?parent=704437"}],"wp:term":[{"taxonomy":"product_brand","embeddable":true,"href":"https:\/\/roveyayinevi.com.tr\/index.php\/wp-json\/wp\/v2\/product_brand?post=704437"},{"taxonomy":"product_cat","embeddable":true,"href":"https:\/\/roveyayinevi.com.tr\/index.php\/wp-json\/wp\/v2\/product_cat?post=704437"},{"taxonomy":"product_tag","embeddable":true,"href":"https:\/\/roveyayinevi.com.tr\/index.php\/wp-json\/wp\/v2\/product_tag?post=704437"}],"curies":[{"name":"wp","href":"https:\/\/api.w.org\/{rel}","templated":true}]}}