{"id":704429,"date":"2025-08-27T15:35:06","date_gmt":"2025-08-27T12:35:06","guid":{"rendered":"https:\/\/roveyayinevi.com.tr\/index.php\/urun\/cizim-teknikleri-korkunc-dinozorlar\/"},"modified":"2026-04-16T02:13:26","modified_gmt":"2026-04-15T23:13:26","slug":"cizim-teknikleri-korkunc-dinozorlar","status":"publish","type":"product","link":"https:\/\/roveyayinevi.com.tr\/index.php\/urun\/cizim-teknikleri-korkunc-dinozorlar\/","title":{"rendered":"\u00c7izim Teknikleri: Korkun\u00e7 Dinozorlar"},"content":{"rendered":"<p>Tarih\u00f6ncesi d\u00f6nemin y\u0131rt\u0131c\u0131 devlerine hi\u00e7 ilgi duymam\u0131\u015f olan\u0131m\u0131z herhalde yoktur. Peki dinozorlara bu kez kendiniz hayat vermeye ne dersiniz? Her sayfas\u0131nda detayl\u0131 a\u00e7\u0131klamalar\u0131 ve resimleriyle, \u00e7izimin her a\u015famas\u0131n\u0131 ad\u0131m ad\u0131m anlatan bu e\u011flenceli k\u0131lavuz sayesinde, en sevdi\u011finiz dinozorlar\u0131 \u00e7izmek art\u0131k daha kolay. Hi\u00e7 \u00e7izim yapmay\u0131 bilmeyenler kadar, biraz becerisi olan ve tekni\u011fini geli\u015ftirmek isteyenlerin de \u00e7ok sevece\u011fi bir kitap. \ufffcTan\u0131t\u0131m Metni<\/p>\n","protected":false},"excerpt":{"rendered":"<p>Tarih\u00f6ncesi d\u00f6nemin y\u0131rt\u0131c\u0131 devlerine hi\u00e7 ilgi duymam\u0131\u015f olan\u0131m\u0131z herhalde yoktur. Peki dinozorlara bu kez kendiniz hayat vermeye ne dersiniz? Her sayfas\u0131nda detayl\u0131 a\u00e7\u0131klamalar\u0131 ve resimleriyle, \u00e7izimin<span class=\"excerpt-hellip\"> [\u2026]<\/span><\/p>\n","protected":false},"featured_media":0,"template":"","meta":{"_monsterinsights_skip_tracking":false,"_monsterinsights_sitenote_active":false,"_monsterinsights_sitenote_note":"","_monsterinsights_sitenote_category":0},"product_brand":[],"product_cat":[12274,12631],"product_tag":[],"class_list":{"0":"post-704429","1":"product","2":"type-product","3":"status-publish","5":"product_cat-cocuk-ve-genclik-kitaplari","6":"product_cat-diger-cocuk-ve-genclik-kitaplari","7":"pa_cilt-ciltsiz","8":"pa_tur-kitap","9":"pa_yayinevi-mavi-bulut-yayinlari","10":"pa_yazar-susie-hodge","12":"first","13":"instock","14":"sale","15":"shipping-taxable","16":"purchasable","17":"product-type-simple"},"_links":{"self":[{"href":"https:\/\/roveyayinevi.com.tr\/index.php\/wp-json\/wp\/v2\/product\/704429","targetHints":{"allow":["GET"]}}],"collection":[{"href":"https:\/\/roveyayinevi.com.tr\/index.php\/wp-json\/wp\/v2\/product"}],"about":[{"href":"https:\/\/roveyayinevi.com.tr\/index.php\/wp-json\/wp\/v2\/types\/product"}],"wp:attachment":[{"href":"https:\/\/roveyayinevi.com.tr\/index.php\/wp-json\/wp\/v2\/media?parent=704429"}],"wp:term":[{"taxonomy":"product_brand","embeddable":true,"href":"https:\/\/roveyayinevi.com.tr\/index.php\/wp-json\/wp\/v2\/product_brand?post=704429"},{"taxonomy":"product_cat","embeddable":true,"href":"https:\/\/roveyayinevi.com.tr\/index.php\/wp-json\/wp\/v2\/product_cat?post=704429"},{"taxonomy":"product_tag","embeddable":true,"href":"https:\/\/roveyayinevi.com.tr\/index.php\/wp-json\/wp\/v2\/product_tag?post=704429"}],"curies":[{"name":"wp","href":"https:\/\/api.w.org\/{rel}","templated":true}]}}