{"id":704415,"date":"2025-08-27T15:34:59","date_gmt":"2025-08-27T12:34:59","guid":{"rendered":"https:\/\/roveyayinevi.com.tr\/index.php\/urun\/portekizce-dil-kartlari\/"},"modified":"2026-04-16T02:13:26","modified_gmt":"2026-04-15T23:13:26","slug":"portekizce-dil-kartlari","status":"publish","type":"product","link":"https:\/\/roveyayinevi.com.tr\/index.php\/urun\/portekizce-dil-kartlari\/","title":{"rendered":"Portekizce Dil Kartlar\u0131"},"content":{"rendered":"<p>Bu \u00e7al\u0131\u015fma;\u00d6zet gramer, genel ifadeler ve s\u0131k kullan\u0131lan kelimelerden se\u00e7ilen s\u00f6zl\u00fck b\u00f6l\u00fcmlerinden olu\u015fmaktad\u0131r.Kelime ve c\u00fcmlelerin kar\u015f\u0131l\u0131klar\u0131 Portekiz ve Brezilya okunu\u015f farkl\u0131l\u0131klar\u0131yla verilmi\u015ftir. Brezilya okunu\u015flar\u0131n Portekiz okunu\u015flar\u0131yla ayn\u0131 oldu\u011fu kelimeler \u201c&lt;-\u201d i\u015fareti ile g\u00f6sterilmi\u015ftir.Her kelime numaraland\u0131r\u0131lm\u0131\u015f, kartlar\u0131n \u00f6n y\u00fcz\u00fcnde T\u00fcrk\u00e7eleri, arka y\u00fcz\u00fcnde ise kar\u015f\u0131l\u0131klar\u0131 ve telaffuzlar\u0131 ayn\u0131 numara ile verilmi\u015ftir.Alfabe, telaffuz kurallar\u0131 ve temel dil bilgisi, kartlar\u0131n hemen ba\u015flang\u0131c\u0131nda, pratik konu\u015fma k\u0131lavuzu ise devam\u0131nda bulunmaktad\u0131r. Bunun d\u0131\u015f\u0131nda kelimeler b\u00f6l\u00fcm\u00fcnde baz\u0131 konu ba\u015fl\u0131klar\u0131nda konu ile ilgili kilit c\u00fcmleler verilmi\u015ftir. <\/p>\n","protected":false},"excerpt":{"rendered":"<p>Bu \u00e7al\u0131\u015fma;\u00d6zet gramer, genel ifadeler ve s\u0131k kullan\u0131lan kelimelerden se\u00e7ilen s\u00f6zl\u00fck b\u00f6l\u00fcmlerinden olu\u015fmaktad\u0131r.Kelime ve c\u00fcmlelerin kar\u015f\u0131l\u0131klar\u0131 Portekiz ve Brezilya okunu\u015f farkl\u0131l\u0131klar\u0131yla verilmi\u015ftir. Brezilya okunu\u015flar\u0131n Portekiz okunu\u015flar\u0131yla<span class=\"excerpt-hellip\"> [\u2026]<\/span><\/p>\n","protected":false},"featured_media":0,"template":"","meta":{"_monsterinsights_skip_tracking":false,"_monsterinsights_sitenote_active":false,"_monsterinsights_sitenote_note":"","_monsterinsights_sitenote_category":0},"product_brand":[],"product_cat":[14597,12566,15656],"product_tag":[],"class_list":{"0":"post-704415","1":"product","2":"type-product","3":"status-publish","5":"product_cat-dil-ogrenimi","6":"product_cat-egitim","7":"product_cat-portekizce","8":"pa_cilt-ciltsiz","9":"pa_tur-kitap10","10":"pa_yayinevi-delta-kultur-yayinevi","11":"pa_yazar-ibrahim-aybek","13":"first","14":"instock","15":"sale","16":"shipping-taxable","17":"purchasable","18":"product-type-simple"},"_links":{"self":[{"href":"https:\/\/roveyayinevi.com.tr\/index.php\/wp-json\/wp\/v2\/product\/704415","targetHints":{"allow":["GET"]}}],"collection":[{"href":"https:\/\/roveyayinevi.com.tr\/index.php\/wp-json\/wp\/v2\/product"}],"about":[{"href":"https:\/\/roveyayinevi.com.tr\/index.php\/wp-json\/wp\/v2\/types\/product"}],"wp:attachment":[{"href":"https:\/\/roveyayinevi.com.tr\/index.php\/wp-json\/wp\/v2\/media?parent=704415"}],"wp:term":[{"taxonomy":"product_brand","embeddable":true,"href":"https:\/\/roveyayinevi.com.tr\/index.php\/wp-json\/wp\/v2\/product_brand?post=704415"},{"taxonomy":"product_cat","embeddable":true,"href":"https:\/\/roveyayinevi.com.tr\/index.php\/wp-json\/wp\/v2\/product_cat?post=704415"},{"taxonomy":"product_tag","embeddable":true,"href":"https:\/\/roveyayinevi.com.tr\/index.php\/wp-json\/wp\/v2\/product_tag?post=704415"}],"curies":[{"name":"wp","href":"https:\/\/api.w.org\/{rel}","templated":true}]}}