{"id":704411,"date":"2025-08-27T15:34:57","date_gmt":"2025-08-27T12:34:57","guid":{"rendered":"https:\/\/roveyayinevi.com.tr\/index.php\/urun\/hayvan-olmak-gunahtir\/"},"modified":"2026-04-08T02:17:44","modified_gmt":"2026-04-07T23:17:44","slug":"hayvan-olmak-gunahtir","status":"publish","type":"product","link":"https:\/\/roveyayinevi.com.tr\/index.php\/urun\/hayvan-olmak-gunahtir\/","title":{"rendered":"Hayvan Olmak G\u00fcnaht\u0131r"},"content":{"rendered":"<p>Kocaman bir hayvanat bah\u00e7esinde ya\u015f\u0131yoruz. D\u00f6rt bir yan\u0131m\u0131zda maymunlar, timsahlar ve koyunlar&#8230; Her birimizin i\u00e7inde, duygusal ve ilkel beynine esir d\u00fc\u015fm\u00fc\u015f hayvanlar var. \u00d6fkeden deliye d\u00f6nd\u00fc\u011f\u00fcm\u00fczde, bir timsah ne yap\u0131yorsa ayn\u0131s\u0131n\u0131 yap\u0131yoruz. Duygusal beynimize yenik d\u00fc\u015f\u00fcyor ve bir koyunla ayn\u0131 tepkileri veriyoruz. Bizler ilkel ve duygusal beynimizin art\u0131klar\u0131yla me\u015fgulken, bilgeler bize insanl\u0131k tarihi kadar eski o s\u0131rr\u0131 f\u0131s\u0131ld\u0131yorlar. <\/p>\n","protected":false},"excerpt":{"rendered":"<p>Kocaman bir hayvanat bah\u00e7esinde ya\u015f\u0131yoruz. D\u00f6rt bir yan\u0131m\u0131zda maymunlar, timsahlar ve koyunlar&#8230; Her birimizin i\u00e7inde, duygusal ve ilkel beynine esir d\u00fc\u015fm\u00fc\u015f hayvanlar var. \u00d6fkeden deliye d\u00f6nd\u00fc\u011f\u00fcm\u00fczde,<span class=\"excerpt-hellip\"> [\u2026]<\/span><\/p>\n","protected":false},"featured_media":0,"template":"","meta":{"_monsterinsights_skip_tracking":false,"_monsterinsights_sitenote_active":false,"_monsterinsights_sitenote_note":"","_monsterinsights_sitenote_category":0},"product_brand":[],"product_cat":[12364,12376],"product_tag":[],"class_list":{"0":"post-704411","1":"product","2":"type-product","3":"status-publish","5":"product_cat-genel-konular","6":"product_cat-kisisel-gelisim","7":"pa_cilt-ciltsiz","8":"pa_tur-kitap","9":"pa_yayinevi-cay-yayinlari","10":"pa_yazar-mustafa-cay","12":"first","13":"instock","14":"sale","15":"shipping-taxable","16":"purchasable","17":"product-type-simple"},"_links":{"self":[{"href":"https:\/\/roveyayinevi.com.tr\/index.php\/wp-json\/wp\/v2\/product\/704411","targetHints":{"allow":["GET"]}}],"collection":[{"href":"https:\/\/roveyayinevi.com.tr\/index.php\/wp-json\/wp\/v2\/product"}],"about":[{"href":"https:\/\/roveyayinevi.com.tr\/index.php\/wp-json\/wp\/v2\/types\/product"}],"wp:attachment":[{"href":"https:\/\/roveyayinevi.com.tr\/index.php\/wp-json\/wp\/v2\/media?parent=704411"}],"wp:term":[{"taxonomy":"product_brand","embeddable":true,"href":"https:\/\/roveyayinevi.com.tr\/index.php\/wp-json\/wp\/v2\/product_brand?post=704411"},{"taxonomy":"product_cat","embeddable":true,"href":"https:\/\/roveyayinevi.com.tr\/index.php\/wp-json\/wp\/v2\/product_cat?post=704411"},{"taxonomy":"product_tag","embeddable":true,"href":"https:\/\/roveyayinevi.com.tr\/index.php\/wp-json\/wp\/v2\/product_tag?post=704411"}],"curies":[{"name":"wp","href":"https:\/\/api.w.org\/{rel}","templated":true}]}}