{"id":704403,"date":"2025-08-27T15:34:53","date_gmt":"2025-08-27T12:34:53","guid":{"rendered":"https:\/\/roveyayinevi.com.tr\/index.php\/urun\/muze-dersleri\/"},"modified":"2025-09-17T21:50:10","modified_gmt":"2025-09-17T18:50:10","slug":"muze-dersleri","status":"publish","type":"product","link":"https:\/\/roveyayinevi.com.tr\/index.php\/urun\/muze-dersleri\/","title":{"rendered":"M\u00fcze Dersleri"},"content":{"rendered":"<p>Sanat eserleriyle kurdu\u011fumuz ili\u015fkide m\u00fczede verilen e\u011fitimin rol\u00fcne olabilir? Ders verenler ve g\u00f6n\u00fcll\u00fc rehberler bu ili\u015fkinin derinle\u015fmesine ne \u015fekilde katk\u0131da bulunabilirler? Kolektif bir sanat deneyimini hayal edebilir miyiz? Ara\u015ft\u0131rma ve ke\u015fif hissini k\u00f6r\u00fckleyecek bir m\u00fcze deneyimi nas\u0131l kurgulan\u0131r? B\u00f6ylesi bir deneyimi yaratabilecek e\u011fitimin teorik \u00e7er\u00e7evesi ne olmal\u0131d\u0131r? <\/p>\n","protected":false},"excerpt":{"rendered":"<p>Sanat eserleriyle kurdu\u011fumuz ili\u015fkide m\u00fczede verilen e\u011fitimin rol\u00fcne olabilir? Ders verenler ve g\u00f6n\u00fcll\u00fc rehberler bu ili\u015fkinin derinle\u015fmesine ne \u015fekilde katk\u0131da bulunabilirler? Kolektif bir sanat deneyimini hayal<span class=\"excerpt-hellip\"> [\u2026]<\/span><\/p>\n","protected":false},"featured_media":0,"template":"","meta":{"_monsterinsights_skip_tracking":false,"_monsterinsights_sitenote_active":false,"_monsterinsights_sitenote_note":"","_monsterinsights_sitenote_category":0},"product_brand":[],"product_cat":[12408],"product_tag":[],"class_list":{"0":"post-704403","1":"product","2":"type-product","3":"status-publish","5":"product_cat-sanat","6":"pa_tur-kitap","7":"pa_yayinevi-koc-universitesi-yayinlari","8":"pa_yazar-rika-burnham","10":"first","11":"instock","12":"sale","13":"shipping-taxable","14":"purchasable","15":"product-type-simple"},"_links":{"self":[{"href":"https:\/\/roveyayinevi.com.tr\/index.php\/wp-json\/wp\/v2\/product\/704403","targetHints":{"allow":["GET"]}}],"collection":[{"href":"https:\/\/roveyayinevi.com.tr\/index.php\/wp-json\/wp\/v2\/product"}],"about":[{"href":"https:\/\/roveyayinevi.com.tr\/index.php\/wp-json\/wp\/v2\/types\/product"}],"wp:attachment":[{"href":"https:\/\/roveyayinevi.com.tr\/index.php\/wp-json\/wp\/v2\/media?parent=704403"}],"wp:term":[{"taxonomy":"product_brand","embeddable":true,"href":"https:\/\/roveyayinevi.com.tr\/index.php\/wp-json\/wp\/v2\/product_brand?post=704403"},{"taxonomy":"product_cat","embeddable":true,"href":"https:\/\/roveyayinevi.com.tr\/index.php\/wp-json\/wp\/v2\/product_cat?post=704403"},{"taxonomy":"product_tag","embeddable":true,"href":"https:\/\/roveyayinevi.com.tr\/index.php\/wp-json\/wp\/v2\/product_tag?post=704403"}],"curies":[{"name":"wp","href":"https:\/\/api.w.org\/{rel}","templated":true}]}}