{"id":704398,"date":"2025-08-27T15:34:50","date_gmt":"2025-08-27T12:34:50","guid":{"rendered":"https:\/\/roveyayinevi.com.tr\/index.php\/urun\/dune\/"},"modified":"2026-04-12T02:15:52","modified_gmt":"2026-04-11T23:15:52","slug":"dune","status":"publish","type":"product","link":"https:\/\/roveyayinevi.com.tr\/index.php\/urun\/dune\/","title":{"rendered":"Dune"},"content":{"rendered":"<p>\u201cY\u00fcz\u00fcklerin Efendisi d\u0131\u015f\u0131nda bu kitapla k\u0131yaslanacak ba\u015fka bir kitap yok.\u201dArthur C. Clarke\u201cG\u00fc\u00e7l\u00fc, inand\u0131r\u0131c\u0131 ve usta i\u015fi.\u201dRobert A. Heinlein\u201cModern bilimkurgunun mihenk ta\u015flar\u0131ndan biri.\u201dChicago TribuneEn \u0130yi Roman kategorisinde Hugo \u00d6d\u00fcl\u00fcEn \u0130yi Roman kategorisinde Nebula \u00d6d\u00fcl\u00fcOkurlar taraf\u0131ndan 20. y\u00fczy\u0131l\u0131n en iyi bilimkurgu yap\u0131t\u0131 se\u00e7ilen Dune serisi, yepyeni kapaklar\u0131 ve g\u00f6zden ge\u00e7irilmi\u015f \u00e7evirileriyle 50. y\u0131l\u0131nda \u0130thaki\u2019de.Modern edebiyat\u0131n en epik mesih anlat\u0131lar\u0131ndan biri say\u0131lan Dune, gen\u00e7 Paul Atreides\u2019in hik\u00e2yesini anlat\u0131r. Atreides\u2019in ailesi, evrendeki en \u00f6nemli ve en de\u011ferli madde olan melanj \u2018baharat\u0131n\u0131n\u2019 tek kayna\u011f\u0131 olarak bilinen Arrakis gezegeninin kontrol\u00fcn\u00fc kabul etmi\u015ftir. \u0130mpatorlu\u011fun g\u00fc\u00e7leri Arrakis\u2019in kontrol\u00fc i\u00e7in birbirlerinin bo\u011faz\u0131na sar\u0131l\u0131rken, politika, din, ekoloji, teknoloji ve insani duygular\u0131n \u00e7ok katmanl\u0131, karma\u015f\u0131k etkile\u015fiminden benzersiz bir hikaye do\u011facakt\u0131r.Frank Herbert\u2019\u0131n yaratt\u0131\u011f\u0131 evren, y\u0131llar boyunca milyonlarca okurun zihninde ger\u00e7ekli\u011fini kabul ettirdi ve bug\u00fcn de ayakta.\u0130yi bir bilimkurgu ve iyi bir edebiyat yap\u0131t\u0131 okumak isteyen herkesin yolu Dune serisinde birle\u015fiyor\u2026 \u0130thaki\u2019nin yepyeni \u201cBilimkurgu Klasikleri\u201d dizisi Dune efsanesiyle ba\u015fl\u0131yor\u2026 <\/p>\n","protected":false},"excerpt":{"rendered":"<p>\u201cY\u00fcz\u00fcklerin Efendisi d\u0131\u015f\u0131nda bu kitapla k\u0131yaslanacak ba\u015fka bir kitap yok.\u201dArthur C. Clarke\u201cG\u00fc\u00e7l\u00fc, inand\u0131r\u0131c\u0131 ve usta i\u015fi.\u201dRobert A. Heinlein\u201cModern bilimkurgunun mihenk ta\u015flar\u0131ndan biri.\u201dChicago TribuneEn \u0130yi Roman kategorisinde<span class=\"excerpt-hellip\"> [\u2026]<\/span><\/p>\n","protected":false},"featured_media":0,"template":"","meta":{"_monsterinsights_skip_tracking":false,"_monsterinsights_sitenote_active":false,"_monsterinsights_sitenote_note":"","_monsterinsights_sitenote_category":0},"product_brand":[],"product_cat":[12291,12711],"product_tag":[],"class_list":{"0":"post-704398","1":"product","2":"type-product","3":"status-publish","5":"product_cat-edebiyat","6":"product_cat-roman-oyku","7":"pa_cilt-ciltsiz","8":"pa_tur-kitap","9":"pa_yayinevi-ithaki-yayinlari","10":"pa_yazar-frank-herbert","12":"first","13":"instock","14":"sale","15":"shipping-taxable","16":"purchasable","17":"product-type-simple"},"_links":{"self":[{"href":"https:\/\/roveyayinevi.com.tr\/index.php\/wp-json\/wp\/v2\/product\/704398","targetHints":{"allow":["GET"]}}],"collection":[{"href":"https:\/\/roveyayinevi.com.tr\/index.php\/wp-json\/wp\/v2\/product"}],"about":[{"href":"https:\/\/roveyayinevi.com.tr\/index.php\/wp-json\/wp\/v2\/types\/product"}],"wp:attachment":[{"href":"https:\/\/roveyayinevi.com.tr\/index.php\/wp-json\/wp\/v2\/media?parent=704398"}],"wp:term":[{"taxonomy":"product_brand","embeddable":true,"href":"https:\/\/roveyayinevi.com.tr\/index.php\/wp-json\/wp\/v2\/product_brand?post=704398"},{"taxonomy":"product_cat","embeddable":true,"href":"https:\/\/roveyayinevi.com.tr\/index.php\/wp-json\/wp\/v2\/product_cat?post=704398"},{"taxonomy":"product_tag","embeddable":true,"href":"https:\/\/roveyayinevi.com.tr\/index.php\/wp-json\/wp\/v2\/product_tag?post=704398"}],"curies":[{"name":"wp","href":"https:\/\/api.w.org\/{rel}","templated":true}]}}