{"id":704396,"date":"2025-08-27T15:34:49","date_gmt":"2025-08-27T12:34:49","guid":{"rendered":"https:\/\/roveyayinevi.com.tr\/index.php\/urun\/estetize-edilmis-yasam\/"},"modified":"2026-04-16T02:13:26","modified_gmt":"2026-04-15T23:13:26","slug":"estetize-edilmis-yasam","status":"publish","type":"product","link":"https:\/\/roveyayinevi.com.tr\/index.php\/urun\/estetize-edilmis-yasam\/","title":{"rendered":"Estetize Edilmi\u015f Ya\u015fam"},"content":{"rendered":"<p>\u00dcnsal Oskay, bu derlemesinde, Benjamin \u00fczerine yazd\u0131\u011f\u0131 iki makalesini, Benjamin\u2019in \u201cAlman Fa\u015fizminin Kuramlar\u0131\u201d ba\u015fl\u0131kl\u0131 incelemesiyle Ansgar Hillach\u2019\u0131n bu inceleme hakk\u0131ndaki bir de\u011ferlendirmesini ve yine Benjamin\u2019in \u201cTarih \u00dczerine Tezler\u201d adl\u0131 \u00e7al\u0131\u015fmas\u0131n\u0131 \u201cAlman Fa\u015fizminin Kuramlar\u0131\u201d ekseninde bir araya getiriyor. <\/p>\n","protected":false},"excerpt":{"rendered":"<p>\u00dcnsal Oskay, bu derlemesinde, Benjamin \u00fczerine yazd\u0131\u011f\u0131 iki makalesini, Benjamin\u2019in \u201cAlman Fa\u015fizminin Kuramlar\u0131\u201d ba\u015fl\u0131kl\u0131 incelemesiyle Ansgar Hillach\u2019\u0131n bu inceleme hakk\u0131ndaki bir de\u011ferlendirmesini ve yine Benjamin\u2019in \u201cTarih<span class=\"excerpt-hellip\"> [\u2026]<\/span><\/p>\n","protected":false},"featured_media":0,"template":"","meta":{"_monsterinsights_skip_tracking":false,"_monsterinsights_sitenote_active":false,"_monsterinsights_sitenote_note":"","_monsterinsights_sitenote_category":0},"product_brand":[],"product_cat":[12312,12304],"product_tag":[],"class_list":{"0":"post-704396","1":"product","2":"type-product","3":"status-publish","5":"product_cat-diger","6":"product_cat-tarih","7":"pa_cilt-ciltsiz","8":"pa_tur-kitap","9":"pa_yayinevi-inkilap-kitabevi","10":"pa_yazar-walter-benjamin","12":"first","13":"instock","14":"sale","15":"shipping-taxable","16":"purchasable","17":"product-type-simple"},"_links":{"self":[{"href":"https:\/\/roveyayinevi.com.tr\/index.php\/wp-json\/wp\/v2\/product\/704396","targetHints":{"allow":["GET"]}}],"collection":[{"href":"https:\/\/roveyayinevi.com.tr\/index.php\/wp-json\/wp\/v2\/product"}],"about":[{"href":"https:\/\/roveyayinevi.com.tr\/index.php\/wp-json\/wp\/v2\/types\/product"}],"wp:attachment":[{"href":"https:\/\/roveyayinevi.com.tr\/index.php\/wp-json\/wp\/v2\/media?parent=704396"}],"wp:term":[{"taxonomy":"product_brand","embeddable":true,"href":"https:\/\/roveyayinevi.com.tr\/index.php\/wp-json\/wp\/v2\/product_brand?post=704396"},{"taxonomy":"product_cat","embeddable":true,"href":"https:\/\/roveyayinevi.com.tr\/index.php\/wp-json\/wp\/v2\/product_cat?post=704396"},{"taxonomy":"product_tag","embeddable":true,"href":"https:\/\/roveyayinevi.com.tr\/index.php\/wp-json\/wp\/v2\/product_tag?post=704396"}],"curies":[{"name":"wp","href":"https:\/\/api.w.org\/{rel}","templated":true}]}}