{"id":704392,"date":"2025-08-27T15:34:47","date_gmt":"2025-08-27T12:34:47","guid":{"rendered":"https:\/\/roveyayinevi.com.tr\/index.php\/urun\/elric-ruh-hirsizi\/"},"modified":"2026-04-16T02:13:26","modified_gmt":"2026-04-15T23:13:26","slug":"elric-ruh-hirsizi","status":"publish","type":"product","link":"https:\/\/roveyayinevi.com.tr\/index.php\/urun\/elric-ruh-hirsizi\/","title":{"rendered":"Elric: Ruh H\u0131rs\u0131z\u0131"},"content":{"rendered":"<p>&#8220;Moorcock&#8217;\u0131 okuduktan sonra t\u00fcm hayat\u0131m de\u011fi\u015fti.&#8221;- Neil Gaiman-&#8220;Bu hikayeler beni ve Moorcock&#8217;\u0131n \u0131\u015f\u0131l \u0131\u015f\u0131l ve tutsak edici a\u011f\u0131na yakaland\u0131\u011f\u0131n\u0131 bildi\u011fim pek \u00e7ok hayran\u0131 ilk kez kendine \u00e7eken b\u00fcy\u00fclerdir.&#8221;- Alan Moore&#8221;Moorcock&#8217;\u0131n kitaplar\u0131n\u0131 okumad\u0131ysan\u0131z, \u00e7ok b\u00fcy\u00fck \u015feyler ka\u00e7\u0131r\u0131yorsunuz.&#8221;- Brandon Sanderson&#8221;Tolkien sonras\u0131 \u0130ngiliz fantastik edebiyat\u0131n\u0131n en b\u00fcy\u00fck yazar\u0131.&#8221;- Michael Chabon\u0130thaki Yay\u0131nlar\u0131, bildi\u011fimiz kahraman tan\u0131m\u0131na hi\u00e7 uymayan, k\u0131rm\u0131z\u0131 g\u00f6zl\u00fc, hastal\u0131kl\u0131, kendi t\u00fcr\u00fcne ihanet etmi\u015f, tart\u0131\u015fmal\u0131 insanl\u0131\u011f\u0131n\u0131n y\u0131pranm\u0131\u015f s\u0131n\u0131rlar\u0131nda umutsuzca ya\u015fayan albino d\u00fck Elric&#8217;in daha \u00f6nceden anlat\u0131lm\u0131\u015f ve hi\u00e7 anlat\u0131lmam\u0131\u015f maceralar\u0131n\u0131 gururla sunar!Fantastik edebiyatta hi\u00e7bir karakterin yapamad\u0131\u011f\u0131n\u0131 yapan, takip\u00e7isi eserleri k\u00f6kten etkileyen yeg\u00e2ne karakter: Moorcock&#8217;\u0131n fiziksel olarak zay\u0131f, zihinsel olarak sorunlu, bir uyu\u015fturucu ba\u011f\u0131ml\u0131s\u0131 gibi k\u0131l\u0131c\u0131na tutkun, rock&#8217;n roll tarz\u0131 anti-kahraman\u0131 Elric!Ejderha M\u0131zra\u011f\u0131&#8217;n\u0131n Raistlin&#8217;i; Unutulmu\u015f Diyarlar&#8217;\u0131n Drizzt&#8217;i; Sandman&#8217;in ta kendisi olan Dream; Rivial\u0131 Geralt, nam-\u0131 di\u011fer Witcher\u2026 Hepsi bir \u015fekilde Elric evreninden do\u011fan kahramanlar\u2026Bu benzersiz karakter ve onun s\u0131rad\u0131\u015f\u0131 maceralar\u0131 T\u00fcrk\u00e7eye hi\u00e7 olmad\u0131\u011f\u0131 kadar g\u00fc\u00e7l\u00fc bir d\u00f6n\u00fc\u015f yap\u0131yor. Moorcock&#8217;\u0131n &#8220;nihai edisyon&#8221; dedi\u011fi Melnibon\u00e9&#8217;nin Son \u0130mparatorunun Tarih\u00e7eleri, Elric&#8217;in t\u00fcm maceralar\u0131n\u0131 i\u00e7ermekle kalmay\u0131p yepyeni \u00f6ns\u00f6z ve \u00e7izimler, mektuplar, fantastik edebiyat \u00fczerine denemeler, Elric&#8217;e ilham veren \u00f6yk\u00fcler, senaryolar ve g\u00f6rsellerle zenginle\u015ftirilmi\u015f e\u015fsiz bir koleksiyon niteli\u011finde. <\/p>\n","protected":false},"excerpt":{"rendered":"<p>&#8220;Moorcock&#8217;\u0131 okuduktan sonra t\u00fcm hayat\u0131m de\u011fi\u015fti.&#8221;- Neil Gaiman-&#8220;Bu hikayeler beni ve Moorcock&#8217;\u0131n \u0131\u015f\u0131l \u0131\u015f\u0131l ve tutsak edici a\u011f\u0131na yakaland\u0131\u011f\u0131n\u0131 bildi\u011fim pek \u00e7ok hayran\u0131 ilk kez kendine<span class=\"excerpt-hellip\"> [\u2026]<\/span><\/p>\n","protected":false},"featured_media":0,"template":"","meta":{"_monsterinsights_skip_tracking":false,"_monsterinsights_sitenote_active":false,"_monsterinsights_sitenote_note":"","_monsterinsights_sitenote_category":0},"product_brand":[],"product_cat":[12291,14777],"product_tag":[],"class_list":{"0":"post-704392","1":"product","2":"type-product","3":"status-publish","5":"product_cat-edebiyat","6":"product_cat-fantastik","7":"pa_cilt-ciltsiz","8":"pa_tur-kitap","9":"pa_yayinevi-ithaki-yayinlari","10":"pa_yazar-michael-moorcock","12":"first","13":"instock","14":"sale","15":"shipping-taxable","16":"purchasable","17":"product-type-simple"},"_links":{"self":[{"href":"https:\/\/roveyayinevi.com.tr\/index.php\/wp-json\/wp\/v2\/product\/704392","targetHints":{"allow":["GET"]}}],"collection":[{"href":"https:\/\/roveyayinevi.com.tr\/index.php\/wp-json\/wp\/v2\/product"}],"about":[{"href":"https:\/\/roveyayinevi.com.tr\/index.php\/wp-json\/wp\/v2\/types\/product"}],"wp:attachment":[{"href":"https:\/\/roveyayinevi.com.tr\/index.php\/wp-json\/wp\/v2\/media?parent=704392"}],"wp:term":[{"taxonomy":"product_brand","embeddable":true,"href":"https:\/\/roveyayinevi.com.tr\/index.php\/wp-json\/wp\/v2\/product_brand?post=704392"},{"taxonomy":"product_cat","embeddable":true,"href":"https:\/\/roveyayinevi.com.tr\/index.php\/wp-json\/wp\/v2\/product_cat?post=704392"},{"taxonomy":"product_tag","embeddable":true,"href":"https:\/\/roveyayinevi.com.tr\/index.php\/wp-json\/wp\/v2\/product_tag?post=704392"}],"curies":[{"name":"wp","href":"https:\/\/api.w.org\/{rel}","templated":true}]}}