{"id":704371,"date":"2025-08-27T15:34:39","date_gmt":"2025-08-27T12:34:39","guid":{"rendered":"https:\/\/roveyayinevi.com.tr\/index.php\/urun\/yol-ayrimindaki-turkiye\/"},"modified":"2026-04-16T02:13:25","modified_gmt":"2026-04-15T23:13:25","slug":"yol-ayrimindaki-turkiye","status":"publish","type":"product","link":"https:\/\/roveyayinevi.com.tr\/index.php\/urun\/yol-ayrimindaki-turkiye\/","title":{"rendered":"Yol Ayr\u0131m\u0131ndaki T\u00fcrkiye"},"content":{"rendered":"<p>Bir \u00fclkeyi, bir toplumu anlaman\u0131n en iyi yolu, \u00f6teki \u00fclkelerle, \u00f6teki toplumlarla kar\u015f\u0131la\u015ft\u0131rmakt\u0131r. \u00c7\u00fcnk\u00fc d\u00fcnyay\u0131 birlikte payla\u015ft\u0131\u011f\u0131m\u0131z, \u00e7a\u011f\u0131 birlikte ya\u015fad\u0131\u011f\u0131m\u0131z k\u00fclt\u00fcrleri anlamadan, kendimizi anlamak m\u00fcmk\u00fcn de\u011fildir. O zaman da say\u0131lar girer devreye, rakamlar b\u00fct\u00fcn ayr\u0131nt\u0131lar\u0131yla kendi hakikatimizi d\u00f6ker g\u00f6zler \u00f6n\u00fcne. Sel\u00e7uk \u015eirin, bu \u00f6nemli \u00e7al\u0131\u015fmas\u0131nda verilerle, k\u0131yaslamalarla, deneyimlemelerle \u00fclkemizin \u00e7arp\u0131c\u0131 bir foto\u011fraf\u0131n\u0131 sunuyor bize. D\u00fc\u015f\u00fcnmek, anlamak ve de\u011fi\u015ftirmek i\u00e7in&#8230; \ufffcTan\u0131t\u0131m Metni<\/p>\n","protected":false},"excerpt":{"rendered":"<p>Bir \u00fclkeyi, bir toplumu anlaman\u0131n en iyi yolu, \u00f6teki \u00fclkelerle, \u00f6teki toplumlarla kar\u015f\u0131la\u015ft\u0131rmakt\u0131r. \u00c7\u00fcnk\u00fc d\u00fcnyay\u0131 birlikte payla\u015ft\u0131\u011f\u0131m\u0131z, \u00e7a\u011f\u0131 birlikte ya\u015fad\u0131\u011f\u0131m\u0131z k\u00fclt\u00fcrleri anlamadan, kendimizi anlamak m\u00fcmk\u00fcn de\u011fildir.<span class=\"excerpt-hellip\"> [\u2026]<\/span><\/p>\n","protected":false},"featured_media":0,"template":"","meta":{"_monsterinsights_skip_tracking":false,"_monsterinsights_sitenote_active":false,"_monsterinsights_sitenote_note":"","_monsterinsights_sitenote_category":0},"product_brand":[],"product_cat":[13590,12337],"product_tag":[],"class_list":{"0":"post-704371","1":"product","2":"type-product","3":"status-publish","5":"product_cat-arastirma-inceleme-politika-siyaset","6":"product_cat-politika-siyaset","7":"pa_cilt-ciltsiz","8":"pa_tur-kitap","9":"pa_yayinevi-dogan-kitap","10":"pa_yazar-selcuk-r-sirin","12":"first","13":"instock","14":"sale","15":"shipping-taxable","16":"purchasable","17":"product-type-simple"},"_links":{"self":[{"href":"https:\/\/roveyayinevi.com.tr\/index.php\/wp-json\/wp\/v2\/product\/704371","targetHints":{"allow":["GET"]}}],"collection":[{"href":"https:\/\/roveyayinevi.com.tr\/index.php\/wp-json\/wp\/v2\/product"}],"about":[{"href":"https:\/\/roveyayinevi.com.tr\/index.php\/wp-json\/wp\/v2\/types\/product"}],"wp:attachment":[{"href":"https:\/\/roveyayinevi.com.tr\/index.php\/wp-json\/wp\/v2\/media?parent=704371"}],"wp:term":[{"taxonomy":"product_brand","embeddable":true,"href":"https:\/\/roveyayinevi.com.tr\/index.php\/wp-json\/wp\/v2\/product_brand?post=704371"},{"taxonomy":"product_cat","embeddable":true,"href":"https:\/\/roveyayinevi.com.tr\/index.php\/wp-json\/wp\/v2\/product_cat?post=704371"},{"taxonomy":"product_tag","embeddable":true,"href":"https:\/\/roveyayinevi.com.tr\/index.php\/wp-json\/wp\/v2\/product_tag?post=704371"}],"curies":[{"name":"wp","href":"https:\/\/api.w.org\/{rel}","templated":true}]}}