{"id":704370,"date":"2025-08-27T15:34:38","date_gmt":"2025-08-27T12:34:38","guid":{"rendered":"https:\/\/roveyayinevi.com.tr\/index.php\/urun\/ana-4\/"},"modified":"2026-04-16T02:13:25","modified_gmt":"2026-04-15T23:13:25","slug":"ana-4","status":"publish","type":"product","link":"https:\/\/roveyayinevi.com.tr\/index.php\/urun\/ana-4\/","title":{"rendered":"Ana"},"content":{"rendered":"<p>Boynundan s\u0131rt\u0131ndan itiyorlard\u0131. Sa\u011f\u0131r olmu\u015f gibiydi, solu\u011fu t\u0131kan\u0131yordu. Derman\u0131 kesiliyordu. Ama g\u00f6zleri hala \u00e7akmak \u00e7akmakt\u0131. \u00c7evresinde yi\u011fit\u00e7e parlayan bir s\u00fcr\u00fc ba\u015fka g\u00f6ze tak\u0131l\u0131yordu. Bu par\u0131lt\u0131y\u0131 iyi bilirdi ve severdi de. Kap\u0131ya do\u011fru ittiler onu. Bir elini kurtar\u0131p pervaz\u0131 yakalad\u0131. As\u0131ld\u0131, direndi: <\/p>\n","protected":false},"excerpt":{"rendered":"<p>Boynundan s\u0131rt\u0131ndan itiyorlard\u0131. Sa\u011f\u0131r olmu\u015f gibiydi, solu\u011fu t\u0131kan\u0131yordu. Derman\u0131 kesiliyordu. Ama g\u00f6zleri hala \u00e7akmak \u00e7akmakt\u0131. \u00c7evresinde yi\u011fit\u00e7e parlayan bir s\u00fcr\u00fc ba\u015fka g\u00f6ze tak\u0131l\u0131yordu. Bu par\u0131lt\u0131y\u0131 iyi<span class=\"excerpt-hellip\"> [\u2026]<\/span><\/p>\n","protected":false},"featured_media":0,"template":"","meta":{"_monsterinsights_skip_tracking":false,"_monsterinsights_sitenote_active":false,"_monsterinsights_sitenote_note":"","_monsterinsights_sitenote_category":0},"product_brand":[],"product_cat":[12291,13570],"product_tag":[],"class_list":{"0":"post-704370","1":"product","2":"type-product","3":"status-publish","5":"product_cat-edebiyat","6":"product_cat-rus-edebiyati","7":"pa_tur-kitap","8":"pa_yayinevi-seruven-kitap","9":"pa_yazar-maksim-gorki","11":"first","12":"instock","13":"sale","14":"shipping-taxable","15":"purchasable","16":"product-type-simple"},"_links":{"self":[{"href":"https:\/\/roveyayinevi.com.tr\/index.php\/wp-json\/wp\/v2\/product\/704370","targetHints":{"allow":["GET"]}}],"collection":[{"href":"https:\/\/roveyayinevi.com.tr\/index.php\/wp-json\/wp\/v2\/product"}],"about":[{"href":"https:\/\/roveyayinevi.com.tr\/index.php\/wp-json\/wp\/v2\/types\/product"}],"wp:attachment":[{"href":"https:\/\/roveyayinevi.com.tr\/index.php\/wp-json\/wp\/v2\/media?parent=704370"}],"wp:term":[{"taxonomy":"product_brand","embeddable":true,"href":"https:\/\/roveyayinevi.com.tr\/index.php\/wp-json\/wp\/v2\/product_brand?post=704370"},{"taxonomy":"product_cat","embeddable":true,"href":"https:\/\/roveyayinevi.com.tr\/index.php\/wp-json\/wp\/v2\/product_cat?post=704370"},{"taxonomy":"product_tag","embeddable":true,"href":"https:\/\/roveyayinevi.com.tr\/index.php\/wp-json\/wp\/v2\/product_tag?post=704370"}],"curies":[{"name":"wp","href":"https:\/\/api.w.org\/{rel}","templated":true}]}}