{"id":704369,"date":"2025-08-27T15:34:38","date_gmt":"2025-08-27T12:34:38","guid":{"rendered":"https:\/\/roveyayinevi.com.tr\/index.php\/urun\/imkansizin-sarkisi\/"},"modified":"2026-04-16T02:13:25","modified_gmt":"2026-04-15T23:13:25","slug":"imkansizin-sarkisi","status":"publish","type":"product","link":"https:\/\/roveyayinevi.com.tr\/index.php\/urun\/imkansizin-sarkisi\/","title":{"rendered":"\u0130mkans\u0131z\u0131n \u015eark\u0131s\u0131"},"content":{"rendered":"<p>Bir yolculuk s\u0131ras\u0131nda Beatles\u2019\u0131n \u201cNorwegian Wood\u201d adl\u0131 par\u00e7as\u0131n\u0131 duyan kahraman\u0131m\u0131z 37 ya\u015f\u0131ndad\u0131r ve bu par\u00e7a onu Tokyo\u2019da ge\u00e7irdi\u011fi \u00fcniversite y\u0131llar\u0131na g\u00f6t\u00fcrecektir. En yak\u0131n arkada\u015f\u0131n\u0131n intihar edi\u015fi, ge\u00e7en zaman\u0131n ard\u0131ndan onun k\u0131z arkada\u015f\u0131yla yak\u0131nla\u015fmas\u0131, araya giren zorunlu ayr\u0131l\u0131k ve yeni bir k\u0131z arkada\u015f. \u201c\u0130mkans\u0131z\u0131n \u015eark\u0131s\u0131\u201d yal\u0131n, \u00e7arp\u0131c\u0131 ve s\u0131cak bir a\u015fk hik\u00e2yesini anlat\u0131yor. Yazar\u0131 Haruki Murakami Japon edebiyat\u0131n\u0131n ayk\u0131r\u0131, ama en \u00e7ok okunan yazar\u0131. Japon geleneklerinin d\u0131\u015f\u0131nda geli\u015ftirdi\u011fi \u00fcslubuyla ad\u0131ndan \u00e7ok s\u00f6z ettiren Murakami\u2019yi d\u00fcnyaya tan\u0131tan roman \u201c\u0130mkans\u0131z\u0131n \u015eark\u0131s\u0131\u201d.<\/p>\n","protected":false},"excerpt":{"rendered":"<p>Bir yolculuk s\u0131ras\u0131nda Beatles\u2019\u0131n \u201cNorwegian Wood\u201d adl\u0131 par\u00e7as\u0131n\u0131 duyan kahraman\u0131m\u0131z 37 ya\u015f\u0131ndad\u0131r ve bu par\u00e7a onu Tokyo\u2019da ge\u00e7irdi\u011fi \u00fcniversite y\u0131llar\u0131na g\u00f6t\u00fcrecektir. En yak\u0131n arkada\u015f\u0131n\u0131n intihar edi\u015fi,<span class=\"excerpt-hellip\"> [\u2026]<\/span><\/p>\n","protected":false},"featured_media":0,"template":"","meta":{"_monsterinsights_skip_tracking":false,"_monsterinsights_sitenote_active":false,"_monsterinsights_sitenote_note":"","_monsterinsights_sitenote_category":0},"product_brand":[],"product_cat":[12291,12711],"product_tag":[],"class_list":{"0":"post-704369","1":"product","2":"type-product","3":"status-publish","5":"product_cat-edebiyat","6":"product_cat-roman-oyku","7":"pa_cilt-ciltsiz","8":"pa_tur-kitap","9":"pa_yayinevi-dogan-kitap","10":"pa_yazar-haruki-murakami","12":"first","13":"instock","14":"sale","15":"shipping-taxable","16":"purchasable","17":"product-type-simple"},"_links":{"self":[{"href":"https:\/\/roveyayinevi.com.tr\/index.php\/wp-json\/wp\/v2\/product\/704369","targetHints":{"allow":["GET"]}}],"collection":[{"href":"https:\/\/roveyayinevi.com.tr\/index.php\/wp-json\/wp\/v2\/product"}],"about":[{"href":"https:\/\/roveyayinevi.com.tr\/index.php\/wp-json\/wp\/v2\/types\/product"}],"wp:attachment":[{"href":"https:\/\/roveyayinevi.com.tr\/index.php\/wp-json\/wp\/v2\/media?parent=704369"}],"wp:term":[{"taxonomy":"product_brand","embeddable":true,"href":"https:\/\/roveyayinevi.com.tr\/index.php\/wp-json\/wp\/v2\/product_brand?post=704369"},{"taxonomy":"product_cat","embeddable":true,"href":"https:\/\/roveyayinevi.com.tr\/index.php\/wp-json\/wp\/v2\/product_cat?post=704369"},{"taxonomy":"product_tag","embeddable":true,"href":"https:\/\/roveyayinevi.com.tr\/index.php\/wp-json\/wp\/v2\/product_tag?post=704369"}],"curies":[{"name":"wp","href":"https:\/\/api.w.org\/{rel}","templated":true}]}}