{"id":704362,"date":"2025-08-27T15:34:35","date_gmt":"2025-08-27T12:34:35","guid":{"rendered":"https:\/\/roveyayinevi.com.tr\/index.php\/urun\/osmanli-padisahlari\/"},"modified":"2026-04-16T02:13:25","modified_gmt":"2026-04-15T23:13:25","slug":"osmanli-padisahlari","status":"publish","type":"product","link":"https:\/\/roveyayinevi.com.tr\/index.php\/urun\/osmanli-padisahlari\/","title":{"rendered":"Osmanl\u0131 Padi\u015fahlar\u0131"},"content":{"rendered":"<p>Osman Gazi\u2019den Sultan Vahideddin\u2019e y\u00fczy\u0131llarca Osmanl\u0131 \u0130mparatorlu\u011fu\u2019na h\u00fckmeden anl\u0131 \u015fanl\u0131 padi\u015fahlar\u2026 Sava\u015f meydanlar\u0131nda, sefer yollar\u0131nda, sarayda, k\u0131l\u0131\u00e7la, zehirle, cellat eliyle biten saltanat hik\u00e2yeleri\u2026 <\/p>\n","protected":false},"excerpt":{"rendered":"<p>Osman Gazi\u2019den Sultan Vahideddin\u2019e y\u00fczy\u0131llarca Osmanl\u0131 \u0130mparatorlu\u011fu\u2019na h\u00fckmeden anl\u0131 \u015fanl\u0131 padi\u015fahlar\u2026 Sava\u015f meydanlar\u0131nda, sefer yollar\u0131nda, sarayda, k\u0131l\u0131\u00e7la, zehirle, cellat eliyle biten saltanat hik\u00e2yeleri\u2026<\/p>\n","protected":false},"featured_media":0,"template":"","meta":{"_monsterinsights_skip_tracking":false,"_monsterinsights_sitenote_active":false,"_monsterinsights_sitenote_note":"","_monsterinsights_sitenote_category":0},"product_brand":[],"product_cat":[13517,12304],"product_tag":[],"class_list":{"0":"post-704362","1":"product","2":"type-product","3":"status-publish","5":"product_cat-osmanli-tarihi","6":"product_cat-tarih","7":"pa_cilt-ciltsiz","8":"pa_tur-kitap","9":"pa_yayinevi-dogan-kitap","10":"pa_yazar-resad-ekrem-kocu","12":"first","13":"instock","14":"sale","15":"shipping-taxable","16":"purchasable","17":"product-type-simple"},"_links":{"self":[{"href":"https:\/\/roveyayinevi.com.tr\/index.php\/wp-json\/wp\/v2\/product\/704362","targetHints":{"allow":["GET"]}}],"collection":[{"href":"https:\/\/roveyayinevi.com.tr\/index.php\/wp-json\/wp\/v2\/product"}],"about":[{"href":"https:\/\/roveyayinevi.com.tr\/index.php\/wp-json\/wp\/v2\/types\/product"}],"wp:attachment":[{"href":"https:\/\/roveyayinevi.com.tr\/index.php\/wp-json\/wp\/v2\/media?parent=704362"}],"wp:term":[{"taxonomy":"product_brand","embeddable":true,"href":"https:\/\/roveyayinevi.com.tr\/index.php\/wp-json\/wp\/v2\/product_brand?post=704362"},{"taxonomy":"product_cat","embeddable":true,"href":"https:\/\/roveyayinevi.com.tr\/index.php\/wp-json\/wp\/v2\/product_cat?post=704362"},{"taxonomy":"product_tag","embeddable":true,"href":"https:\/\/roveyayinevi.com.tr\/index.php\/wp-json\/wp\/v2\/product_tag?post=704362"}],"curies":[{"name":"wp","href":"https:\/\/api.w.org\/{rel}","templated":true}]}}