{"id":704346,"date":"2025-08-27T15:34:28","date_gmt":"2025-08-27T12:34:28","guid":{"rendered":"https:\/\/roveyayinevi.com.tr\/index.php\/urun\/anneannemin-gramofonu\/"},"modified":"2026-04-16T02:13:25","modified_gmt":"2026-04-15T23:13:25","slug":"anneannemin-gramofonu","status":"publish","type":"product","link":"https:\/\/roveyayinevi.com.tr\/index.php\/urun\/anneannemin-gramofonu\/","title":{"rendered":"Anneannemin Gramofonu"},"content":{"rendered":"<p>Anneannemizin maceralar\u0131, bu kitaptaki alt\u0131 \u00f6yk\u00fcyle s\u00fcr\u00fcyor. Hikmet Teyze neler yap\u0131yor neler!.. Ne\u015felenmek ve bu sevimli insan\u0131n \u00e7evresine sa\u00e7t\u0131\u011f\u0131 enerjiden pay\u0131n\u0131z\u0131 almak i\u00e7in tek yapman\u0131z gereken okumak. *** Renkli \u00e7izimlerle yenilenen Anneannemin Ak\u0131l Almaz Maceralar\u0131 serisi, kitapl\u0131\u011f\u0131n\u0131zda yer almaya haz\u0131r. <\/p>\n","protected":false},"excerpt":{"rendered":"<p>Anneannemizin maceralar\u0131, bu kitaptaki alt\u0131 \u00f6yk\u00fcyle s\u00fcr\u00fcyor. Hikmet Teyze neler yap\u0131yor neler!.. Ne\u015felenmek ve bu sevimli insan\u0131n \u00e7evresine sa\u00e7t\u0131\u011f\u0131 enerjiden pay\u0131n\u0131z\u0131 almak i\u00e7in tek yapman\u0131z gereken<span class=\"excerpt-hellip\"> [\u2026]<\/span><\/p>\n","protected":false},"featured_media":0,"template":"","meta":{"_monsterinsights_skip_tracking":false,"_monsterinsights_sitenote_active":false,"_monsterinsights_sitenote_note":"","_monsterinsights_sitenote_category":0},"product_brand":[],"product_cat":[12275,12274],"product_tag":[],"class_list":{"0":"post-704346","1":"product","2":"type-product","3":"status-publish","5":"product_cat-6-12-yas-kitaplari","6":"product_cat-cocuk-ve-genclik-kitaplari","7":"pa_cilt-ciltsiz","8":"pa_tur-kitap","9":"pa_yayinevi-bilgi-yayinevi-cocuk","10":"pa_yazar-muzaffer-izgu","12":"first","13":"instock","14":"sale","15":"shipping-taxable","16":"purchasable","17":"product-type-simple"},"_links":{"self":[{"href":"https:\/\/roveyayinevi.com.tr\/index.php\/wp-json\/wp\/v2\/product\/704346","targetHints":{"allow":["GET"]}}],"collection":[{"href":"https:\/\/roveyayinevi.com.tr\/index.php\/wp-json\/wp\/v2\/product"}],"about":[{"href":"https:\/\/roveyayinevi.com.tr\/index.php\/wp-json\/wp\/v2\/types\/product"}],"wp:attachment":[{"href":"https:\/\/roveyayinevi.com.tr\/index.php\/wp-json\/wp\/v2\/media?parent=704346"}],"wp:term":[{"taxonomy":"product_brand","embeddable":true,"href":"https:\/\/roveyayinevi.com.tr\/index.php\/wp-json\/wp\/v2\/product_brand?post=704346"},{"taxonomy":"product_cat","embeddable":true,"href":"https:\/\/roveyayinevi.com.tr\/index.php\/wp-json\/wp\/v2\/product_cat?post=704346"},{"taxonomy":"product_tag","embeddable":true,"href":"https:\/\/roveyayinevi.com.tr\/index.php\/wp-json\/wp\/v2\/product_tag?post=704346"}],"curies":[{"name":"wp","href":"https:\/\/api.w.org\/{rel}","templated":true}]}}