{"id":704334,"date":"2025-08-27T15:34:23","date_gmt":"2025-08-27T12:34:23","guid":{"rendered":"https:\/\/roveyayinevi.com.tr\/index.php\/urun\/eczanede-beden-dili\/"},"modified":"2025-10-23T03:42:09","modified_gmt":"2025-10-23T00:42:09","slug":"eczanede-beden-dili","status":"publish","type":"product","link":"https:\/\/roveyayinevi.com.tr\/index.php\/urun\/eczanede-beden-dili\/","title":{"rendered":"Eczanede Beden Dili"},"content":{"rendered":"<p>\u00c7o\u011fu e\u011fitimlerde bana hastalar\u0131n eczaneden ka\u00e7\u0131\u015flar\u0131n\u0131n muayene \u00fccretini vermemek i\u00e7in oldu\u011funu s\u00f6yler dururlar. Oysa ger\u00e7ek neden bu de\u011fildir. Sizin eczanenizi \u00fc\u00e7 liral\u0131k bir muayene \u00fccreti i\u00e7in terk eden hastalar\u0131n oran\u0131 san\u0131r\u0131m %10 \u2013 15 i ge\u00e7miyordur. As\u0131l neden ise art\u0131k artan rekabet ortam\u0131nda bir ba\u015fka eczane ekibinin di\u011ferine g\u00f6re farkl\u0131la\u015fmas\u0131 olarak kar\u015f\u0131m\u0131za \u00e7\u0131kmaktad\u0131r.Eczane \u00e7al\u0131\u015fmalar\u0131mda en \u00e7ok \u00fczerinde durmak zorunda kald\u0131\u011f\u0131m konu, ileti\u015fim dolay\u0131s\u0131 ile beden dili kullan\u0131m\u0131d\u0131r. \u0130nsan ne s\u00f6yledi\u011finizden \u00e7ok nas\u0131l s\u00f6yledi\u011finiz ile ilgilenir. G\u00fcn i\u00e7inde yorgunluk ve yo\u011funluk sebebiyle en kolay atlad\u0131\u011f\u0131m\u0131z konudur bu. Oysa i\u00e7eri giren hastan\u0131z\u0131 g\u00fclery\u00fczle kar\u015f\u0131lad\u0131\u011f\u0131n\u0131zda olas\u0131 her t\u00fcrl\u00fc \u00e7at\u0131\u015fman\u0131n da \u00f6n\u00fcne ge\u00e7mi\u015f olursunuz.Zihnin en kolay alg\u0131lad\u0131\u011f\u0131 ileti\u015fim modelinin keyifli yanlar\u0131n\u0131 asla g\u00f6zden ka\u00e7\u0131rmamal\u0131s\u0131n\u0131z. Zihin ne s\u00f6yledi\u011finizden daha \u00e7ok nas\u0131l s\u00f6yledi\u011finizle ilgilenir. <\/p>\n","protected":false},"excerpt":{"rendered":"<p>\u00c7o\u011fu e\u011fitimlerde bana hastalar\u0131n eczaneden ka\u00e7\u0131\u015flar\u0131n\u0131n muayene \u00fccretini vermemek i\u00e7in oldu\u011funu s\u00f6yler dururlar. Oysa ger\u00e7ek neden bu de\u011fildir. Sizin eczanenizi \u00fc\u00e7 liral\u0131k bir muayene \u00fccreti i\u00e7in<span class=\"excerpt-hellip\"> [\u2026]<\/span><\/p>\n","protected":false},"featured_media":0,"template":"","meta":{"_monsterinsights_skip_tracking":false,"_monsterinsights_sitenote_active":false,"_monsterinsights_sitenote_note":"","_monsterinsights_sitenote_category":0},"product_brand":[],"product_cat":[12364,12376],"product_tag":[],"class_list":{"0":"post-704334","1":"product","2":"type-product","3":"status-publish","5":"product_cat-genel-konular","6":"product_cat-kisisel-gelisim","7":"pa_cilt-ciltsiz","8":"pa_tur-kitap","9":"pa_yayinevi-arti-farma","10":"pa_yazar-faruk-nalbantoglu","12":"first","13":"instock","14":"sale","15":"shipping-taxable","16":"purchasable","17":"product-type-simple"},"_links":{"self":[{"href":"https:\/\/roveyayinevi.com.tr\/index.php\/wp-json\/wp\/v2\/product\/704334","targetHints":{"allow":["GET"]}}],"collection":[{"href":"https:\/\/roveyayinevi.com.tr\/index.php\/wp-json\/wp\/v2\/product"}],"about":[{"href":"https:\/\/roveyayinevi.com.tr\/index.php\/wp-json\/wp\/v2\/types\/product"}],"wp:attachment":[{"href":"https:\/\/roveyayinevi.com.tr\/index.php\/wp-json\/wp\/v2\/media?parent=704334"}],"wp:term":[{"taxonomy":"product_brand","embeddable":true,"href":"https:\/\/roveyayinevi.com.tr\/index.php\/wp-json\/wp\/v2\/product_brand?post=704334"},{"taxonomy":"product_cat","embeddable":true,"href":"https:\/\/roveyayinevi.com.tr\/index.php\/wp-json\/wp\/v2\/product_cat?post=704334"},{"taxonomy":"product_tag","embeddable":true,"href":"https:\/\/roveyayinevi.com.tr\/index.php\/wp-json\/wp\/v2\/product_tag?post=704334"}],"curies":[{"name":"wp","href":"https:\/\/api.w.org\/{rel}","templated":true}]}}