{"id":704332,"date":"2025-08-27T15:34:23","date_gmt":"2025-08-27T12:34:23","guid":{"rendered":"https:\/\/roveyayinevi.com.tr\/index.php\/urun\/dijital-fotografta-pratik-cekim-teknikleri-1-gece-fotograflari-nasil-cekilir\/"},"modified":"2026-04-16T02:13:24","modified_gmt":"2026-04-15T23:13:24","slug":"dijital-fotografta-pratik-cekim-teknikleri-1-gece-fotograflari-nasil-cekilir","status":"publish","type":"product","link":"https:\/\/roveyayinevi.com.tr\/index.php\/urun\/dijital-fotografta-pratik-cekim-teknikleri-1-gece-fotograflari-nasil-cekilir\/","title":{"rendered":"Dijital Foto\u011frafta Pratik \u00c7ekim Teknikleri 1 : Gece Foto\u011fraflar\u0131 Nas\u0131l \u00c7ekilir?"},"content":{"rendered":"<p>Foto\u011fraf\u00e7\u0131l\u0131kta en \u00e7ok arzu edilen farkl\u0131 anlar\u0131 \u00f6l\u00fcms\u00fczle\u015ftirmektir. Fantastik foto\u011fraf teknikleri sayesinde hem profesyonel hem de amat\u00f6r foto\u011fraf\u00e7\u0131lar bir\u00e7ok \u00e7arp\u0131c\u0131 kareye imza atm\u0131\u015flard\u0131r ve atmay\u0131 da s\u00fcrd\u00fcrmektedirler. Fantastik foto\u011fraf teknikleri i\u00e7inde en \u00e7ok tercih edilen de gece foto\u011fraflar\u0131d\u0131r. K\u0131sa bir zaman i\u00e7inde farkl\u0131 \u0131\u015f\u0131k tonlar\u0131yla en g\u00fczel kadraj\u0131 yakalay\u0131p deklan\u015f\u00f6re basmak asl\u0131nda san\u0131ld\u0131\u011f\u0131 kadar kolay ve yeterli de\u011fildir. <\/p>\n","protected":false},"excerpt":{"rendered":"<p>Foto\u011fraf\u00e7\u0131l\u0131kta en \u00e7ok arzu edilen farkl\u0131 anlar\u0131 \u00f6l\u00fcms\u00fczle\u015ftirmektir. Fantastik foto\u011fraf teknikleri sayesinde hem profesyonel hem de amat\u00f6r foto\u011fraf\u00e7\u0131lar bir\u00e7ok \u00e7arp\u0131c\u0131 kareye imza atm\u0131\u015flard\u0131r ve atmay\u0131 da<span class=\"excerpt-hellip\"> [\u2026]<\/span><\/p>\n","protected":false},"featured_media":0,"template":"","meta":{"_monsterinsights_skip_tracking":false,"_monsterinsights_sitenote_active":false,"_monsterinsights_sitenote_note":"","_monsterinsights_sitenote_category":0},"product_brand":[],"product_cat":[12409,12408],"product_tag":[],"class_list":{"0":"post-704332","1":"product","2":"type-product","3":"status-publish","5":"product_cat-fotograf-sinema-tiyatro","6":"product_cat-sanat","7":"pa_cilt-ciltsiz","8":"pa_tur-kitap","9":"pa_yayinevi-inkilap-kitabevi","10":"pa_yazar-ozer-kanburoglu","12":"first","13":"instock","14":"sale","15":"shipping-taxable","16":"purchasable","17":"product-type-simple"},"_links":{"self":[{"href":"https:\/\/roveyayinevi.com.tr\/index.php\/wp-json\/wp\/v2\/product\/704332","targetHints":{"allow":["GET"]}}],"collection":[{"href":"https:\/\/roveyayinevi.com.tr\/index.php\/wp-json\/wp\/v2\/product"}],"about":[{"href":"https:\/\/roveyayinevi.com.tr\/index.php\/wp-json\/wp\/v2\/types\/product"}],"wp:attachment":[{"href":"https:\/\/roveyayinevi.com.tr\/index.php\/wp-json\/wp\/v2\/media?parent=704332"}],"wp:term":[{"taxonomy":"product_brand","embeddable":true,"href":"https:\/\/roveyayinevi.com.tr\/index.php\/wp-json\/wp\/v2\/product_brand?post=704332"},{"taxonomy":"product_cat","embeddable":true,"href":"https:\/\/roveyayinevi.com.tr\/index.php\/wp-json\/wp\/v2\/product_cat?post=704332"},{"taxonomy":"product_tag","embeddable":true,"href":"https:\/\/roveyayinevi.com.tr\/index.php\/wp-json\/wp\/v2\/product_tag?post=704332"}],"curies":[{"name":"wp","href":"https:\/\/api.w.org\/{rel}","templated":true}]}}