{"id":704320,"date":"2025-08-27T15:34:18","date_gmt":"2025-08-27T12:34:18","guid":{"rendered":"https:\/\/roveyayinevi.com.tr\/index.php\/urun\/ailede-ve-okulda-degerler-egitimi\/"},"modified":"2026-04-16T02:13:24","modified_gmt":"2026-04-15T23:13:24","slug":"ailede-ve-okulda-degerler-egitimi","status":"publish","type":"product","link":"https:\/\/roveyayinevi.com.tr\/index.php\/urun\/ailede-ve-okulda-degerler-egitimi\/","title":{"rendered":"Ailede ve Okulda De\u011ferler E\u011fitimi"},"content":{"rendered":"<p>E\u011fitim belirlenen ama\u00e7lar do\u011frultusunda bireyi yeti\u015ftirme s\u00fcreci olarak tan\u0131mlanabilir. Bu s\u00fcre\u00e7te kazan\u0131lan bilgi, beceri, tutum ve de\u011ferler, bireyin karakterini farkl\u0131la\u015ft\u0131r\u0131r. Karakteri geli\u015fen, bilgi ve beceriler ile donat\u0131lan birey ise, toplumsal yap\u0131 \u00fczerinde olumlu de\u011fi\u015fmeler meydana getirir. Bu durum ise, temel de\u011ferlerin aileye ve \u00e7ocuklara, bir ba\u015fka y\u00f6n\u00fcyle de \u00f6\u011frencilere kazand\u0131r\u0131lmas\u0131 ile m\u00fcmk\u00fcn olabilir. <\/p>\n","protected":false},"excerpt":{"rendered":"<p>E\u011fitim belirlenen ama\u00e7lar do\u011frultusunda bireyi yeti\u015ftirme s\u00fcreci olarak tan\u0131mlanabilir. Bu s\u00fcre\u00e7te kazan\u0131lan bilgi, beceri, tutum ve de\u011ferler, bireyin karakterini farkl\u0131la\u015ft\u0131r\u0131r. Karakteri geli\u015fen, bilgi ve beceriler ile<span class=\"excerpt-hellip\"> [\u2026]<\/span><\/p>\n","protected":false},"featured_media":0,"template":"","meta":{"_monsterinsights_skip_tracking":false,"_monsterinsights_sitenote_active":false,"_monsterinsights_sitenote_note":"","_monsterinsights_sitenote_category":0},"product_brand":[],"product_cat":[12831,12324],"product_tag":[],"class_list":{"0":"post-704320","1":"product","2":"type-product","3":"status-publish","5":"product_cat-aile-ve-cocuk","6":"product_cat-sosyoloji","7":"pa_tur-kitap","8":"pa_yayinevi-zafer-yayinlari","9":"pa_yazar-ali-cankirili","11":"first","12":"instock","13":"sale","14":"shipping-taxable","15":"purchasable","16":"product-type-simple"},"_links":{"self":[{"href":"https:\/\/roveyayinevi.com.tr\/index.php\/wp-json\/wp\/v2\/product\/704320","targetHints":{"allow":["GET"]}}],"collection":[{"href":"https:\/\/roveyayinevi.com.tr\/index.php\/wp-json\/wp\/v2\/product"}],"about":[{"href":"https:\/\/roveyayinevi.com.tr\/index.php\/wp-json\/wp\/v2\/types\/product"}],"wp:attachment":[{"href":"https:\/\/roveyayinevi.com.tr\/index.php\/wp-json\/wp\/v2\/media?parent=704320"}],"wp:term":[{"taxonomy":"product_brand","embeddable":true,"href":"https:\/\/roveyayinevi.com.tr\/index.php\/wp-json\/wp\/v2\/product_brand?post=704320"},{"taxonomy":"product_cat","embeddable":true,"href":"https:\/\/roveyayinevi.com.tr\/index.php\/wp-json\/wp\/v2\/product_cat?post=704320"},{"taxonomy":"product_tag","embeddable":true,"href":"https:\/\/roveyayinevi.com.tr\/index.php\/wp-json\/wp\/v2\/product_tag?post=704320"}],"curies":[{"name":"wp","href":"https:\/\/api.w.org\/{rel}","templated":true}]}}