{"id":704316,"date":"2025-08-27T15:34:16","date_gmt":"2025-08-27T12:34:16","guid":{"rendered":"https:\/\/roveyayinevi.com.tr\/index.php\/urun\/mimarlik-tarihi-nedir\/"},"modified":"2026-04-16T02:13:24","modified_gmt":"2026-04-15T23:13:24","slug":"mimarlik-tarihi-nedir","status":"publish","type":"product","link":"https:\/\/roveyayinevi.com.tr\/index.php\/urun\/mimarlik-tarihi-nedir\/","title":{"rendered":"Mimarl\u0131k Tarihi Nedir?"},"content":{"rendered":"<p>\u201cMimarl\u0131k tarihi nedir?\u201d 19. y\u00fczy\u0131l\u0131n sonundan itibaren k\u00fclt\u00fcrel tarih ve sanat tarihi bi\u00e7iminde yayg\u0131nl\u0131k kazanmaya ba\u015flayan modern akademik alan i\u00e7in sorulan bir soru. Bu soruyla birlikte, mimarl\u0131k tarihi \u00fczerine yazan ve mimarl\u0131k tarih\u00e7ilerinin \u00e7al\u0131\u015fmalar\u0131n\u0131 inceleyenlerin kar\u015f\u0131la\u015ft\u0131\u011f\u0131 kavramsal sorunlara Andrew Leach\u2019in incelikli \u00fcslubuyla bir giri\u015f yap\u0131l\u0131yor.<\/p>\n","protected":false},"excerpt":{"rendered":"<p>\u201cMimarl\u0131k tarihi nedir?\u201d 19. y\u00fczy\u0131l\u0131n sonundan itibaren k\u00fclt\u00fcrel tarih ve sanat tarihi bi\u00e7iminde yayg\u0131nl\u0131k kazanmaya ba\u015flayan modern akademik alan i\u00e7in sorulan bir soru. Bu soruyla birlikte,<span class=\"excerpt-hellip\"> [\u2026]<\/span><\/p>\n","protected":false},"featured_media":0,"template":"","meta":{"_monsterinsights_skip_tracking":false,"_monsterinsights_sitenote_active":false,"_monsterinsights_sitenote_note":"","_monsterinsights_sitenote_category":0},"product_brand":[],"product_cat":[12573,12566],"product_tag":[],"class_list":{"0":"post-704316","1":"product","2":"type-product","3":"status-publish","5":"product_cat-akademik-kitaplar","6":"product_cat-egitim","7":"pa_cilt-ciltsiz","8":"pa_tur-kitap","9":"pa_yayinevi-koc-universitesi-yayinlari","10":"pa_yazar-andrew-leach","12":"first","13":"instock","14":"sale","15":"shipping-taxable","16":"purchasable","17":"product-type-simple"},"_links":{"self":[{"href":"https:\/\/roveyayinevi.com.tr\/index.php\/wp-json\/wp\/v2\/product\/704316","targetHints":{"allow":["GET"]}}],"collection":[{"href":"https:\/\/roveyayinevi.com.tr\/index.php\/wp-json\/wp\/v2\/product"}],"about":[{"href":"https:\/\/roveyayinevi.com.tr\/index.php\/wp-json\/wp\/v2\/types\/product"}],"wp:attachment":[{"href":"https:\/\/roveyayinevi.com.tr\/index.php\/wp-json\/wp\/v2\/media?parent=704316"}],"wp:term":[{"taxonomy":"product_brand","embeddable":true,"href":"https:\/\/roveyayinevi.com.tr\/index.php\/wp-json\/wp\/v2\/product_brand?post=704316"},{"taxonomy":"product_cat","embeddable":true,"href":"https:\/\/roveyayinevi.com.tr\/index.php\/wp-json\/wp\/v2\/product_cat?post=704316"},{"taxonomy":"product_tag","embeddable":true,"href":"https:\/\/roveyayinevi.com.tr\/index.php\/wp-json\/wp\/v2\/product_tag?post=704316"}],"curies":[{"name":"wp","href":"https:\/\/api.w.org\/{rel}","templated":true}]}}